{"id":892,"date":"2014-06-07T22:40:14","date_gmt":"2014-06-07T22:40:14","guid":{"rendered":"https:\/\/estudioinesmoreno.com.ar\/estudio\/?post_type=testimonials&amp;p=892"},"modified":"2014-06-07T22:40:14","modified_gmt":"2014-06-07T22:40:14","slug":"universidad-costa-rica","status":"publish","type":"testimonio","link":"https:\/\/estudioinesmoreno.com.ar\/estudio\/testimonio\/universidad-costa-rica\/","title":{"rendered":"Universidad de Costa Rica"},"content":{"rendered":"<p>Saludos desde Costa Rica y desde la Escuela de Educaci\u00f3n F\u00edsica y Deportes de la Universidad de Costa Rica desde Costa Rica y desde la escuela de Educaci\u00f3n F\u00edsica y Deportes de la Universidad de Costa Rica. Sigo atentamente toda la informaci\u00f3n que env\u00edan y les felicito por promover de diferentes formas el estudio de la creatividad y su relaci\u00f3n con el movimiento. Este mensaje es una solicitud de informaci\u00f3n de los cursos intensivos que han programado para ir a capacitarse. Tambi\u00e9n podr\u00e1 concurrir la directora de nuestra Escuela Maureen Meneses quien est\u00e1 interesada en participar. Agradezco la informaci\u00f3n que me brinden. Gracias.<\/p>\n<p>Yamilerh Chac\u00f3n A.<\/p>\n<p>Profesora de la Universidad de Costa Rica.<\/p>\n","protected":false},"excerpt":{"rendered":"<p>Saludos desde Costa Rica y desde la Escuela de Educaci\u00f3n F\u00edsica y Deportes de la Universidad de Costa Rica desde Costa Rica y desde la escuela de Educaci\u00f3n F\u00edsica y Deportes de la Universidad de Costa Rica. Sigo atentamente toda la informaci\u00f3n que env\u00edan y les felicito por promover de diferentes formas el estudio de&hellip;<\/p>\n","protected":false},"template":"","class_list":["post-892","testimonio","type-testimonio","status-publish","has-post-thumbnail","hentry","description-off"],"_links":{"self":[{"href":"https:\/\/estudioinesmoreno.com.ar\/estudio\/wp-json\/wp\/v2\/testimonio\/892","targetHints":{"allow":["GET"]}}],"collection":[{"href":"https:\/\/estudioinesmoreno.com.ar\/estudio\/wp-json\/wp\/v2\/testimonio"}],"about":[{"href":"https:\/\/estudioinesmoreno.com.ar\/estudio\/wp-json\/wp\/v2\/types\/testimonio"}],"wp:featuredmedia":[{"embeddable":true,"href":"https:\/\/estudioinesmoreno.com.ar\/estudio\/wp-json\/"}],"wp:attachment":[{"href":"https:\/\/estudioinesmoreno.com.ar\/estudio\/wp-json\/wp\/v2\/media?parent=892"}],"curies":[{"name":"wp","href":"https:\/\/api.w.org\/{rel}","templated":true}]}}

<p>Saludos desde Costa Rica y desde la Escuela de Educación Física y Deportes de la Universidad de Costa Rica desde Costa Rica y desde la escuela de Educación Física y Deportes de la Universidad de Costa Rica. Sigo atentamente toda la información que envían y les felicito por promover de diferentes formas el estudio de la creatividad y su relación con el movimiento. Este mensaje es una solicitud de información de los cursos intensivos que han programado para ir a capacitarse. También podrá concurrir la directora de nuestra Escuela Maureen Meneses quien está interesada en participar. Agradezco la información que me brinden. Gracias.</p>
<p>Yamilerh Chacón A.</p>
<p>Profesora de la Universidad de Costa Rica.</p>

<p>Saludos desde Costa Rica y desde la Escuela de Educación Física y Deportes de la Universidad de Costa Rica desde Costa Rica y desde la escuela de Educación Física y Deportes de la Universidad de Costa Rica. Sigo atentamente toda la información que envían y les felicito por promover de diferentes formas el estudio de&hellip;</p>
