{"id":4939,"date":"2017-01-11T09:13:31","date_gmt":"2017-01-11T12:13:31","guid":{"rendered":"http:\/\/inesmoreno.com.ar\/estudio\/?post_type=dslc_testimonials&amp;p=4939"},"modified":"2017-01-11T09:13:31","modified_gmt":"2017-01-11T12:13:31","slug":"lia-caro-directora-de-una-buena-estrella-institucion-especializada-en-personas-con-capacidades-diferentes","status":"publish","type":"testimonio","link":"https:\/\/estudioinesmoreno.com.ar\/estudio\/testimonio\/lia-caro-directora-de-una-buena-estrella-institucion-especializada-en-personas-con-capacidades-diferentes\/","title":{"rendered":"L\u00cdA CARO &#8211; DIRECTORA de UNA BUENA ESTRELLA instituci\u00f3n especializada en personas con capacidades diferentes"},"content":{"rendered":"<p>En el estudio aprend\u00ed a \u00abDarme Cuenta\u00bb de mis conductas&#8230; primero como persona y luego como profesional ! Jugando, riendo, leyendo, sintiendo y PENSANDO!<\/p>\n<p>Lia caro<\/p>\n","protected":false},"excerpt":{"rendered":"<p>En el estudio aprend\u00ed a \u00abDarme Cuenta\u00bb de mis conductas&#8230; primero como persona y luego como profesional ! Jugando, riendo, leyendo, sintiendo y PENSANDO! Lia caro<\/p>\n","protected":false},"template":"","class_list":["post-4939","testimonio","type-testimonio","status-publish","hentry","description-off"],"_links":{"self":[{"href":"https:\/\/estudioinesmoreno.com.ar\/estudio\/wp-json\/wp\/v2\/testimonio\/4939","targetHints":{"allow":["GET"]}}],"collection":[{"href":"https:\/\/estudioinesmoreno.com.ar\/estudio\/wp-json\/wp\/v2\/testimonio"}],"about":[{"href":"https:\/\/estudioinesmoreno.com.ar\/estudio\/wp-json\/wp\/v2\/types\/testimonio"}],"wp:attachment":[{"href":"https:\/\/estudioinesmoreno.com.ar\/estudio\/wp-json\/wp\/v2\/media?parent=4939"}],"curies":[{"name":"wp","href":"https:\/\/api.w.org\/{rel}","templated":true}]}}

LÍA CARO &#8211; DIRECTORA de UNA BUENA ESTRELLA institución especializada en personas con capacidades diferentes

<p>En el estudio aprendí a «Darme Cuenta» de mis conductas&#8230; primero como persona y luego como profesional ! Jugando, riendo, leyendo, sintiendo y PENSANDO!</p>
<p>Lia caro</p>

<p>En el estudio aprendí a «Darme Cuenta» de mis conductas&#8230; primero como persona y luego como profesional ! Jugando, riendo, leyendo, sintiendo y PENSANDO! Lia caro</p>
