{"id":4932,"date":"2017-01-11T09:06:11","date_gmt":"2017-01-11T12:06:11","guid":{"rendered":"http:\/\/inesmoreno.com.ar\/estudio\/?post_type=dslc_testimonials&amp;p=4932"},"modified":"2017-01-11T09:06:11","modified_gmt":"2017-01-11T12:06:11","slug":"modesto-armendoy-desde-vitoria-capital-del-pais-vasco-espana","status":"publish","type":"testimonio","link":"https:\/\/estudioinesmoreno.com.ar\/estudio\/testimonio\/modesto-armendoy-desde-vitoria-capital-del-pais-vasco-espana\/","title":{"rendered":"MODESTO ARMENDOY desde VITORIA &#8211; CAPITAL DEL PAIS VASCO &#8211; ESPA\u00d1A"},"content":{"rendered":"<p>Hola In\u00e9s, seguimos acord\u00e1ndonos de lo aprendido junto a ti y seguimos recordando lo disfrutado a tu lado. Te deseo lo mejor para el a\u00f1o que viene y te adjunto el texto que he preparado para desear un a\u00f1o nuevo, aunque a\u00fan no he preparado el crisma.<\/p>\n<p>Un abrazo enorme desde Vitoria.<\/p>\n<p><strong>\u00bfQu\u00e9 le pedimos a un nuevo a\u00f1o?<\/strong><\/p>\n<p>&nbsp;<\/p>\n<p>Tiempo para celebrar lo bueno, tiempo para resta\u00f1ar las heridas, tiempo para compartir lo vivido, tiempo para so\u00f1ar futuros de colores\u2026 son 365 d\u00edas lo que nos da, d\u00edas que vendr\u00e1n con fr\u00edo y con calor, donde pasar\u00e1n otra vez las estaciones, se suceder\u00e1n\u00a0 a s\u00ed mismas como lo han hecho todos los a\u00f1os\u2026 somos nosotros los que tenemos que dar un sentido y significado nuevos a esa colecci\u00f3n de d\u00edas y momentos por vivir.<\/p>\n<p>&nbsp;<\/p>\n<p>No desperdiciar ni uno solo de esos 365 d\u00edas para ser lo que somos, para sentir como sentimos, para actuar con coherencia, para pensar con inteligencia y hacerlo todo en relaci\u00f3n, en un vivir compartido.<\/p>\n<p>&nbsp;<\/p>\n<p>No dejar ni uno solo de los 365 de querernos y querer, de so\u00f1ar\u2026 de juntar los recuerdos del pasado que nos ense\u00f1an desde la memoria, los momentos del presente que se nos van de las manos a poco que nos descuidemos y los sue\u00f1os de ese futuro que atisbamos entre los rayos del horizonte al que miramos.<\/p>\n<p>&nbsp;<\/p>\n<p>No cerrar los ojos, no callar lo que sentimos y pensamos, no dejar de paladear cada instante vivido, no dejar de escuchar las canciones que salen de dentro y las que llegan de los que nos rodean, oler los vientos que nos indican el camino\u2026 vivir en plenitud, en la plenitud que cada uno puede alcanzar.<\/p>\n<p>&nbsp;<\/p>\n<p><strong>Dos deseos para el nuevo a\u00f1o: <\/strong><\/p>\n<p>&nbsp;<\/p>\n<p>Que las heridas que nos deje no nos impidan avanzar hacia el futuro, ese futuro que es nuestro, que nos pertenece y al que no podemos dejar de mirar.<\/p>\n<p>&nbsp;<\/p>\n<p>Que las veces que celebremos las victorias y los triunfos, nos inunden de color el a\u00f1o y nos hagan desear otro a\u00f1o nuevo.<\/p>\n<p>Modesto<\/p>\n","protected":false},"excerpt":{"rendered":"<p>Hola In\u00e9s, seguimos acord\u00e1ndonos de lo aprendido junto a ti y seguimos recordando lo disfrutado a tu lado. Te deseo lo mejor para el a\u00f1o que viene y te adjunto el texto que he preparado para desear un a\u00f1o nuevo, aunque a\u00fan no he preparado el crisma. Un abrazo enorme desde Vitoria. \u00bfQu\u00e9 le pedimos&hellip;<\/p>\n","protected":false},"template":"","class_list":["post-4932","testimonio","type-testimonio","status-publish","hentry","description-off"],"_links":{"self":[{"href":"https:\/\/estudioinesmoreno.com.ar\/estudio\/wp-json\/wp\/v2\/testimonio\/4932","targetHints":{"allow":["GET"]}}],"collection":[{"href":"https:\/\/estudioinesmoreno.com.ar\/estudio\/wp-json\/wp\/v2\/testimonio"}],"about":[{"href":"https:\/\/estudioinesmoreno.com.ar\/estudio\/wp-json\/wp\/v2\/types\/testimonio"}],"wp:attachment":[{"href":"https:\/\/estudioinesmoreno.com.ar\/estudio\/wp-json\/wp\/v2\/media?parent=4932"}],"curies":[{"name":"wp","href":"https:\/\/api.w.org\/{rel}","templated":true}]}}

MODESTO ARMENDOY desde VITORIA &#8211; CAPITAL DEL PAIS VASCO &#8211; ESPAÑA

<p>Hola Inés, seguimos acordándonos de lo aprendido junto a ti y seguimos recordando lo disfrutado a tu lado. Te deseo lo mejor para el año que viene y te adjunto el texto que he preparado para desear un año nuevo, aunque aún no he preparado el crisma.</p>
<p>Un abrazo enorme desde Vitoria.</p>
<p><strong>¿Qué le pedimos a un nuevo año?</strong></p>
<p>&nbsp;</p>
<p>Tiempo para celebrar lo bueno, tiempo para restañar las heridas, tiempo para compartir lo vivido, tiempo para soñar futuros de colores… son 365 días lo que nos da, días que vendrán con frío y con calor, donde pasarán otra vez las estaciones, se sucederán  a sí mismas como lo han hecho todos los años… somos nosotros los que tenemos que dar un sentido y significado nuevos a esa colección de días y momentos por vivir.</p>
<p>&nbsp;</p>
<p>No desperdiciar ni uno solo de esos 365 días para ser lo que somos, para sentir como sentimos, para actuar con coherencia, para pensar con inteligencia y hacerlo todo en relación, en un vivir compartido.</p>
<p>&nbsp;</p>
<p>No dejar ni uno solo de los 365 de querernos y querer, de soñar… de juntar los recuerdos del pasado que nos enseñan desde la memoria, los momentos del presente que se nos van de las manos a poco que nos descuidemos y los sueños de ese futuro que atisbamos entre los rayos del horizonte al que miramos.</p>
<p>&nbsp;</p>
<p>No cerrar los ojos, no callar lo que sentimos y pensamos, no dejar de paladear cada instante vivido, no dejar de escuchar las canciones que salen de dentro y las que llegan de los que nos rodean, oler los vientos que nos indican el camino… vivir en plenitud, en la plenitud que cada uno puede alcanzar.</p>
<p>&nbsp;</p>
<p><strong>Dos deseos para el nuevo año: </strong></p>
<p>&nbsp;</p>
<p>Que las heridas que nos deje no nos impidan avanzar hacia el futuro, ese futuro que es nuestro, que nos pertenece y al que no podemos dejar de mirar.</p>
<p>&nbsp;</p>
<p>Que las veces que celebremos las victorias y los triunfos, nos inunden de color el año y nos hagan desear otro año nuevo.</p>
<p>Modesto</p>

<p>Hola Inés, seguimos acordándonos de lo aprendido junto a ti y seguimos recordando lo disfrutado a tu lado. Te deseo lo mejor para el año que viene y te adjunto el texto que he preparado para desear un año nuevo, aunque aún no he preparado el crisma. Un abrazo enorme desde Vitoria. ¿Qué le pedimos&hellip;</p>
