{"id":4926,"date":"2017-01-11T08:58:48","date_gmt":"2017-01-11T11:58:48","guid":{"rendered":"http:\/\/inesmoreno.com.ar\/estudio\/?post_type=dslc_testimonials&amp;p=4926"},"modified":"2017-01-11T08:58:48","modified_gmt":"2017-01-11T11:58:48","slug":"ana-eiriz-soy-vicedirectora-del-colegio-guadalupe-de-la-ciudad-de-buenos-aires","status":"publish","type":"testimonio","link":"https:\/\/estudioinesmoreno.com.ar\/estudio\/testimonio\/ana-eiriz-soy-vicedirectora-del-colegio-guadalupe-de-la-ciudad-de-buenos-aires\/","title":{"rendered":"ANA EIRIZ soy Vicedirectora del Colegio Guadalupe de la Ciudad de Buenos Aires"},"content":{"rendered":"<p>D\u00edas atr\u00e1s me lleg\u00f3 ,a trav\u00e9s de una compa\u00f1era, una cartilla de cursos del Instituto que usted dirige y me impact\u00f3 su nombre ya que en el profesorado tuve una excelente profesora de did\u00e1ctica de las ciencias sociales que se llamaba del mismo modo. Yo estudie\u00b4en el prof. Dr. D\u00e1maso Centeno\u00a0\u00a0all\u00e1 lejos por 1978. Es la misma profesora que recuerdo con admiraci\u00f3n ?<\/p>\n<p>Espero ansiosa su respuesta<\/p>\n<p>Ana Victoria Eiriz<\/p>\n","protected":false},"excerpt":{"rendered":"<p>D\u00edas atr\u00e1s me lleg\u00f3 ,a trav\u00e9s de una compa\u00f1era, una cartilla de cursos del Instituto que usted dirige y me impact\u00f3 su nombre ya que en el profesorado tuve una excelente profesora de did\u00e1ctica de las ciencias sociales que se llamaba del mismo modo. Yo estudie\u00b4en el prof. Dr. D\u00e1maso Centeno\u00a0\u00a0all\u00e1 lejos por 1978. Es&hellip;<\/p>\n","protected":false},"template":"","class_list":["post-4926","testimonio","type-testimonio","status-publish","hentry","description-off"],"_links":{"self":[{"href":"https:\/\/estudioinesmoreno.com.ar\/estudio\/wp-json\/wp\/v2\/testimonio\/4926","targetHints":{"allow":["GET"]}}],"collection":[{"href":"https:\/\/estudioinesmoreno.com.ar\/estudio\/wp-json\/wp\/v2\/testimonio"}],"about":[{"href":"https:\/\/estudioinesmoreno.com.ar\/estudio\/wp-json\/wp\/v2\/types\/testimonio"}],"wp:attachment":[{"href":"https:\/\/estudioinesmoreno.com.ar\/estudio\/wp-json\/wp\/v2\/media?parent=4926"}],"curies":[{"name":"wp","href":"https:\/\/api.w.org\/{rel}","templated":true}]}}

<p>Días atrás me llegó ,a través de una compañera, una cartilla de cursos del Instituto que usted dirige y me impactó su nombre ya que en el profesorado tuve una excelente profesora de didáctica de las ciencias sociales que se llamaba del mismo modo. Yo estudie´en el prof. Dr. Dámaso Centeno  allá lejos por 1978. Es la misma profesora que recuerdo con admiración ?</p>
<p>Espero ansiosa su respuesta</p>
<p>Ana Victoria Eiriz</p>

<p>Días atrás me llegó ,a través de una compañera, una cartilla de cursos del Instituto que usted dirige y me impactó su nombre ya que en el profesorado tuve una excelente profesora de didáctica de las ciencias sociales que se llamaba del mismo modo. Yo estudie´en el prof. Dr. Dámaso Centeno  allá lejos por 1978. Es&hellip;</p>
