{"id":4921,"date":"2017-01-11T08:56:02","date_gmt":"2017-01-11T11:56:02","guid":{"rendered":"http:\/\/inesmoreno.com.ar\/estudio\/?post_type=dslc_testimonials&amp;p=4921"},"modified":"2017-01-11T08:56:02","modified_gmt":"2017-01-11T11:56:02","slug":"edith-desde-san-rafael-mendoza","status":"publish","type":"testimonio","link":"https:\/\/estudioinesmoreno.com.ar\/estudio\/testimonio\/edith-desde-san-rafael-mendoza\/","title":{"rendered":"EDITH desde SAN RAFAEL &#8211; MENDOZA"},"content":{"rendered":"<p>Gracias In\u00e9s! me encanta lo que haces soy Edith de San Rafael, Mendoza y todav\u00eda no se da la posibilidad que participe de tus actividades, espero hacerlo el a\u00f1o que\u00a0 viene si Dios quiere te admiro.que tengas un a\u00f1o hermoso!con mucha paz interior.<\/p>\n<p>Edith.<\/p>\n","protected":false},"excerpt":{"rendered":"<p>Gracias In\u00e9s! me encanta lo que haces soy Edith de San Rafael, Mendoza y todav\u00eda no se da la posibilidad que participe de tus actividades, espero hacerlo el a\u00f1o que\u00a0 viene si Dios quiere te admiro.que tengas un a\u00f1o hermoso!con mucha paz interior. Edith.<\/p>\n","protected":false},"template":"","class_list":["post-4921","testimonio","type-testimonio","status-publish","hentry","description-off"],"_links":{"self":[{"href":"https:\/\/estudioinesmoreno.com.ar\/estudio\/wp-json\/wp\/v2\/testimonio\/4921","targetHints":{"allow":["GET"]}}],"collection":[{"href":"https:\/\/estudioinesmoreno.com.ar\/estudio\/wp-json\/wp\/v2\/testimonio"}],"about":[{"href":"https:\/\/estudioinesmoreno.com.ar\/estudio\/wp-json\/wp\/v2\/types\/testimonio"}],"wp:attachment":[{"href":"https:\/\/estudioinesmoreno.com.ar\/estudio\/wp-json\/wp\/v2\/media?parent=4921"}],"curies":[{"name":"wp","href":"https:\/\/api.w.org\/{rel}","templated":true}]}}

<p>Gracias Inés! me encanta lo que haces soy Edith de San Rafael, Mendoza y todavía no se da la posibilidad que participe de tus actividades, espero hacerlo el año que  viene si Dios quiere te admiro.que tengas un año hermoso!con mucha paz interior.</p>
<p>Edith.</p>

<p>Gracias Inés! me encanta lo que haces soy Edith de San Rafael, Mendoza y todavía no se da la posibilidad que participe de tus actividades, espero hacerlo el año que  viene si Dios quiere te admiro.que tengas un año hermoso!con mucha paz interior. Edith.</p>
