{"id":4919,"date":"2017-01-11T08:54:16","date_gmt":"2017-01-11T11:54:16","guid":{"rendered":"http:\/\/inesmoreno.com.ar\/estudio\/?post_type=dslc_testimonials&amp;p=4919"},"modified":"2017-01-11T08:54:16","modified_gmt":"2017-01-11T11:54:16","slug":"mariano-bonello-gerente-general-de-comment","status":"publish","type":"testimonio","link":"https:\/\/estudioinesmoreno.com.ar\/estudio\/testimonio\/mariano-bonello-gerente-general-de-comment\/","title":{"rendered":"MARIANO BONELLO &#8211; GERENTE GENERAL de COMMENT"},"content":{"rendered":"<p>Hola In\u00e9s:<\/p>\n<p>No imaginas cuanto lamento que los mi\u00e9rcoles tenemos, con M\u00f3nica, unos cursos (por llamarlo de alguna manera) muy especiales, a las 20 Hs. en Callao y C\u00f3rdoba. No hay como llegar a las dos actividades.\u00a0 Es algo de Alquimia tradicional, un poco de Ciencias Sagradas&#8230; Alg\u00fan dia me animar\u00e9 a tratar de trasnmitir lo especial que es esa Ense\u00f1anza, solo\u00a0posible de acceder\u00a0al disminuir mi rigidez\u00a0en el trabajo realizado\u00a0con Uds.<\/p>\n<p>No puedo olvidar que la primera vez que me<strong><em> habla<\/em><\/strong> Don Juan fu\u00e9 en el Estudio. Luego de estar con Uds. -nunca es suficiente- me aboqu\u00e9 a leer acerca de \u00e9l. Me ayud\u00f3 mucho en etapas muy dif\u00edciles, donde te ponen la <em>prueba<\/em>.\u00a0 Tambi\u00e9n conoc\u00ed que <em>la prueba<\/em> viene cuando se halla preparado el disc\u00edpulo, nunca antes. As\u00ed que cuando llegan\u00a0se enfrenta con valor&#8230;decisi\u00f3n, alegr\u00eda,\u00a0etc. Tambi\u00e9n con el conocimiento\u00a0que el objetivo es atravesarla, no ganar la batalla.<\/p>\n<p>Es mucho lo que le debo al contacto con Uds.\u00a0Es cosa frecuente que cite pensamientos que me han llegado all\u00ed al menos 2 veces al mes. Al menos una vez a la semana un concepto me es\u00a0\u00fatil para comprender o valorar una situaci\u00f3n.<\/p>\n<p>Hace poco intentaba explicar como se siente\u00a0trabajar contigo\u00a0 o de Arturo,\u00a0lo describo\u00a0como estar frentre a un afilado cuchillo que separa, con\u00a0amor y sin piedad los pre-\u00a0conceptos. Es uno el que\u00a0juzga si me sirve o no, duele\u00a0y !\u00a0mucho !, dolor no excento de placer.<\/p>\n<p>Lo interesante es que los re-cuerdos no son en forma de palabras, son\u00a0una sensaci\u00f3n que florece y materializa <em>a veces<\/em> en palabras.<\/p>\n<p>Esto ocurre a pesar que cada vez tengo mas neuronas de vacaciones&#8230;<\/p>\n<p>Nuevamente agradezco a la Vida haber estado con Uds.<\/p>\n<p>Tengo para m\u00ed que alterar el curso de la humanidad aunque fuera 1\u00b0 es tarea Divina&#8230;<\/p>\n","protected":false},"excerpt":{"rendered":"<p>Hola In\u00e9s: No imaginas cuanto lamento que los mi\u00e9rcoles tenemos, con M\u00f3nica, unos cursos (por llamarlo de alguna manera) muy especiales, a las 20 Hs. en Callao y C\u00f3rdoba. No hay como llegar a las dos actividades.\u00a0 Es algo de Alquimia tradicional, un poco de Ciencias Sagradas&#8230; Alg\u00fan dia me animar\u00e9 a tratar de trasnmitir&hellip;<\/p>\n","protected":false},"template":"","class_list":["post-4919","testimonio","type-testimonio","status-publish","hentry","description-off"],"_links":{"self":[{"href":"https:\/\/estudioinesmoreno.com.ar\/estudio\/wp-json\/wp\/v2\/testimonio\/4919","targetHints":{"allow":["GET"]}}],"collection":[{"href":"https:\/\/estudioinesmoreno.com.ar\/estudio\/wp-json\/wp\/v2\/testimonio"}],"about":[{"href":"https:\/\/estudioinesmoreno.com.ar\/estudio\/wp-json\/wp\/v2\/types\/testimonio"}],"wp:attachment":[{"href":"https:\/\/estudioinesmoreno.com.ar\/estudio\/wp-json\/wp\/v2\/media?parent=4919"}],"curies":[{"name":"wp","href":"https:\/\/api.w.org\/{rel}","templated":true}]}}

<p>Hola Inés:</p>
<p>No imaginas cuanto lamento que los miércoles tenemos, con Mónica, unos cursos (por llamarlo de alguna manera) muy especiales, a las 20 Hs. en Callao y Córdoba. No hay como llegar a las dos actividades.  Es algo de Alquimia tradicional, un poco de Ciencias Sagradas&#8230; Algún dia me animaré a tratar de trasnmitir lo especial que es esa Enseñanza, solo posible de acceder al disminuir mi rigidez en el trabajo realizado con Uds.</p>
<p>No puedo olvidar que la primera vez que me<strong><em> habla</em></strong> Don Juan fué en el Estudio. Luego de estar con Uds. -nunca es suficiente- me aboqué a leer acerca de él. Me ayudó mucho en etapas muy difíciles, donde te ponen la <em>prueba</em>.  También conocí que <em>la prueba</em> viene cuando se halla preparado el discípulo, nunca antes. Así que cuando llegan se enfrenta con valor&#8230;decisión, alegría, etc. También con el conocimiento que el objetivo es atravesarla, no ganar la batalla.</p>
<p>Es mucho lo que le debo al contacto con Uds. Es cosa frecuente que cite pensamientos que me han llegado allí al menos 2 veces al mes. Al menos una vez a la semana un concepto me es útil para comprender o valorar una situación.</p>
<p>Hace poco intentaba explicar como se siente trabajar contigo  o de Arturo, lo describo como estar frentre a un afilado cuchillo que separa, con amor y sin piedad los pre- conceptos. Es uno el que juzga si me sirve o no, duele y ! mucho !, dolor no excento de placer.</p>
<p>Lo interesante es que los re-cuerdos no son en forma de palabras, son una sensación que florece y materializa <em>a veces</em> en palabras.</p>
<p>Esto ocurre a pesar que cada vez tengo mas neuronas de vacaciones&#8230;</p>
<p>Nuevamente agradezco a la Vida haber estado con Uds.</p>
<p>Tengo para mí que alterar el curso de la humanidad aunque fuera 1° es tarea Divina&#8230;</p>

<p>Hola Inés: No imaginas cuanto lamento que los miércoles tenemos, con Mónica, unos cursos (por llamarlo de alguna manera) muy especiales, a las 20 Hs. en Callao y Córdoba. No hay como llegar a las dos actividades.  Es algo de Alquimia tradicional, un poco de Ciencias Sagradas&#8230; Algún dia me animaré a tratar de trasnmitir&hellip;</p>
