{"id":4913,"date":"2017-01-11T08:45:29","date_gmt":"2017-01-11T11:45:29","guid":{"rendered":"http:\/\/inesmoreno.com.ar\/estudio\/?post_type=dslc_testimonials&amp;p=4913"},"modified":"2017-01-11T08:45:29","modified_gmt":"2017-01-11T11:45:29","slug":"diana-aveiro","status":"publish","type":"testimonio","link":"https:\/\/estudioinesmoreno.com.ar\/estudio\/testimonio\/diana-aveiro\/","title":{"rendered":"Diana Aveiro"},"content":{"rendered":"<p>Buenas Prof. In\u00e9s,<\/p>\n<p>S\u00f3lo quer\u00eda agradecerle nuevamente sus palabras, las voy a tomar muy en cuenta y las voy a aplicar, \u00a0de coraz\u00f3n doy gracias a dios por haberme dado la oportunidad de conocerla, es un ser humano incre\u00edble!! la admiro much\u00edsimo, soy de pocas palabras como ya se habr\u00e1 dado cuenta, pero muy agradecida y afortunada que me haya brindado esas palabras que realmente me llegaron! en este corto tiempo de haberla conocido le tom\u00e9 un inmenso afecto y en estas dos clases por skype me di cuenta de cuanto la extra\u00f1o a usted Tamara a Patri y a Lili, un beso enorme y un gran abrazo a todas!<\/p>\n<p>Prof. In\u00e9s: GRACIAS!! la adoro!! Un abrazo gigante!!<\/p>\n","protected":false},"excerpt":{"rendered":"<p>Buenas Prof. In\u00e9s, S\u00f3lo quer\u00eda agradecerle nuevamente sus palabras, las voy a tomar muy en cuenta y las voy a aplicar, \u00a0de coraz\u00f3n doy gracias a dios por haberme dado la oportunidad de conocerla, es un ser humano incre\u00edble!! la admiro much\u00edsimo, soy de pocas palabras como ya se habr\u00e1 dado cuenta, pero muy agradecida&hellip;<\/p>\n","protected":false},"template":"","class_list":["post-4913","testimonio","type-testimonio","status-publish","hentry","description-off"],"_links":{"self":[{"href":"https:\/\/estudioinesmoreno.com.ar\/estudio\/wp-json\/wp\/v2\/testimonio\/4913","targetHints":{"allow":["GET"]}}],"collection":[{"href":"https:\/\/estudioinesmoreno.com.ar\/estudio\/wp-json\/wp\/v2\/testimonio"}],"about":[{"href":"https:\/\/estudioinesmoreno.com.ar\/estudio\/wp-json\/wp\/v2\/types\/testimonio"}],"wp:attachment":[{"href":"https:\/\/estudioinesmoreno.com.ar\/estudio\/wp-json\/wp\/v2\/media?parent=4913"}],"curies":[{"name":"wp","href":"https:\/\/api.w.org\/{rel}","templated":true}]}}

<p>Buenas Prof. Inés,</p>
<p>Sólo quería agradecerle nuevamente sus palabras, las voy a tomar muy en cuenta y las voy a aplicar,  de corazón doy gracias a dios por haberme dado la oportunidad de conocerla, es un ser humano increíble!! la admiro muchísimo, soy de pocas palabras como ya se habrá dado cuenta, pero muy agradecida y afortunada que me haya brindado esas palabras que realmente me llegaron! en este corto tiempo de haberla conocido le tomé un inmenso afecto y en estas dos clases por skype me di cuenta de cuanto la extraño a usted Tamara a Patri y a Lili, un beso enorme y un gran abrazo a todas!</p>
<p>Prof. Inés: GRACIAS!! la adoro!! Un abrazo gigante!!</p>

<p>Buenas Prof. Inés, Sólo quería agradecerle nuevamente sus palabras, las voy a tomar muy en cuenta y las voy a aplicar,  de corazón doy gracias a dios por haberme dado la oportunidad de conocerla, es un ser humano increíble!! la admiro muchísimo, soy de pocas palabras como ya se habrá dado cuenta, pero muy agradecida&hellip;</p>
