{"id":4907,"date":"2017-01-11T08:40:19","date_gmt":"2017-01-11T11:40:19","guid":{"rendered":"http:\/\/inesmoreno.com.ar\/estudio\/?post_type=dslc_testimonials&amp;p=4907"},"modified":"2017-01-11T08:40:19","modified_gmt":"2017-01-11T11:40:19","slug":"desde-bilbao-espana-manuel-cuenca-vicerrector-universidad-deusto","status":"publish","type":"testimonio","link":"https:\/\/estudioinesmoreno.com.ar\/estudio\/testimonio\/desde-bilbao-espana-manuel-cuenca-vicerrector-universidad-deusto\/","title":{"rendered":"Desde Bilbao &#8211; Espa\u00f1a &#8211; MANUEL CUENCA Vicerrector &#8211; Universidad DEUSTO"},"content":{"rendered":"<p>Muchas Felicidades In\u00e9s, no es nada f\u00e1cil llegar a mantener un proyecto 35 a\u00f1os con la ilusi\u00f3n que lo has hecho t\u00fa.<br \/>\nEstos dias te hemos recordado especialmente porque ha pasado por aqu\u00ed Nelson Mel\u00e9ndez y su esposa.<\/p>\n<p>Un fuerte abrazo para todos y \u00a1mucho \u00e1nimo!<\/p>\n","protected":false},"excerpt":{"rendered":"<p>Muchas Felicidades In\u00e9s, no es nada f\u00e1cil llegar a mantener un proyecto 35 a\u00f1os con la ilusi\u00f3n que lo has hecho t\u00fa. Estos dias te hemos recordado especialmente porque ha pasado por aqu\u00ed Nelson Mel\u00e9ndez y su esposa. Un fuerte abrazo para todos y \u00a1mucho \u00e1nimo!<\/p>\n","protected":false},"template":"","class_list":["post-4907","testimonio","type-testimonio","status-publish","hentry","description-off"],"_links":{"self":[{"href":"https:\/\/estudioinesmoreno.com.ar\/estudio\/wp-json\/wp\/v2\/testimonio\/4907","targetHints":{"allow":["GET"]}}],"collection":[{"href":"https:\/\/estudioinesmoreno.com.ar\/estudio\/wp-json\/wp\/v2\/testimonio"}],"about":[{"href":"https:\/\/estudioinesmoreno.com.ar\/estudio\/wp-json\/wp\/v2\/types\/testimonio"}],"wp:attachment":[{"href":"https:\/\/estudioinesmoreno.com.ar\/estudio\/wp-json\/wp\/v2\/media?parent=4907"}],"curies":[{"name":"wp","href":"https:\/\/api.w.org\/{rel}","templated":true}]}}

Desde Bilbao &#8211; España &#8211; MANUEL CUENCA Vicerrector &#8211; Universidad DEUSTO

<p>Muchas Felicidades Inés, no es nada fácil llegar a mantener un proyecto 35 años con la ilusión que lo has hecho tú.<br />
Estos dias te hemos recordado especialmente porque ha pasado por aquí Nelson Meléndez y su esposa.</p>
<p>Un fuerte abrazo para todos y ¡mucho ánimo!</p>

<p>Muchas Felicidades Inés, no es nada fácil llegar a mantener un proyecto 35 años con la ilusión que lo has hecho tú. Estos dias te hemos recordado especialmente porque ha pasado por aquí Nelson Meléndez y su esposa. Un fuerte abrazo para todos y ¡mucho ánimo!</p>
