{"id":3741,"date":"2016-04-07T09:30:24","date_gmt":"2016-04-07T12:30:24","guid":{"rendered":"http:\/\/www.inesmoreno.com.ar\/estudio\/?post_type=dslc_testimonials&amp;p=3741"},"modified":"2016-04-07T09:30:24","modified_gmt":"2016-04-07T12:30:24","slug":"universidad-tunas-cuba","status":"publish","type":"testimonio","link":"https:\/\/estudioinesmoreno.com.ar\/estudio\/testimonio\/universidad-tunas-cuba\/","title":{"rendered":"Universidad Tunas &#8211; Cuba"},"content":{"rendered":"<div>\n<p>Estimada y respetada Ines Moreno.<\/p>\n<p>Te felicito por tu gesti\u00f3n educativa, y por tus competencias para descubrir las potencialidades de las TIC y de la Pedagog\u00eda, dime si vienes a INNOED, al evento que se celebrar\u00e1 en mayo, 25 en nuestra universidad, las TUNAS, CUBA.<\/p>\n<p>Abrazos. Mar\u00eda Nela &#8211; CUBA<\/p>\n<\/div>\n<p>&nbsp;<\/p>\n","protected":false},"excerpt":{"rendered":"<p>Estimada y respetada Ines Moreno. Te felicito por tu gesti\u00f3n educativa, y por tus competencias para descubrir las potencialidades de las TIC y de la Pedagog\u00eda, dime si vienes a INNOED, al evento que se celebrar\u00e1 en mayo, 25 en nuestra universidad, las TUNAS, CUBA. Abrazos. Mar\u00eda Nela &#8211; CUBA &nbsp;<\/p>\n","protected":false},"template":"","class_list":["post-3741","testimonio","type-testimonio","status-publish","hentry","description-off"],"_links":{"self":[{"href":"https:\/\/estudioinesmoreno.com.ar\/estudio\/wp-json\/wp\/v2\/testimonio\/3741","targetHints":{"allow":["GET"]}}],"collection":[{"href":"https:\/\/estudioinesmoreno.com.ar\/estudio\/wp-json\/wp\/v2\/testimonio"}],"about":[{"href":"https:\/\/estudioinesmoreno.com.ar\/estudio\/wp-json\/wp\/v2\/types\/testimonio"}],"wp:attachment":[{"href":"https:\/\/estudioinesmoreno.com.ar\/estudio\/wp-json\/wp\/v2\/media?parent=3741"}],"curies":[{"name":"wp","href":"https:\/\/api.w.org\/{rel}","templated":true}]}}

<div>
<p>Estimada y respetada Ines Moreno.</p>
<p>Te felicito por tu gestión educativa, y por tus competencias para descubrir las potencialidades de las TIC y de la Pedagogía, dime si vienes a INNOED, al evento que se celebrará en mayo, 25 en nuestra universidad, las TUNAS, CUBA.</p>
<p>Abrazos. María Nela &#8211; CUBA</p>
</div>
<p>&nbsp;</p>

<p>Estimada y respetada Ines Moreno. Te felicito por tu gestión educativa, y por tus competencias para descubrir las potencialidades de las TIC y de la Pedagogía, dime si vienes a INNOED, al evento que se celebrará en mayo, 25 en nuestra universidad, las TUNAS, CUBA. Abrazos. María Nela &#8211; CUBA &nbsp;</p>
