{"id":3737,"date":"2016-04-07T09:26:26","date_gmt":"2016-04-07T12:26:26","guid":{"rendered":"http:\/\/www.inesmoreno.com.ar\/estudio\/?post_type=dslc_testimonials&amp;p=3737"},"modified":"2016-04-07T09:26:26","modified_gmt":"2016-04-07T12:26:26","slug":"vanessa-zamora-espana","status":"publish","type":"testimonio","link":"https:\/\/estudioinesmoreno.com.ar\/estudio\/testimonio\/vanessa-zamora-espana\/","title":{"rendered":"Vanessa Zamora &#8211; Espa\u00f1a"},"content":{"rendered":"<div>\n<p>Es imposible que este a\u00f1o, a\u00fan con todo lo dif\u00edcil que ha sido en muchos aspectos, no lo considere muy especial para m\u00ed, y determinante en mi vida presente y futura&#8230; y es as\u00ed fundamentalmente por mi viaje y estancia en Argentina, en tu Estudio In\u00e9s.<\/p>\n<p>En mi balance de 2009, est\u00e1s t\u00fa por todos los lados, desde enero a diciembre se\u00f1alando todos los puntos cardinales de mi universo interno y externo. S\u00e9 que fue premonitorio, porque si no hubiera ido no s\u00e9 ni como estar\u00eda ahora mismo y el ir seguro que me ha implicado a\u00fan m\u00e1s en todo lo que me ha pasado aunque parezcan factores externos. Tengo mucho que contarte, pero hoy no es el dia.<br \/>\nHoy s\u00f3lo quiero felicitarte por este a\u00f1o, porque desde lo que yo he podido ver has ayudado a muchas vidas y personas, procurando bienestar, voluntad, capacidad de riesgo, autocr\u00edtica, fuerza, afecto, apoyo, comprensi\u00f3n y sobre todo ganas de vivir.. HONRANDO LA VIDA.<\/p>\n<p>El cambio es la apuesta de 2010, y en \u00e9l te llevo conmigo.<\/p>\n<p>MIL GRACIAS In\u00e9s, MIL BESOS, MIL HADAS y UN FUERTE ABRAZO desde tan lejos y tan cerca.<\/p>\n<p>Con todo mi cari\u00f1o, te deseo a t\u00ed y a todos los tuyos a los que recuerdo y tengo en mi coraz\u00f3n,<br \/>\nMUCHAS ALEGR\u00cdAS Y UN A\u00d1O LLENO DE AVENTURAS QUE NOS PERMITAN DESCUBRIR SENTIMIENTOS, EMOCIONES, LUGARES, SENSACIONES, CONOCIMIENTOS, PERSPECTIVAS Y PERSONAS MARAVILLOSAS.<\/p>\n<p>Vanessa<\/p>\n<\/div>\n<p>&nbsp;<\/p>\n","protected":false},"excerpt":{"rendered":"<p>Es imposible que este a\u00f1o, a\u00fan con todo lo dif\u00edcil que ha sido en muchos aspectos, no lo considere muy especial para m\u00ed, y determinante en mi vida presente y futura&#8230; y es as\u00ed fundamentalmente por mi viaje y estancia en Argentina, en tu Estudio In\u00e9s. En mi balance de 2009, est\u00e1s t\u00fa por todos&hellip;<\/p>\n","protected":false},"template":"","class_list":["post-3737","testimonio","type-testimonio","status-publish","hentry","description-off"],"_links":{"self":[{"href":"https:\/\/estudioinesmoreno.com.ar\/estudio\/wp-json\/wp\/v2\/testimonio\/3737","targetHints":{"allow":["GET"]}}],"collection":[{"href":"https:\/\/estudioinesmoreno.com.ar\/estudio\/wp-json\/wp\/v2\/testimonio"}],"about":[{"href":"https:\/\/estudioinesmoreno.com.ar\/estudio\/wp-json\/wp\/v2\/types\/testimonio"}],"wp:attachment":[{"href":"https:\/\/estudioinesmoreno.com.ar\/estudio\/wp-json\/wp\/v2\/media?parent=3737"}],"curies":[{"name":"wp","href":"https:\/\/api.w.org\/{rel}","templated":true}]}}

Vanessa Zamora &#8211; España

<div>
<p>Es imposible que este año, aún con todo lo difícil que ha sido en muchos aspectos, no lo considere muy especial para mí, y determinante en mi vida presente y futura&#8230; y es así fundamentalmente por mi viaje y estancia en Argentina, en tu Estudio Inés.</p>
<p>En mi balance de 2009, estás tú por todos los lados, desde enero a diciembre señalando todos los puntos cardinales de mi universo interno y externo. Sé que fue premonitorio, porque si no hubiera ido no sé ni como estaría ahora mismo y el ir seguro que me ha implicado aún más en todo lo que me ha pasado aunque parezcan factores externos. Tengo mucho que contarte, pero hoy no es el dia.<br />
Hoy sólo quiero felicitarte por este año, porque desde lo que yo he podido ver has ayudado a muchas vidas y personas, procurando bienestar, voluntad, capacidad de riesgo, autocrítica, fuerza, afecto, apoyo, comprensión y sobre todo ganas de vivir.. HONRANDO LA VIDA.</p>
<p>El cambio es la apuesta de 2010, y en él te llevo conmigo.</p>
<p>MIL GRACIAS Inés, MIL BESOS, MIL HADAS y UN FUERTE ABRAZO desde tan lejos y tan cerca.</p>
<p>Con todo mi cariño, te deseo a tí y a todos los tuyos a los que recuerdo y tengo en mi corazón,<br />
MUCHAS ALEGRÍAS Y UN AÑO LLENO DE AVENTURAS QUE NOS PERMITAN DESCUBRIR SENTIMIENTOS, EMOCIONES, LUGARES, SENSACIONES, CONOCIMIENTOS, PERSPECTIVAS Y PERSONAS MARAVILLOSAS.</p>
<p>Vanessa</p>
</div>
<p>&nbsp;</p>

<p>Es imposible que este año, aún con todo lo difícil que ha sido en muchos aspectos, no lo considere muy especial para mí, y determinante en mi vida presente y futura&#8230; y es así fundamentalmente por mi viaje y estancia en Argentina, en tu Estudio Inés. En mi balance de 2009, estás tú por todos&hellip;</p>
