{"id":3724,"date":"2016-04-07T09:06:12","date_gmt":"2016-04-07T12:06:12","guid":{"rendered":"http:\/\/www.inesmoreno.com.ar\/estudio\/?post_type=dslc_testimonials&amp;p=3724"},"modified":"2016-04-07T09:06:12","modified_gmt":"2016-04-07T12:06:12","slug":"patricia-ortega-desde-guayaquil-ecuador","status":"publish","type":"testimonio","link":"https:\/\/estudioinesmoreno.com.ar\/estudio\/testimonio\/patricia-ortega-desde-guayaquil-ecuador\/","title":{"rendered":"Patricia Ortega &#8211; desde Guayaquil, Ecuador"},"content":{"rendered":"<div>\n<p>Gracias In\u00e9s: T\u00fa mensaje es hermoso, gracias por compartir todos tus cursos, por ser tan motivadora y por amar tanto a los ni\u00f1os y a la educaci\u00f3n.<br \/>\nGracias por ese brindis. Mis deseos sinceros a\u00fan sin conocerte personalmente , que esta Navidad est\u00e9 llena de bendiciones y de esperanza y que el 2010 sea lleno de Salud, Sue\u00f1os y de amor.<br \/>\nUn abrazo muy muy fuerte a la distancia.<\/p>\n<p>Patricia Ortega &#8211; Guayaquil-Ecuador<\/p>\n<\/div>\n<p>&nbsp;<\/p>\n","protected":false},"excerpt":{"rendered":"<p>Gracias In\u00e9s: T\u00fa mensaje es hermoso, gracias por compartir todos tus cursos, por ser tan motivadora y por amar tanto a los ni\u00f1os y a la educaci\u00f3n. Gracias por ese brindis. Mis deseos sinceros a\u00fan sin conocerte personalmente , que esta Navidad est\u00e9 llena de bendiciones y de esperanza y que el 2010 sea lleno&hellip;<\/p>\n","protected":false},"template":"","class_list":["post-3724","testimonio","type-testimonio","status-publish","hentry","description-off"],"_links":{"self":[{"href":"https:\/\/estudioinesmoreno.com.ar\/estudio\/wp-json\/wp\/v2\/testimonio\/3724","targetHints":{"allow":["GET"]}}],"collection":[{"href":"https:\/\/estudioinesmoreno.com.ar\/estudio\/wp-json\/wp\/v2\/testimonio"}],"about":[{"href":"https:\/\/estudioinesmoreno.com.ar\/estudio\/wp-json\/wp\/v2\/types\/testimonio"}],"wp:attachment":[{"href":"https:\/\/estudioinesmoreno.com.ar\/estudio\/wp-json\/wp\/v2\/media?parent=3724"}],"curies":[{"name":"wp","href":"https:\/\/api.w.org\/{rel}","templated":true}]}}

<div>
<p>Gracias Inés: Tú mensaje es hermoso, gracias por compartir todos tus cursos, por ser tan motivadora y por amar tanto a los niños y a la educación.<br />
Gracias por ese brindis. Mis deseos sinceros aún sin conocerte personalmente , que esta Navidad esté llena de bendiciones y de esperanza y que el 2010 sea lleno de Salud, Sueños y de amor.<br />
Un abrazo muy muy fuerte a la distancia.</p>
<p>Patricia Ortega &#8211; Guayaquil-Ecuador</p>
</div>
<p>&nbsp;</p>

<p>Gracias Inés: Tú mensaje es hermoso, gracias por compartir todos tus cursos, por ser tan motivadora y por amar tanto a los niños y a la educación. Gracias por ese brindis. Mis deseos sinceros aún sin conocerte personalmente , que esta Navidad esté llena de bendiciones y de esperanza y que el 2010 sea lleno&hellip;</p>
