{"id":3710,"date":"2016-04-07T08:55:41","date_gmt":"2016-04-07T11:55:41","guid":{"rendered":"http:\/\/www.inesmoreno.com.ar\/estudio\/?post_type=dslc_testimonials&amp;p=3710"},"modified":"2016-04-07T08:55:41","modified_gmt":"2016-04-07T11:55:41","slug":"desde-instituto-del-profesorado-de-educacion-fisica-romero-brest-argentina","status":"publish","type":"testimonio","link":"https:\/\/estudioinesmoreno.com.ar\/estudio\/testimonio\/desde-instituto-del-profesorado-de-educacion-fisica-romero-brest-argentina\/","title":{"rendered":"Desde Instituto del Profesorado de Educaci\u00f3n F\u00edsica Romero Brest &#8211; Argentina"},"content":{"rendered":"<p>Hola In\u00e9s,<\/p>\n<p>Quiero agradecerte tu participaci\u00f3n en las Jornadas, fue muy valioso para los estudiantes escuchar diferentes voces , generaste un muy buen clima, sent\u00ed que atrapaste al auditorio . Las repercusiones fueron muy buenas en general, no cabe duda que el \u00e9xito, se debi\u00f3 a la calidad de los conferencistas. Nuevamente In\u00e9s muchas gracias.<\/p>\n<p>Un beso enorme.<\/p>\n<p>Profesora Virginia Monasterio<br \/>\nVice Rectora<br \/>\nInstituto Romero Brest<\/p>\n","protected":false},"excerpt":{"rendered":"<p>Hola In\u00e9s, Quiero agradecerte tu participaci\u00f3n en las Jornadas, fue muy valioso para los estudiantes escuchar diferentes voces , generaste un muy buen clima, sent\u00ed que atrapaste al auditorio . Las repercusiones fueron muy buenas en general, no cabe duda que el \u00e9xito, se debi\u00f3 a la calidad de los conferencistas. Nuevamente In\u00e9s muchas gracias.&hellip;<\/p>\n","protected":false},"template":"","class_list":["post-3710","testimonio","type-testimonio","status-publish","hentry","description-off"],"_links":{"self":[{"href":"https:\/\/estudioinesmoreno.com.ar\/estudio\/wp-json\/wp\/v2\/testimonio\/3710","targetHints":{"allow":["GET"]}}],"collection":[{"href":"https:\/\/estudioinesmoreno.com.ar\/estudio\/wp-json\/wp\/v2\/testimonio"}],"about":[{"href":"https:\/\/estudioinesmoreno.com.ar\/estudio\/wp-json\/wp\/v2\/types\/testimonio"}],"wp:attachment":[{"href":"https:\/\/estudioinesmoreno.com.ar\/estudio\/wp-json\/wp\/v2\/media?parent=3710"}],"curies":[{"name":"wp","href":"https:\/\/api.w.org\/{rel}","templated":true}]}}

Desde Instituto del Profesorado de Educación Física Romero Brest &#8211; Argentina

<p>Hola Inés,</p>
<p>Quiero agradecerte tu participación en las Jornadas, fue muy valioso para los estudiantes escuchar diferentes voces , generaste un muy buen clima, sentí que atrapaste al auditorio . Las repercusiones fueron muy buenas en general, no cabe duda que el éxito, se debió a la calidad de los conferencistas. Nuevamente Inés muchas gracias.</p>
<p>Un beso enorme.</p>
<p>Profesora Virginia Monasterio<br />
Vice Rectora<br />
Instituto Romero Brest</p>

<p>Hola Inés, Quiero agradecerte tu participación en las Jornadas, fue muy valioso para los estudiantes escuchar diferentes voces , generaste un muy buen clima, sentí que atrapaste al auditorio . Las repercusiones fueron muy buenas en general, no cabe duda que el éxito, se debió a la calidad de los conferencistas. Nuevamente Inés muchas gracias.&hellip;</p>
