{"id":3709,"date":"2016-04-07T08:54:57","date_gmt":"2016-04-07T11:54:57","guid":{"rendered":"http:\/\/www.inesmoreno.com.ar\/estudio\/?post_type=dslc_testimonials&amp;p=3709"},"modified":"2016-04-07T08:54:57","modified_gmt":"2016-04-07T11:54:57","slug":"egresada-del-estudio-tecnico-en-conduccion-educativa","status":"publish","type":"testimonio","link":"https:\/\/estudioinesmoreno.com.ar\/estudio\/testimonio\/egresada-del-estudio-tecnico-en-conduccion-educativa\/","title":{"rendered":"Egresada del Estudio (T\u00e9cnico en Conducci\u00f3n Educativa)"},"content":{"rendered":"<div>\n<p>Querida In\u00e9s: Qu\u00e9 orgullo siento por haber sido tu alumna.Tus reflexiones sobre el dengue en relaci\u00f3n a la educaci\u00f3n son transferibles a la actual situaci\u00f3n con la influenza A H1N1. Salvando la diferencia de que comenz\u00f3 por los ni\u00f1os bien alimentados, cuidados y con atenci\u00f3n m\u00e9dica. Pero pone en evidencia la falta de sensibilidad, conciencia social de los adultos y profundo individualismo. El d\u00eda jueves con un caso confirmado en el colegio en que soy directora, m\u00e1s cinco en diagn\u00f3stico, asist\u00ed a una reuni\u00f3n en el Hospital Pirovano, en la que se me indic\u00f3 la suspensi\u00f3n de clases hasta el 15\/06. Se me ca\u00edan l\u00e1grimas de dolor por el tiempo que los chicos estar\u00e1n sin escolaridad y de bronca por la falta de sentido com\u00fan de algunos adultos, que no respetan el aislamiento. Piensan que el foco est\u00e1 en el colegio, y cerrado \u00e9ste contin\u00faan reuni\u00e9ndose o asistiendo a lugares multitudinarios. Ten\u00e9s raz\u00f3n, In\u00e9s, cu\u00e1nta educaci\u00f3n nos falta, desde lo actitudinal; pero como dice Sergio Bergman, tambi\u00e9n falta la construcci\u00f3n de una \u00abespiritualidad c\u00edvica\u00bb que nos conduzca a la construcci\u00f3n del bien com\u00fan. Con todo mi cari\u00f1o y agradecimiento por la profunda formaci\u00f3n que recib\u00ed en el Estudio.<\/p>\n<p>Tu alumna ex alumna Graciela A. Benceny<br \/>\nDirectora Escuela Primaria<\/p>\n<\/div>\n<p>&nbsp;<\/p>\n","protected":false},"excerpt":{"rendered":"<p>Querida In\u00e9s: Qu\u00e9 orgullo siento por haber sido tu alumna.Tus reflexiones sobre el dengue en relaci\u00f3n a la educaci\u00f3n son transferibles a la actual situaci\u00f3n con la influenza A H1N1. Salvando la diferencia de que comenz\u00f3 por los ni\u00f1os bien alimentados, cuidados y con atenci\u00f3n m\u00e9dica. Pero pone en evidencia la falta de sensibilidad, conciencia&hellip;<\/p>\n","protected":false},"template":"","class_list":["post-3709","testimonio","type-testimonio","status-publish","hentry","description-off"],"_links":{"self":[{"href":"https:\/\/estudioinesmoreno.com.ar\/estudio\/wp-json\/wp\/v2\/testimonio\/3709","targetHints":{"allow":["GET"]}}],"collection":[{"href":"https:\/\/estudioinesmoreno.com.ar\/estudio\/wp-json\/wp\/v2\/testimonio"}],"about":[{"href":"https:\/\/estudioinesmoreno.com.ar\/estudio\/wp-json\/wp\/v2\/types\/testimonio"}],"wp:attachment":[{"href":"https:\/\/estudioinesmoreno.com.ar\/estudio\/wp-json\/wp\/v2\/media?parent=3709"}],"curies":[{"name":"wp","href":"https:\/\/api.w.org\/{rel}","templated":true}]}}

Egresada del Estudio (Técnico en Conducción Educativa)

<div>
<p>Querida Inés: Qué orgullo siento por haber sido tu alumna.Tus reflexiones sobre el dengue en relación a la educación son transferibles a la actual situación con la influenza A H1N1. Salvando la diferencia de que comenzó por los niños bien alimentados, cuidados y con atención médica. Pero pone en evidencia la falta de sensibilidad, conciencia social de los adultos y profundo individualismo. El día jueves con un caso confirmado en el colegio en que soy directora, más cinco en diagnóstico, asistí a una reunión en el Hospital Pirovano, en la que se me indicó la suspensión de clases hasta el 15/06. Se me caían lágrimas de dolor por el tiempo que los chicos estarán sin escolaridad y de bronca por la falta de sentido común de algunos adultos, que no respetan el aislamiento. Piensan que el foco está en el colegio, y cerrado éste continúan reuniéndose o asistiendo a lugares multitudinarios. Tenés razón, Inés, cuánta educación nos falta, desde lo actitudinal; pero como dice Sergio Bergman, también falta la construcción de una «espiritualidad cívica» que nos conduzca a la construcción del bien común. Con todo mi cariño y agradecimiento por la profunda formación que recibí en el Estudio.</p>
<p>Tu alumna ex alumna Graciela A. Benceny<br />
Directora Escuela Primaria</p>
</div>
<p>&nbsp;</p>

<p>Querida Inés: Qué orgullo siento por haber sido tu alumna.Tus reflexiones sobre el dengue en relación a la educación son transferibles a la actual situación con la influenza A H1N1. Salvando la diferencia de que comenzó por los niños bien alimentados, cuidados y con atención médica. Pero pone en evidencia la falta de sensibilidad, conciencia&hellip;</p>
