{"id":186,"date":"2014-04-16T23:35:58","date_gmt":"2014-04-16T23:35:58","guid":{"rendered":"https:\/\/estudioinesmoreno.com.ar\/estudio\/?post_type=testimonials&amp;p=186"},"modified":"2014-04-16T23:35:58","modified_gmt":"2014-04-16T23:35:58","slug":"fundacion-folge","status":"publish","type":"testimonio","link":"https:\/\/estudioinesmoreno.com.ar\/estudio\/testimonio\/fundacion-folge\/","title":{"rendered":"Fundaci\u00f3n Folge"},"content":{"rendered":"<p>Querida In\u00e9s,<\/p>\n<p>Me encant\u00f3 la capacitaci\u00f3n de hoy!! No se equivocan quienes te recomiendan.<br \/>\nSi bien te anticip\u00e9 algo al finalizar el encuentro, no quer\u00eda dejar de comentarte que todo el grupo se fue muy contento. Una capa nom\u00e1s!!!!<br \/>\nMe asust\u00e9 al principio, debo reconocerlo, y sin embargo, la metodolog\u00eda me result\u00f3 fascinante y el resultado super\u00f3 ampliamente las expectativas.<br \/>\nMe llevo reflexiones profesionales y personales que espero tengan lugar en el encuentro para directivos.<br \/>\nGRACIAS!!<\/p>\n<p>Un beso,<\/p>\n<p>Patricia Perez<br \/>\nDirectora<br \/>\nFundaci\u00f3n Folge<\/p>\n","protected":false},"excerpt":{"rendered":"<p>Querida In\u00e9s, Me encant\u00f3 la capacitaci\u00f3n de hoy!! No se equivocan quienes te recomiendan. Si bien te anticip\u00e9 algo al finalizar el encuentro, no quer\u00eda dejar de comentarte que todo el grupo se fue muy contento. Una capa nom\u00e1s!!!! Me asust\u00e9 al principio, debo reconocerlo, y sin embargo, la metodolog\u00eda me result\u00f3 fascinante y el&hellip;<\/p>\n","protected":false},"template":"","class_list":["post-186","testimonio","type-testimonio","status-publish","has-post-thumbnail","hentry","description-off"],"_links":{"self":[{"href":"https:\/\/estudioinesmoreno.com.ar\/estudio\/wp-json\/wp\/v2\/testimonio\/186","targetHints":{"allow":["GET"]}}],"collection":[{"href":"https:\/\/estudioinesmoreno.com.ar\/estudio\/wp-json\/wp\/v2\/testimonio"}],"about":[{"href":"https:\/\/estudioinesmoreno.com.ar\/estudio\/wp-json\/wp\/v2\/types\/testimonio"}],"wp:featuredmedia":[{"embeddable":true,"href":"https:\/\/estudioinesmoreno.com.ar\/estudio\/wp-json\/"}],"wp:attachment":[{"href":"https:\/\/estudioinesmoreno.com.ar\/estudio\/wp-json\/wp\/v2\/media?parent=186"}],"curies":[{"name":"wp","href":"https:\/\/api.w.org\/{rel}","templated":true}]}}

Fundación Folge

<p>Querida Inés,</p>
<p>Me encantó la capacitación de hoy!! No se equivocan quienes te recomiendan.<br />
Si bien te anticipé algo al finalizar el encuentro, no quería dejar de comentarte que todo el grupo se fue muy contento. Una capa nomás!!!!<br />
Me asusté al principio, debo reconocerlo, y sin embargo, la metodología me resultó fascinante y el resultado superó ampliamente las expectativas.<br />
Me llevo reflexiones profesionales y personales que espero tengan lugar en el encuentro para directivos.<br />
GRACIAS!!</p>
<p>Un beso,</p>
<p>Patricia Perez<br />
Directora<br />
Fundación Folge</p>

<p>Querida Inés, Me encantó la capacitación de hoy!! No se equivocan quienes te recomiendan. Si bien te anticipé algo al finalizar el encuentro, no quería dejar de comentarte que todo el grupo se fue muy contento. Una capa nomás!!!! Me asusté al principio, debo reconocerlo, y sin embargo, la metodología me resultó fascinante y el&hellip;</p>
