{"id":5634,"date":"2020-05-24T21:49:35","date_gmt":"2020-05-25T00:49:35","guid":{"rendered":"http:\/\/inesmoreno.com.ar\/estudio\/?page_id=5634"},"modified":"2023-11-23T16:38:46","modified_gmt":"2023-11-23T19:38:46","slug":"creatividad-a-la-carta","status":"publish","type":"page","link":"https:\/\/estudioinesmoreno.com.ar\/estudio\/creatividad-a-la-carta\/","title":{"rendered":"Creatividad a la Carta"},"content":{"rendered":"\t\t<div data-elementor-type=\"wp-page\" data-elementor-id=\"5634\" class=\"elementor elementor-5634\" data-elementor-post-type=\"page\">\n\t\t\t\t\t\t<section class=\"elementor-section elementor-top-section elementor-element elementor-element-720aafd9 elementor-section-content-middle elementor-section-stretched elementor-section-boxed elementor-section-height-default elementor-section-height-default\" data-id=\"720aafd9\" data-element_type=\"section\" data-e-type=\"section\" data-settings=\"{&quot;stretch_section&quot;:&quot;section-stretched&quot;}\">\n\t\t\t\t\t\t<div class=\"elementor-container elementor-column-gap-wider\">\n\t\t\t\t\t<div class=\"elementor-column elementor-col-100 elementor-top-column elementor-element elementor-element-5baf8986\" data-id=\"5baf8986\" data-element_type=\"column\" data-e-type=\"column\">\n\t\t\t<div class=\"elementor-widget-wrap elementor-element-populated\">\n\t\t\t\t\t\t<div class=\"elementor-element elementor-element-aecf0b0 elementor-widget__width-initial elementor-widget elementor-widget-text-editor\" data-id=\"aecf0b0\" data-element_type=\"widget\" data-e-type=\"widget\" data-widget_type=\"text-editor.default\">\n\t\t\t\t<div class=\"elementor-widget-container\">\n\t\t\t\t\t\t\t\t\t<p><\/p>\n<h2><span style=\"text-decoration: underline;\"><strong>CREATIVIDAD A LA CARTA<\/strong><\/span><\/h2>\n<p>Nos proponemos dos maneras de acompa\u00f1arte a concretar objetivos y deseos, tanto personales, como profesionales, acortando la distancia entre <strong>DONDE EST\u00c1S<\/strong> y a <span style=\"text-decoration: underline;\">donde queres<\/span> <span style=\"text-decoration: underline;\"><strong>LLEGAR.<\/strong><\/span><\/p>\n<p><strong>1 &#8211; CITA CREATIVA:<\/strong> Asesoramiento individual en torno a objetivos puntuales, previamente acordados.<\/p>\n<p><strong>2 &#8211; SEMANA CREATIVA:<\/strong> Entrenamiento especifico para trabajar aspectos del proceso y producto creativo, previamente acordados.<\/p>\n<p>Ambos se tratan de <b>asesor\u00edas a medida, 100% personalizadas en funci\u00f3n de tus necesidades, metas y desaf\u00edos. Te vas a llevar herramientas, plan de acci\u00f3n y acompa\u00f1amiento para que puedas avanzar en tu proyecto o emprendimiento.<\/b><\/p>\n<p>Podemos agendar una llamada sin cargo para que veamos si podemos hacer equipo. <br \/>Te invitamos a comunicarte con nosotros para trabajar juntos.<\/p>\n<p>\u00a0<\/p>\n<p><em><span style=\"text-decoration: underline;\"><strong>CITA CREATIVA:<\/strong><\/span><\/em><\/p>\n<p>Brinda asesoramiento individual en torno a un objetivo previamente acordado, independientemente del momento del proceso en el cu\u00e1l te encuentra.<br \/>Duraci\u00f3n: un encuentro de 90 minutos (aprox.)<br \/><u>Incluye<\/u>:<\/p>\n<ul>\n<li>Una primera comunicaci\u00f3n (telef\u00f3nica, zoom, video llamada) para conocer las necesidades.<\/li>\n<li>El encuentro online propiamente dicho. Online, a medida personalizado 100%<\/li>\n<li>Acompa\u00f1amiento y soporte via mail\/mensaje en lo que el plan de acci\u00f3n especifico requiera.<\/li>\n<\/ul>\n<p>Experiencia que se podr\u00e1 repetir las veces que se requiera, cambiando, ampliando y sumando nuevos objetivos.<\/p>\n<p>\u00a0<\/p>\n<p><span style=\"text-decoration: underline;\"><em><strong>SEMANA CREATIVA:<\/strong><\/em><\/span><br \/>Brinda en forma online actividades especificas para entrenar aspectos del proceso y del producto creativo que fueron acordados en la comunicaci\u00f3n inicial.<\/p>\n<p><b>Duraci\u00f3n: \u00abuna semana\u00bb. Ser\u00edan 5 encuentros a acordar de 90 minutos cada uno.<\/b><\/p>\n<p><b><u>Incluye<\/u>:<\/b><\/p>\n<ul>\n<li><b>Una primera comunicaci\u00f3n (telef\u00f3nica, zoom, video llamada) para conocer las necesidades.<\/b><\/li>\n<li><b>Los encuentros online, a medida personalizado 100%<\/b><\/li>\n<li><b>Acompa\u00f1amiento y soporte v\u00eda mail\/mensaje en lo que el plan de acci\u00f3n especifico requiera y durante los encuentros de trabajo.<\/b><\/li>\n<li><b>Plan de acciones espec\u00edficas a realizar.<\/b><\/li>\n<li><b>Encuentro posterior de evaluaci\u00f3n.<\/b><\/li>\n<\/ul>\n<p><b>Experiencia que se podr\u00e1 repetir las veces que se requiera, cambiando, ampliando y sumando nuevos objetivos.<\/b><\/p>\n<p>\u00a0<\/p>\n<p>Podemos agendar una llamada sin cargo para que veamos si podemos hacer equipo.<br \/>Te invitamos a mandar un mensaje\u00a0<a href=\"https:\/\/api.whatsapp.com\/send?phone=5491166927891\" target=\"_blank\" rel=\"noopener\">+54 11 9 6692 7891<\/a><\/p>\n<p>\u00a0<\/p>\n<p><\/p>\t\t\t\t\t\t\t\t<\/div>\n\t\t\t\t<\/div>\n\t\t\t\t\t<\/div>\n\t\t<\/div>\n\t\t\t\t\t<\/div>\n\t\t<\/section>\n\t\t\t\t<section class=\"elementor-section elementor-top-section elementor-element elementor-element-03b3742 elementor-section-boxed elementor-section-height-default elementor-section-height-default\" data-id=\"03b3742\" data-element_type=\"section\" data-e-type=\"section\">\n\t\t\t\t\t\t<div class=\"elementor-container elementor-column-gap-default\">\n\t\t\t\t\t<div class=\"elementor-column elementor-col-100 elementor-top-column elementor-element elementor-element-63c4c3e\" data-id=\"63c4c3e\" data-element_type=\"column\" data-e-type=\"column\">\n\t\t\t<div class=\"elementor-widget-wrap elementor-element-populated\">\n\t\t\t\t\t\t<div class=\"elementor-element elementor-element-1d0f091 elementor-widget elementor-widget-image\" data-id=\"1d0f091\" data-element_type=\"widget\" data-e-type=\"widget\" data-widget_type=\"image.default\">\n\t\t\t\t<div class=\"elementor-widget-container\">\n\t\t\t\t\t\t\t\t\t\t\t\t\t\t\t<img fetchpriority=\"high\" decoding=\"async\" width=\"557\" height=\"561\" src=\"https:\/\/estudioinesmoreno.com.ar\/estudio\/wp-content\/uploads\/2023\/11\/creatividad-a-la-carte-2.jpg\" class=\"attachment-large size-large wp-image-12579\" alt=\"\" srcset=\"https:\/\/estudioinesmoreno.com.ar\/estudio\/wp-content\/uploads\/2023\/11\/creatividad-a-la-carte-2.jpg 557w, https:\/\/estudioinesmoreno.com.ar\/estudio\/wp-content\/uploads\/2023\/11\/creatividad-a-la-carte-2-298x300.jpg 298w, https:\/\/estudioinesmoreno.com.ar\/estudio\/wp-content\/uploads\/2023\/11\/creatividad-a-la-carte-2-150x150.jpg 150w\" sizes=\"(max-width: 557px) 100vw, 557px\" \/>\t\t\t\t\t\t\t\t\t\t\t\t\t\t\t<\/div>\n\t\t\t\t<\/div>\n\t\t\t\t\t<\/div>\n\t\t<\/div>\n\t\t\t\t\t<\/div>\n\t\t<\/section>\n\t\t\t\t<\/div>\n\t\t","protected":false},"excerpt":{"rendered":"<p>CREATIVIDAD A LA CARTA Nos proponemos dos maneras de acompa\u00f1arte a concretar objetivos y deseos, tanto personales, como profesionales, acortando la distancia entre DONDE EST\u00c1S y a donde queres LLEGAR. 1 &#8211; CITA CREATIVA: Asesoramiento individual en torno a objetivos puntuales, previamente acordados. 2 &#8211; SEMANA CREATIVA: Entrenamiento especifico para trabajar aspectos del proceso y&hellip;<\/p>\n","protected":false},"author":1,"featured_media":0,"parent":0,"menu_order":0,"comment_status":"closed","ping_status":"closed","template":"","meta":{"_joinchat":[],"footnotes":""},"class_list":["post-5634","page","type-page","status-publish","hentry"],"_links":{"self":[{"href":"https:\/\/estudioinesmoreno.com.ar\/estudio\/wp-json\/wp\/v2\/pages\/5634","targetHints":{"allow":["GET"]}}],"collection":[{"href":"https:\/\/estudioinesmoreno.com.ar\/estudio\/wp-json\/wp\/v2\/pages"}],"about":[{"href":"https:\/\/estudioinesmoreno.com.ar\/estudio\/wp-json\/wp\/v2\/types\/page"}],"author":[{"embeddable":true,"href":"https:\/\/estudioinesmoreno.com.ar\/estudio\/wp-json\/wp\/v2\/users\/1"}],"replies":[{"embeddable":true,"href":"https:\/\/estudioinesmoreno.com.ar\/estudio\/wp-json\/wp\/v2\/comments?post=5634"}],"version-history":[{"count":63,"href":"https:\/\/estudioinesmoreno.com.ar\/estudio\/wp-json\/wp\/v2\/pages\/5634\/revisions"}],"predecessor-version":[{"id":12583,"href":"https:\/\/estudioinesmoreno.com.ar\/estudio\/wp-json\/wp\/v2\/pages\/5634\/revisions\/12583"}],"wp:attachment":[{"href":"https:\/\/estudioinesmoreno.com.ar\/estudio\/wp-json\/wp\/v2\/media?parent=5634"}],"curies":[{"name":"wp","href":"https:\/\/api.w.org\/{rel}","templated":true}]}}