{"id":4612,"date":"2016-08-26T11:25:21","date_gmt":"2016-08-26T14:25:21","guid":{"rendered":"http:\/\/inesmoreno.com.ar\/estudio\/?page_id=4612"},"modified":"2023-10-06T11:32:22","modified_gmt":"2023-10-06T14:32:22","slug":"todos-tenemos-tiempo","status":"publish","type":"page","link":"https:\/\/estudioinesmoreno.com.ar\/estudio\/libros\/todos-tenemos-tiempo\/","title":{"rendered":"Todos Tenemos Tiempo"},"content":{"rendered":"\t\t<div data-elementor-type=\"wp-page\" data-elementor-id=\"4612\" class=\"elementor elementor-4612\" data-elementor-post-type=\"page\">\n\t\t\t\t\t\t<section class=\"elementor-section elementor-top-section elementor-element elementor-element-98b3c08 elementor-section-content-middle elementor-section-stretched elementor-section-boxed elementor-section-height-default elementor-section-height-default\" data-id=\"98b3c08\" data-element_type=\"section\" data-e-type=\"section\" data-settings=\"{&quot;stretch_section&quot;:&quot;section-stretched&quot;}\">\n\t\t\t\t\t\t<div class=\"elementor-container elementor-column-gap-wider\">\n\t\t\t\t\t<div class=\"elementor-column elementor-col-100 elementor-top-column elementor-element elementor-element-34535cf7\" data-id=\"34535cf7\" data-element_type=\"column\" data-e-type=\"column\">\n\t\t\t<div class=\"elementor-widget-wrap elementor-element-populated\">\n\t\t\t\t\t\t<div class=\"elementor-element elementor-element-26c4cf64 elementor-widget elementor-widget-text-editor\" data-id=\"26c4cf64\" data-element_type=\"widget\" data-e-type=\"widget\" data-widget_type=\"text-editor.default\">\n\t\t\t\t<div class=\"elementor-widget-container\">\n\t\t\t\t\t\t\t\t\t<h3><img fetchpriority=\"high\" decoding=\"async\" class=\"alignleft wp-image-10457 size-full\" src=\"https:\/\/estudioinesmoreno.com.ar\/estudio\/wp-content\/uploads\/2023\/03\/todos-tenemos-tiempo.jpg\" alt=\"Todos Tenemos Tiempo\" width=\"545\" height=\"800\" srcset=\"https:\/\/estudioinesmoreno.com.ar\/estudio\/wp-content\/uploads\/2023\/03\/todos-tenemos-tiempo.jpg 545w, https:\/\/estudioinesmoreno.com.ar\/estudio\/wp-content\/uploads\/2023\/03\/todos-tenemos-tiempo-204x300.jpg 204w\" sizes=\"(max-width: 545px) 100vw, 545px\" \/>TODOS TENEMOS TIEMPO. Nueva pr\u00e1ctica del Tiempo Libre en el Siglo XXl<\/h3><p>Prof. In\u00e9s Moreno<br \/>Editorial Lumen-Humanitas<br \/>2\u00ba Edici\u00f3n (2005)<\/p><p>La problem\u00e1tica del tiempo libre plantea interrogantes profundos para el hombre: sus verdaderas necesidades, sus deseos, el papel del trabajo, la vocaci\u00f3n, la finitud, el sentido que le otorga a su vida.<\/p><p>Todos tenemos tiempo es una afirmaci\u00f3n de la libertad interna, de la capacidad de elecci\u00f3n y de la potencialidad del hombre para aprender y vivir plenamente su tiempo.<\/p><p>La autora ha transgredido la tendencia habitual a enfocar el tiempo libre con una mirada hist\u00f3rica, para centrar su visi\u00f3n en el hombre del siglo XXl.<\/p><p>La comprensi\u00f3n del tiempo como fen\u00f3meno total de la existencia las dificultades del \u201cdiscurso\u201d de los especialistas, el qu\u00e9 hacer en el tiempo no estructurado, el paro o desempleo, las nuevas tendencias del consumo y el uso del tiempo, el papel de la mujer, la familia, la escuela, la libertad como idea corruptora son parte de los caminos que utiliza la autora para la construcci\u00f3n de un nuevo paradigma centrado en la persona y no en los relojes.<\/p><p>In\u00e9s Moreno aplica su vocaci\u00f3n did\u00e1ctica e incluye ejercicios y experiencias que el lector podr\u00e1 realizar, disfrutar y transferir a su realidad personal y profesional.<\/p><p>Se trata de la segunda edici\u00f3n ampliada y corregida, que aborda adem\u00e1s de la problem\u00e1tica del uso del tiempo \u201clibre\u201d, los cambios que el trabajo, tal como lo hemos concebido hasta hace poco tiempo, generan en las personas, organizaciones y contexto. Las variables psicol\u00f3gicas, sociol\u00f3gicas y pedag\u00f3gicas que intervienen en los modos de utilizar el tiempo, as\u00ed como aspectos personales y contextuales vinculados con la libertad, la elecci\u00f3n, los proyectos vitales, el bien-estar y la salud.<\/p><p>Se trata de un material te\u00f3rico-pr\u00e1ctico necesario para todos aquellos que trabajan en y para el Tiempo Libre y la Recreaci\u00f3n, pero fundamentalmente para toda persona que se encuentre en la b\u00fasqueda de respuestas a su tiempo existencial.<\/p>\t\t\t\t\t\t\t\t<\/div>\n\t\t\t\t<\/div>\n\t\t\t\t\t<\/div>\n\t\t<\/div>\n\t\t\t\t\t<\/div>\n\t\t<\/section>\n\t\t\t\t<\/div>\n\t\t","protected":false},"excerpt":{"rendered":"<p>TODOS TENEMOS TIEMPO. Nueva pr\u00e1ctica del Tiempo Libre en el Siglo XXl Prof. In\u00e9s MorenoEditorial Lumen-Humanitas2\u00ba Edici\u00f3n (2005) La problem\u00e1tica del tiempo libre plantea interrogantes profundos para el hombre: sus verdaderas necesidades, sus deseos, el papel del trabajo, la vocaci\u00f3n, la finitud, el sentido que le otorga a su vida. Todos tenemos tiempo es una&hellip;<\/p>\n","protected":false},"author":1,"featured_media":0,"parent":2724,"menu_order":0,"comment_status":"closed","ping_status":"closed","template":"","meta":{"_joinchat":[],"footnotes":""},"class_list":["post-4612","page","type-page","status-publish","hentry"],"_links":{"self":[{"href":"https:\/\/estudioinesmoreno.com.ar\/estudio\/wp-json\/wp\/v2\/pages\/4612","targetHints":{"allow":["GET"]}}],"collection":[{"href":"https:\/\/estudioinesmoreno.com.ar\/estudio\/wp-json\/wp\/v2\/pages"}],"about":[{"href":"https:\/\/estudioinesmoreno.com.ar\/estudio\/wp-json\/wp\/v2\/types\/page"}],"author":[{"embeddable":true,"href":"https:\/\/estudioinesmoreno.com.ar\/estudio\/wp-json\/wp\/v2\/users\/1"}],"replies":[{"embeddable":true,"href":"https:\/\/estudioinesmoreno.com.ar\/estudio\/wp-json\/wp\/v2\/comments?post=4612"}],"version-history":[{"count":9,"href":"https:\/\/estudioinesmoreno.com.ar\/estudio\/wp-json\/wp\/v2\/pages\/4612\/revisions"}],"predecessor-version":[{"id":11659,"href":"https:\/\/estudioinesmoreno.com.ar\/estudio\/wp-json\/wp\/v2\/pages\/4612\/revisions\/11659"}],"up":[{"embeddable":true,"href":"https:\/\/estudioinesmoreno.com.ar\/estudio\/wp-json\/wp\/v2\/pages\/2724"}],"wp:attachment":[{"href":"https:\/\/estudioinesmoreno.com.ar\/estudio\/wp-json\/wp\/v2\/media?parent=4612"}],"curies":[{"name":"wp","href":"https:\/\/api.w.org\/{rel}","templated":true}]}}

<div data-elementor-type="wp-page" data-elementor-id="4612" class="elementor elementor-4612" data-elementor-post-type="page">
						<section class="elementor-section elementor-top-section elementor-element elementor-element-98b3c08 elementor-section-content-middle elementor-section-stretched elementor-section-boxed elementor-section-height-default elementor-section-height-default" data-id="98b3c08" data-element_type="section" data-e-type="section" data-settings="{&quot;stretch_section&quot;:&quot;section-stretched&quot;}">
						<div class="elementor-container elementor-column-gap-wider">
					<div class="elementor-column elementor-col-100 elementor-top-column elementor-element elementor-element-34535cf7" data-id="34535cf7" data-element_type="column" data-e-type="column">
			<div class="elementor-widget-wrap elementor-element-populated">
						<div class="elementor-element elementor-element-26c4cf64 elementor-widget elementor-widget-text-editor" data-id="26c4cf64" data-element_type="widget" data-e-type="widget" data-widget_type="text-editor.default">
				<div class="elementor-widget-container">
									<h3><img fetchpriority="high" decoding="async" class="alignleft wp-image-10457 size-full" src="https://estudioinesmoreno.com.ar/estudio/wp-content/uploads/2023/03/todos-tenemos-tiempo.jpg" alt="Todos Tenemos Tiempo" width="545" height="800" srcset="https://estudioinesmoreno.com.ar/estudio/wp-content/uploads/2023/03/todos-tenemos-tiempo.jpg 545w, https://estudioinesmoreno.com.ar/estudio/wp-content/uploads/2023/03/todos-tenemos-tiempo-204x300.jpg 204w" sizes="(max-width: 545px) 100vw, 545px" />TODOS TENEMOS TIEMPO. Nueva práctica del Tiempo Libre en el Siglo XXl</h3><p>Prof. Inés Moreno<br />Editorial Lumen-Humanitas<br />2º Edición (2005)</p><p>La problemática del tiempo libre plantea interrogantes profundos para el hombre: sus verdaderas necesidades, sus deseos, el papel del trabajo, la vocación, la finitud, el sentido que le otorga a su vida.</p><p>Todos tenemos tiempo es una afirmación de la libertad interna, de la capacidad de elección y de la potencialidad del hombre para aprender y vivir plenamente su tiempo.</p><p>La autora ha transgredido la tendencia habitual a enfocar el tiempo libre con una mirada histórica, para centrar su visión en el hombre del siglo XXl.</p><p>La comprensión del tiempo como fenómeno total de la existencia las dificultades del “discurso” de los especialistas, el qué hacer en el tiempo no estructurado, el paro o desempleo, las nuevas tendencias del consumo y el uso del tiempo, el papel de la mujer, la familia, la escuela, la libertad como idea corruptora son parte de los caminos que utiliza la autora para la construcción de un nuevo paradigma centrado en la persona y no en los relojes.</p><p>Inés Moreno aplica su vocación didáctica e incluye ejercicios y experiencias que el lector podrá realizar, disfrutar y transferir a su realidad personal y profesional.</p><p>Se trata de la segunda edición ampliada y corregida, que aborda además de la problemática del uso del tiempo “libre”, los cambios que el trabajo, tal como lo hemos concebido hasta hace poco tiempo, generan en las personas, organizaciones y contexto. Las variables psicológicas, sociológicas y pedagógicas que intervienen en los modos de utilizar el tiempo, así como aspectos personales y contextuales vinculados con la libertad, la elección, los proyectos vitales, el bien-estar y la salud.</p><p>Se trata de un material teórico-práctico necesario para todos aquellos que trabajan en y para el Tiempo Libre y la Recreación, pero fundamentalmente para toda persona que se encuentre en la búsqueda de respuestas a su tiempo existencial.</p>								</div>
				</div>
					</div>
		</div>
					</div>
		</section>
				</div>

<p>TODOS TENEMOS TIEMPO. Nueva práctica del Tiempo Libre en el Siglo XXl Prof. Inés MorenoEditorial Lumen-Humanitas2º Edición (2005) La problemática del tiempo libre plantea interrogantes profundos para el hombre: sus verdaderas necesidades, sus deseos, el papel del trabajo, la vocación, la finitud, el sentido que le otorga a su vida. Todos tenemos tiempo es una&hellip;</p>
