{"id":4604,"date":"2016-08-26T11:17:26","date_gmt":"2016-08-26T14:17:26","guid":{"rendered":"http:\/\/inesmoreno.com.ar\/estudio\/?page_id=4604"},"modified":"2023-10-06T11:26:25","modified_gmt":"2023-10-06T14:26:25","slug":"recreacion-la-conduccion-de-personas-y-grupos-tomo-2","status":"publish","type":"page","link":"https:\/\/estudioinesmoreno.com.ar\/estudio\/libros\/recreacion-la-conduccion-de-personas-y-grupos-tomo-2\/","title":{"rendered":"RECREACI\u00d3N: La Conducci\u00f3n de Personas y Grupos \u2013 Tomo 2"},"content":{"rendered":"\t\t<div data-elementor-type=\"wp-page\" data-elementor-id=\"4604\" class=\"elementor elementor-4604\" data-elementor-post-type=\"page\">\n\t\t\t\t\t\t<section class=\"elementor-section elementor-top-section elementor-element elementor-element-102ed73b elementor-section-content-middle elementor-section-stretched elementor-section-boxed elementor-section-height-default elementor-section-height-default\" data-id=\"102ed73b\" data-element_type=\"section\" data-e-type=\"section\" data-settings=\"{&quot;stretch_section&quot;:&quot;section-stretched&quot;}\">\n\t\t\t\t\t\t<div class=\"elementor-container elementor-column-gap-wider\">\n\t\t\t\t\t<div class=\"elementor-column elementor-col-100 elementor-top-column elementor-element elementor-element-1739e419\" data-id=\"1739e419\" data-element_type=\"column\" data-e-type=\"column\">\n\t\t\t<div class=\"elementor-widget-wrap elementor-element-populated\">\n\t\t\t\t\t\t<div class=\"elementor-element elementor-element-7de0bdbf elementor-widget elementor-widget-text-editor\" data-id=\"7de0bdbf\" data-element_type=\"widget\" data-e-type=\"widget\" data-widget_type=\"text-editor.default\">\n\t\t\t\t<div class=\"elementor-widget-container\">\n\t\t\t\t\t\t\t\t\t<h3><img fetchpriority=\"high\" decoding=\"async\" class=\"alignleft wp-image-10463 size-full\" src=\"https:\/\/estudioinesmoreno.com.ar\/estudio\/wp-content\/uploads\/2023\/03\/recreacion-tomo2.jpg\" alt=\"RECREACI\u00d3N: La Conducci\u00f3n de Personas y Grupos \u2013 Tomo 2\" width=\"545\" height=\"800\" srcset=\"https:\/\/estudioinesmoreno.com.ar\/estudio\/wp-content\/uploads\/2023\/03\/recreacion-tomo2.jpg 545w, https:\/\/estudioinesmoreno.com.ar\/estudio\/wp-content\/uploads\/2023\/03\/recreacion-tomo2-204x300.jpg 204w\" sizes=\"(max-width: 545px) 100vw, 545px\" \/>RECREACI\u00d3N:\u00a0La Conducci\u00f3n de Personas y Grupos &#8211;\u00a0Tomo 2<\/h3><p>Prof. In\u00e9s Moreno<br \/>Ed. Lumen-Humanitas (2010)<\/p><p><strong>Contenido:<\/strong><br \/>Las pr\u00e1cticas recreativas se van superando a s\u00ed mismas a ra\u00edz de las demandas y las necesidades que se observan en creciente aumento y en diversos \u00e1mbitos. La autora de esta obra es asesora de proyectos, programas y actividades en diferentes lugares del mundo, con un com\u00fan denominador: todos requieren creatividad, tanto en su base te\u00f3rica como en su praxis, para que puedan ser implementados por autoridades gubernamentales, organizaciones privadas y empresas. Por eso decidi\u00f3 incorporar parte de esas realidades, para entramarlas con el marco te\u00f3rico, y utilizar la t\u00e9cnica de entrevista como herramienta para traducir la praxis, reelaborando los fundamentos que subyacen en cada acto. Los profesionales elegidos a tal fin constituyen referentes tanto por su trayectoria y solvencia como por su calidad humana\u2026 Sus ideas y sus actos se constituyen en modelos referidos al eje de este volumen: la conducci\u00f3n. Tanto el \u00e9xito como el fracaso de los proyectos, los programas y las actividades recreativas son resultado, por acci\u00f3n u omisi\u00f3n, de quien los lidera. Es el conductor-facilitador-animador-coordinador, en todo el arco de roles y funciones, quien tiene en sus actos la posibilidad y el requerimiento de jerarquizar la recreaci\u00f3n. Proyectos, programas y actividades recreativas aplicados al turismo, la empresa, la escuela, los adultos mayores, al espacio y al movimiento internacional del tiempo libre y el ocio.<\/p><p>Autora:<br \/><strong>In\u00e9s Moreno<\/strong> re\u00fane en su trayectoria la experiencia que vincula la pr\u00e1ctica y la elaboraci\u00f3n te\u00f3rica, con m\u00e1s de 30 a\u00f1os dedicados a la tarea educativa, tanto en el \u00e1mbito formal como en el no formal.<\/p><p>Egresada de Ciencias de la Educaci\u00f3n (Universidad de Buenos Aires). Catedr\u00e1tica y conferencista internacional en centros de prestigio, entre ellos la Universidad de Barcelona, la Universidad de Deusto, la Universidad de Santiago de Compostela, la Universidad Aut\u00f3noma de M\u00e9xico, la Universidad Nacional de Costa Rica, la Universidad American College de Puerto Rico, la Universidad de Paraguay; y en empresas y organismos oficiales, como los ayuntamientos de Tenerife y de Vitoria (Espa\u00f1a), la SECS (Brasil), los Centros de Estudios Cardiff (Inglaterra).<\/p><p>Fue elegida en el a\u00f1o 2000 presidenta de la Asociaci\u00f3n Latinoamericana de Tiempo Libre y Recreaci\u00f3n (ALATIR).<\/p><p>Desde 1977, dirige el Estudio In\u00e9s Moreno, instituci\u00f3n pionera en la aplicaci\u00f3n del juego y la creatividad a la formaci\u00f3n y la capacitaci\u00f3n en diversos \u00e1mbitos.<\/p><p>Creadora y directora de la carrera terciaria oficial de T\u00e9cnico Superior de Juego y Creatividad del Ministerio de Educaci\u00f3n de la Naci\u00f3n. Es autora de El juego y los juegos; Todos tenemos tiempo: nueva pr\u00e1ctica del tiempo libre en el siglo XXI; Recreaci\u00f3n: proyectos, programas, actividades (tomo 1); Ocio: prevenci\u00f3n de salud mental; Ocio y desarrollo humano; Adolescencia y tiempo libre. Es miembro del International Play Journal (Londres, Inglaterra).<\/p>\t\t\t\t\t\t\t\t<\/div>\n\t\t\t\t<\/div>\n\t\t\t\t\t<\/div>\n\t\t<\/div>\n\t\t\t\t\t<\/div>\n\t\t<\/section>\n\t\t\t\t<\/div>\n\t\t","protected":false},"excerpt":{"rendered":"<p>RECREACI\u00d3N:\u00a0La Conducci\u00f3n de Personas y Grupos &#8211;\u00a0Tomo 2 Prof. In\u00e9s MorenoEd. Lumen-Humanitas (2010) Contenido:Las pr\u00e1cticas recreativas se van superando a s\u00ed mismas a ra\u00edz de las demandas y las necesidades que se observan en creciente aumento y en diversos \u00e1mbitos. La autora de esta obra es asesora de proyectos, programas y actividades en diferentes lugares&hellip;<\/p>\n","protected":false},"author":1,"featured_media":0,"parent":2724,"menu_order":0,"comment_status":"closed","ping_status":"closed","template":"","meta":{"_joinchat":[],"footnotes":""},"class_list":["post-4604","page","type-page","status-publish","hentry"],"_links":{"self":[{"href":"https:\/\/estudioinesmoreno.com.ar\/estudio\/wp-json\/wp\/v2\/pages\/4604","targetHints":{"allow":["GET"]}}],"collection":[{"href":"https:\/\/estudioinesmoreno.com.ar\/estudio\/wp-json\/wp\/v2\/pages"}],"about":[{"href":"https:\/\/estudioinesmoreno.com.ar\/estudio\/wp-json\/wp\/v2\/types\/page"}],"author":[{"embeddable":true,"href":"https:\/\/estudioinesmoreno.com.ar\/estudio\/wp-json\/wp\/v2\/users\/1"}],"replies":[{"embeddable":true,"href":"https:\/\/estudioinesmoreno.com.ar\/estudio\/wp-json\/wp\/v2\/comments?post=4604"}],"version-history":[{"count":12,"href":"https:\/\/estudioinesmoreno.com.ar\/estudio\/wp-json\/wp\/v2\/pages\/4604\/revisions"}],"predecessor-version":[{"id":11641,"href":"https:\/\/estudioinesmoreno.com.ar\/estudio\/wp-json\/wp\/v2\/pages\/4604\/revisions\/11641"}],"up":[{"embeddable":true,"href":"https:\/\/estudioinesmoreno.com.ar\/estudio\/wp-json\/wp\/v2\/pages\/2724"}],"wp:attachment":[{"href":"https:\/\/estudioinesmoreno.com.ar\/estudio\/wp-json\/wp\/v2\/media?parent=4604"}],"curies":[{"name":"wp","href":"https:\/\/api.w.org\/{rel}","templated":true}]}}

RECREACIÓN: La Conducción de Personas y Grupos – Tomo 2

<div data-elementor-type="wp-page" data-elementor-id="4604" class="elementor elementor-4604" data-elementor-post-type="page">
						<section class="elementor-section elementor-top-section elementor-element elementor-element-102ed73b elementor-section-content-middle elementor-section-stretched elementor-section-boxed elementor-section-height-default elementor-section-height-default" data-id="102ed73b" data-element_type="section" data-e-type="section" data-settings="{&quot;stretch_section&quot;:&quot;section-stretched&quot;}">
						<div class="elementor-container elementor-column-gap-wider">
					<div class="elementor-column elementor-col-100 elementor-top-column elementor-element elementor-element-1739e419" data-id="1739e419" data-element_type="column" data-e-type="column">
			<div class="elementor-widget-wrap elementor-element-populated">
						<div class="elementor-element elementor-element-7de0bdbf elementor-widget elementor-widget-text-editor" data-id="7de0bdbf" data-element_type="widget" data-e-type="widget" data-widget_type="text-editor.default">
				<div class="elementor-widget-container">
									<h3><img fetchpriority="high" decoding="async" class="alignleft wp-image-10463 size-full" src="https://estudioinesmoreno.com.ar/estudio/wp-content/uploads/2023/03/recreacion-tomo2.jpg" alt="RECREACIÓN: La Conducción de Personas y Grupos – Tomo 2" width="545" height="800" srcset="https://estudioinesmoreno.com.ar/estudio/wp-content/uploads/2023/03/recreacion-tomo2.jpg 545w, https://estudioinesmoreno.com.ar/estudio/wp-content/uploads/2023/03/recreacion-tomo2-204x300.jpg 204w" sizes="(max-width: 545px) 100vw, 545px" />RECREACIÓN: La Conducción de Personas y Grupos &#8211; Tomo 2</h3><p>Prof. Inés Moreno<br />Ed. Lumen-Humanitas (2010)</p><p><strong>Contenido:</strong><br />Las prácticas recreativas se van superando a sí mismas a raíz de las demandas y las necesidades que se observan en creciente aumento y en diversos ámbitos. La autora de esta obra es asesora de proyectos, programas y actividades en diferentes lugares del mundo, con un común denominador: todos requieren creatividad, tanto en su base teórica como en su praxis, para que puedan ser implementados por autoridades gubernamentales, organizaciones privadas y empresas. Por eso decidió incorporar parte de esas realidades, para entramarlas con el marco teórico, y utilizar la técnica de entrevista como herramienta para traducir la praxis, reelaborando los fundamentos que subyacen en cada acto. Los profesionales elegidos a tal fin constituyen referentes tanto por su trayectoria y solvencia como por su calidad humana… Sus ideas y sus actos se constituyen en modelos referidos al eje de este volumen: la conducción. Tanto el éxito como el fracaso de los proyectos, los programas y las actividades recreativas son resultado, por acción u omisión, de quien los lidera. Es el conductor-facilitador-animador-coordinador, en todo el arco de roles y funciones, quien tiene en sus actos la posibilidad y el requerimiento de jerarquizar la recreación. Proyectos, programas y actividades recreativas aplicados al turismo, la empresa, la escuela, los adultos mayores, al espacio y al movimiento internacional del tiempo libre y el ocio.</p><p>Autora:<br /><strong>Inés Moreno</strong> reúne en su trayectoria la experiencia que vincula la práctica y la elaboración teórica, con más de 30 años dedicados a la tarea educativa, tanto en el ámbito formal como en el no formal.</p><p>Egresada de Ciencias de la Educación (Universidad de Buenos Aires). Catedrática y conferencista internacional en centros de prestigio, entre ellos la Universidad de Barcelona, la Universidad de Deusto, la Universidad de Santiago de Compostela, la Universidad Autónoma de México, la Universidad Nacional de Costa Rica, la Universidad American College de Puerto Rico, la Universidad de Paraguay; y en empresas y organismos oficiales, como los ayuntamientos de Tenerife y de Vitoria (España), la SECS (Brasil), los Centros de Estudios Cardiff (Inglaterra).</p><p>Fue elegida en el año 2000 presidenta de la Asociación Latinoamericana de Tiempo Libre y Recreación (ALATIR).</p><p>Desde 1977, dirige el Estudio Inés Moreno, institución pionera en la aplicación del juego y la creatividad a la formación y la capacitación en diversos ámbitos.</p><p>Creadora y directora de la carrera terciaria oficial de Técnico Superior de Juego y Creatividad del Ministerio de Educación de la Nación. Es autora de El juego y los juegos; Todos tenemos tiempo: nueva práctica del tiempo libre en el siglo XXI; Recreación: proyectos, programas, actividades (tomo 1); Ocio: prevención de salud mental; Ocio y desarrollo humano; Adolescencia y tiempo libre. Es miembro del International Play Journal (Londres, Inglaterra).</p>								</div>
				</div>
					</div>
		</div>
					</div>
		</section>
				</div>

<p>RECREACIÓN: La Conducción de Personas y Grupos &#8211; Tomo 2 Prof. Inés MorenoEd. Lumen-Humanitas (2010) Contenido:Las prácticas recreativas se van superando a sí mismas a raíz de las demandas y las necesidades que se observan en creciente aumento y en diversos ámbitos. La autora de esta obra es asesora de proyectos, programas y actividades en diferentes lugares&hellip;</p>
