{"id":4597,"date":"2016-08-26T11:08:28","date_gmt":"2016-08-26T14:08:28","guid":{"rendered":"http:\/\/inesmoreno.com.ar\/estudio\/?page_id=4597"},"modified":"2023-10-06T11:14:20","modified_gmt":"2023-10-06T14:14:20","slug":"el-libro-de-los-permisos","status":"publish","type":"page","link":"https:\/\/estudioinesmoreno.com.ar\/estudio\/libros\/el-libro-de-los-permisos\/","title":{"rendered":"El Libro de los Permisos"},"content":{"rendered":"\t\t<div data-elementor-type=\"wp-page\" data-elementor-id=\"4597\" class=\"elementor elementor-4597\" data-elementor-post-type=\"page\">\n\t\t\t\t\t\t<section class=\"elementor-section elementor-top-section elementor-element elementor-element-7a91773b elementor-section-content-middle elementor-section-stretched elementor-section-boxed elementor-section-height-default elementor-section-height-default\" data-id=\"7a91773b\" data-element_type=\"section\" data-e-type=\"section\" data-settings=\"{&quot;stretch_section&quot;:&quot;section-stretched&quot;}\">\n\t\t\t\t\t\t<div class=\"elementor-container elementor-column-gap-wider\">\n\t\t\t\t\t<div class=\"elementor-column elementor-col-100 elementor-top-column elementor-element elementor-element-134e1e7a\" data-id=\"134e1e7a\" data-element_type=\"column\" data-e-type=\"column\">\n\t\t\t<div class=\"elementor-widget-wrap elementor-element-populated\">\n\t\t\t\t\t\t<div class=\"elementor-element elementor-element-7cb98c61 elementor-widget elementor-widget-text-editor\" data-id=\"7cb98c61\" data-element_type=\"widget\" data-e-type=\"widget\" data-widget_type=\"text-editor.default\">\n\t\t\t\t<div class=\"elementor-widget-container\">\n\t\t\t\t\t\t\t\t\t<h3><img fetchpriority=\"high\" decoding=\"async\" class=\"alignleft wp-image-10433 size-large\" src=\"https:\/\/estudioinesmoreno.com.ar\/estudio\/wp-content\/uploads\/2023\/03\/el-libro-de-los-permisos-697x1024.jpg\" alt=\"El Libro De Los Permisos\" width=\"697\" height=\"1024\" srcset=\"https:\/\/estudioinesmoreno.com.ar\/estudio\/wp-content\/uploads\/2023\/03\/el-libro-de-los-permisos-697x1024.jpg 697w, https:\/\/estudioinesmoreno.com.ar\/estudio\/wp-content\/uploads\/2023\/03\/el-libro-de-los-permisos-204x300.jpg 204w, https:\/\/estudioinesmoreno.com.ar\/estudio\/wp-content\/uploads\/2023\/03\/el-libro-de-los-permisos-768x1128.jpg 768w, https:\/\/estudioinesmoreno.com.ar\/estudio\/wp-content\/uploads\/2023\/03\/el-libro-de-los-permisos-1046x1536.jpg 1046w, https:\/\/estudioinesmoreno.com.ar\/estudio\/wp-content\/uploads\/2023\/03\/el-libro-de-los-permisos.jpg 1207w\" sizes=\"(max-width: 697px) 100vw, 697px\" \/>El Libro de los Permisos<\/h3><p>Prof. In\u00e9s Moreno<br \/>Editorial Bonum<br \/>1\u00ba Edici\u00f3n (2014)<\/p><p>A pesar de lo que podr\u00edamos suponer, el permiso no nos es dado desde el afuera; es una conquista personal, que requiere trabajo con uno mismo y luego con el entorno.<\/p><p>En una \u00e9poca signada por el facilismo y la b\u00fasqueda del \u00e9xito inmediato, el \u201ctrabajo\u201d personal se torna aun m\u00e1s dificultoso, pero no por ello es imposible.<\/p><p>El permiso irrumpe para vivir con mayor flexibilidad, generando mayor armon\u00eda personal y, por ende, salud.<\/p><p>El libro de los permisos es una invitaci\u00f3n a la aventura de vivir con m\u00e1s plenitud.<\/p><p>Una lectura para descubrir. Una posibilidad para entramar deseos e ideas con ejemplos y ejercicios para realizar.<\/p><p><strong>In\u00e9s Moreno<br \/><\/strong>Es profesora en Ciencias de la Educaci\u00f3n (UBA). Creadora y directora, desde 1977, del Estudio In\u00e9s Moreno, centro especializado en la aplicaci\u00f3n del juego y t\u00e9cnicas no convencionales para la formaci\u00f3n y entrenamiento de personas, la creaci\u00f3n, asesoramiento y supervisi\u00f3n de proyectos y programas en empresas, educaci\u00f3n, salud, trabajo comunitario.<\/p><p>Representante de la Argentina y asesora en organismos internacionales: WOLRA-ALATIR-Consejo Editor del International Play Journal (Inglaterra).<\/p><p>Fue maestra y directora de jardines de infantes y escuela primaria. Profesora de institutos de ense\u00f1anza media y terciaria, profesora titular de carreras de grado y posgrado de diversas universidades: UBA, UB, FASTA. Docente Invitada en Universidades Extranjeras. Capacitadora y coach en organismos oficiales, ONG y empresas de Argentina, Brasil, Costa Rica, M\u00e9xico, Espa\u00f1a y Portugal. Participa en congresos internacionales, dicta conferencias, seminarios, talleres y cursos de capacitaci\u00f3n.<\/p><p>Es autora de numerosos art\u00edculos para publicaciones acad\u00e9micas internacionales y de libros sobre juego, recreaci\u00f3n, rol docente, liderazgo, adolescencia y tiempo libre.<\/p>\t\t\t\t\t\t\t\t<\/div>\n\t\t\t\t<\/div>\n\t\t\t\t\t<\/div>\n\t\t<\/div>\n\t\t\t\t\t<\/div>\n\t\t<\/section>\n\t\t\t\t<\/div>\n\t\t","protected":false},"excerpt":{"rendered":"<p>El Libro de los Permisos Prof. In\u00e9s MorenoEditorial Bonum1\u00ba Edici\u00f3n (2014) A pesar de lo que podr\u00edamos suponer, el permiso no nos es dado desde el afuera; es una conquista personal, que requiere trabajo con uno mismo y luego con el entorno. En una \u00e9poca signada por el facilismo y la b\u00fasqueda del \u00e9xito inmediato,&hellip;<\/p>\n","protected":false},"author":1,"featured_media":0,"parent":2724,"menu_order":0,"comment_status":"closed","ping_status":"closed","template":"","meta":{"_joinchat":[],"footnotes":""},"class_list":["post-4597","page","type-page","status-publish","hentry"],"_links":{"self":[{"href":"https:\/\/estudioinesmoreno.com.ar\/estudio\/wp-json\/wp\/v2\/pages\/4597","targetHints":{"allow":["GET"]}}],"collection":[{"href":"https:\/\/estudioinesmoreno.com.ar\/estudio\/wp-json\/wp\/v2\/pages"}],"about":[{"href":"https:\/\/estudioinesmoreno.com.ar\/estudio\/wp-json\/wp\/v2\/types\/page"}],"author":[{"embeddable":true,"href":"https:\/\/estudioinesmoreno.com.ar\/estudio\/wp-json\/wp\/v2\/users\/1"}],"replies":[{"embeddable":true,"href":"https:\/\/estudioinesmoreno.com.ar\/estudio\/wp-json\/wp\/v2\/comments?post=4597"}],"version-history":[{"count":12,"href":"https:\/\/estudioinesmoreno.com.ar\/estudio\/wp-json\/wp\/v2\/pages\/4597\/revisions"}],"predecessor-version":[{"id":11614,"href":"https:\/\/estudioinesmoreno.com.ar\/estudio\/wp-json\/wp\/v2\/pages\/4597\/revisions\/11614"}],"up":[{"embeddable":true,"href":"https:\/\/estudioinesmoreno.com.ar\/estudio\/wp-json\/wp\/v2\/pages\/2724"}],"wp:attachment":[{"href":"https:\/\/estudioinesmoreno.com.ar\/estudio\/wp-json\/wp\/v2\/media?parent=4597"}],"curies":[{"name":"wp","href":"https:\/\/api.w.org\/{rel}","templated":true}]}}