{"id":4591,"date":"2016-08-26T10:51:57","date_gmt":"2016-08-26T13:51:57","guid":{"rendered":"http:\/\/inesmoreno.com.ar\/estudio\/?page_id=4591"},"modified":"2023-10-06T11:06:53","modified_gmt":"2023-10-06T14:06:53","slug":"el-juego-y-los-juegos","status":"publish","type":"page","link":"https:\/\/estudioinesmoreno.com.ar\/estudio\/libros\/el-juego-y-los-juegos\/","title":{"rendered":"El Juego y Los Juegos"},"content":{"rendered":"\t\t<div data-elementor-type=\"wp-page\" data-elementor-id=\"4591\" class=\"elementor elementor-4591\" data-elementor-post-type=\"page\">\n\t\t\t\t\t\t<section class=\"elementor-section elementor-top-section elementor-element elementor-element-6536faae elementor-section-content-middle elementor-section-stretched elementor-section-boxed elementor-section-height-default elementor-section-height-default\" data-id=\"6536faae\" data-element_type=\"section\" data-e-type=\"section\" data-settings=\"{&quot;stretch_section&quot;:&quot;section-stretched&quot;}\">\n\t\t\t\t\t\t<div class=\"elementor-container elementor-column-gap-wider\">\n\t\t\t\t\t<div class=\"elementor-column elementor-col-100 elementor-top-column elementor-element elementor-element-169358f0\" data-id=\"169358f0\" data-element_type=\"column\" data-e-type=\"column\">\n\t\t\t<div class=\"elementor-widget-wrap elementor-element-populated\">\n\t\t\t\t\t\t<div class=\"elementor-element elementor-element-40108442 elementor-widget elementor-widget-text-editor\" data-id=\"40108442\" data-element_type=\"widget\" data-e-type=\"widget\" data-widget_type=\"text-editor.default\">\n\t\t\t\t<div class=\"elementor-widget-container\">\n\t\t\t\t\t\t\t\t\t<h3><img fetchpriority=\"high\" decoding=\"async\" class=\"alignleft wp-image-10455 size-full\" src=\"https:\/\/estudioinesmoreno.com.ar\/estudio\/wp-content\/uploads\/2023\/03\/el-juego-y-los-juegos.jpg\" alt=\"El Juego y Los Juegos\" width=\"545\" height=\"800\" srcset=\"https:\/\/estudioinesmoreno.com.ar\/estudio\/wp-content\/uploads\/2023\/03\/el-juego-y-los-juegos.jpg 545w, https:\/\/estudioinesmoreno.com.ar\/estudio\/wp-content\/uploads\/2023\/03\/el-juego-y-los-juegos-204x300.jpg 204w\" sizes=\"(max-width: 545px) 100vw, 545px\" \/>EL JUEGO y LOS JUEGOS<\/h3><p>Prof. In\u00e9s Moreno<br \/>Editorial Lumen-Humanitas<br \/>(2005)<\/p><p>Esta obra constituye una aporte a la comprensi\u00f3n del juego y otorga estrategias para su utilizaci\u00f3n. Desde el cambio de actitudes y el desarrollo en valores hasta la capacitaci\u00f3n empresarial, la autora recorre diversos campos y \u00e1mbitos de aplicaci\u00f3n : salud, empresa, educaci\u00f3n, trabajo comunitario.<\/p><p>Comparte con el lector, en un lenguaje sencillo, la profundidad del marco te\u00f3rico que sustenta y que fue construyendo en m\u00e1s de 30 a\u00f1os de tarea profesional.<\/p><p>\u201cEl Juego y Los Juegos\u201d es una invitaci\u00f3n para ingrear en el complejo universo del juego. \u201d Cualquier situaci\u00f3n puede ser transformada en juego \u2013 se\u00f1ala la autora \u2013 y muchas situaciones que se denominan juego no lo son \u201c.<\/p><p>Esto supone comprender qu\u00e9 le sucede a una persona cuando juega, as\u00ed como los procedimientos y las actitudes requeridas para su conducci\u00f3n.<br \/>Juegador-Facilitador van conformando una trama en la que tejen confianza,conocimiento, comunicaci\u00f3n, aprendizaje.<br \/>Juegador-Facilitador se encuentran comprometidos en la m\u00e1gica invitaci\u00f3n de vivir el juego como una poderosa herramienta para el desarrollo humano.<\/p><p>El libro contiene aspectos metodol\u00f3gicos y conceptuales para aplicar el juego en diferentes \u00e1mbitos : salud, empresa, educaci\u00f3n,trabajo comunitario, medios de comunicaci\u00f3n, as\u00ed como las estrategias a tener en cuenta con adultos, adultos mayores, ni\u00f1os y adolescentes. Las dificultades y bloqueos que se presentan cuando la persona juega y las acciones requeridas para desbloquear y estimular el proceso. El juego y la salud: el papel de las emociones. La resiliencia y otras estrategias para la prevenci\u00f3n y la terap\u00e9utica. La ludopat\u00eda como otra cara del juego. Juego y aprendizaje: la capacitaci\u00f3n empresarial, la escuela, el uso del Tiempo libre. Los Juegos grupales. El facilitador de juego. Procedimientos y actitudes que favorecen y que obstaculizan. La creaci\u00f3n de juegos a \u201d medida\u201d de las necesidades de una persona y un grupo.<\/p><p>El libro incluye tres conferencias: Juego y Creatividad en las Inteligencias M\u00faltiples; Juego y Creatividad: un camino para la Ciencia y la Paz; Juego y Creatividad en los nuevos paradigmas. Constituyen un soporte imprescindible para aquellos que ya utilizan o desean incorporar el juego en su tarea.<\/p>\t\t\t\t\t\t\t\t<\/div>\n\t\t\t\t<\/div>\n\t\t\t\t\t<\/div>\n\t\t<\/div>\n\t\t\t\t\t<\/div>\n\t\t<\/section>\n\t\t\t\t<\/div>\n\t\t","protected":false},"excerpt":{"rendered":"<p>EL JUEGO y LOS JUEGOS Prof. In\u00e9s MorenoEditorial Lumen-Humanitas(2005) Esta obra constituye una aporte a la comprensi\u00f3n del juego y otorga estrategias para su utilizaci\u00f3n. Desde el cambio de actitudes y el desarrollo en valores hasta la capacitaci\u00f3n empresarial, la autora recorre diversos campos y \u00e1mbitos de aplicaci\u00f3n : salud, empresa, educaci\u00f3n, trabajo comunitario. Comparte&hellip;<\/p>\n","protected":false},"author":1,"featured_media":0,"parent":2724,"menu_order":0,"comment_status":"closed","ping_status":"closed","template":"","meta":{"_joinchat":[],"footnotes":""},"class_list":["post-4591","page","type-page","status-publish","hentry"],"_links":{"self":[{"href":"https:\/\/estudioinesmoreno.com.ar\/estudio\/wp-json\/wp\/v2\/pages\/4591","targetHints":{"allow":["GET"]}}],"collection":[{"href":"https:\/\/estudioinesmoreno.com.ar\/estudio\/wp-json\/wp\/v2\/pages"}],"about":[{"href":"https:\/\/estudioinesmoreno.com.ar\/estudio\/wp-json\/wp\/v2\/types\/page"}],"author":[{"embeddable":true,"href":"https:\/\/estudioinesmoreno.com.ar\/estudio\/wp-json\/wp\/v2\/users\/1"}],"replies":[{"embeddable":true,"href":"https:\/\/estudioinesmoreno.com.ar\/estudio\/wp-json\/wp\/v2\/comments?post=4591"}],"version-history":[{"count":15,"href":"https:\/\/estudioinesmoreno.com.ar\/estudio\/wp-json\/wp\/v2\/pages\/4591\/revisions"}],"predecessor-version":[{"id":11607,"href":"https:\/\/estudioinesmoreno.com.ar\/estudio\/wp-json\/wp\/v2\/pages\/4591\/revisions\/11607"}],"up":[{"embeddable":true,"href":"https:\/\/estudioinesmoreno.com.ar\/estudio\/wp-json\/wp\/v2\/pages\/2724"}],"wp:attachment":[{"href":"https:\/\/estudioinesmoreno.com.ar\/estudio\/wp-json\/wp\/v2\/media?parent=4591"}],"curies":[{"name":"wp","href":"https:\/\/api.w.org\/{rel}","templated":true}]}}