{"id":4549,"date":"2016-08-23T13:56:28","date_gmt":"2016-08-23T16:56:28","guid":{"rendered":"http:\/\/inesmoreno.com.ar\/estudio\/?page_id=4549"},"modified":"2023-11-21T21:24:38","modified_gmt":"2023-11-22T00:24:38","slug":"team-building","status":"publish","type":"page","link":"https:\/\/estudioinesmoreno.com.ar\/estudio\/team-building\/","title":{"rendered":"Team Building"},"content":{"rendered":"\t\t<div data-elementor-type=\"wp-page\" data-elementor-id=\"4549\" class=\"elementor elementor-4549\" data-elementor-post-type=\"page\">\n\t\t\t\t\t\t<section class=\"elementor-section elementor-top-section elementor-element elementor-element-2baad63 elementor-section-boxed elementor-section-height-default elementor-section-height-default\" data-id=\"2baad63\" data-element_type=\"section\" data-e-type=\"section\">\n\t\t\t\t\t\t<div class=\"elementor-container elementor-column-gap-default\">\n\t\t\t\t\t<div class=\"elementor-column elementor-col-100 elementor-top-column elementor-element elementor-element-ae31853\" data-id=\"ae31853\" data-element_type=\"column\" data-e-type=\"column\">\n\t\t\t<div class=\"elementor-widget-wrap elementor-element-populated\">\n\t\t\t\t\t\t<div class=\"elementor-element elementor-element-4a91698 elementor-widget elementor-widget-heading\" data-id=\"4a91698\" data-element_type=\"widget\" data-e-type=\"widget\" data-widget_type=\"heading.default\">\n\t\t\t\t<div class=\"elementor-widget-container\">\n\t\t\t\t\t<h2 class=\"elementor-heading-title elementor-size-default\">TEAM BUILDING<\/h2>\t\t\t\t<\/div>\n\t\t\t\t<\/div>\n\t\t\t\t\t<\/div>\n\t\t<\/div>\n\t\t\t\t\t<\/div>\n\t\t<\/section>\n\t\t\t\t<section class=\"elementor-section elementor-top-section elementor-element elementor-element-49ad8d94 elementor-section-content-middle elementor-section-stretched elementor-section-boxed elementor-section-height-default elementor-section-height-default\" data-id=\"49ad8d94\" data-element_type=\"section\" data-e-type=\"section\" data-settings=\"{&quot;stretch_section&quot;:&quot;section-stretched&quot;}\">\n\t\t\t\t\t\t<div class=\"elementor-container elementor-column-gap-wider\">\n\t\t\t\t\t<div class=\"elementor-column elementor-col-100 elementor-top-column elementor-element elementor-element-56a461d8\" data-id=\"56a461d8\" data-element_type=\"column\" data-e-type=\"column\">\n\t\t\t<div class=\"elementor-widget-wrap elementor-element-populated\">\n\t\t\t\t\t\t<div class=\"elementor-element elementor-element-968293c elementor-widget elementor-widget-text-editor\" data-id=\"968293c\" data-element_type=\"widget\" data-e-type=\"widget\" data-widget_type=\"text-editor.default\">\n\t\t\t\t<div class=\"elementor-widget-container\">\n\t\t\t\t\t\t\t\t\t<p>La Empresa-Organizaci\u00f3n nos transmite sus objetivos-necesidades-expectativas y en funci\u00f3n de estas premisas elaboramos un <em><strong><span style=\"text-decoration: underline;\">\u00abproyecto a medida\u00bb.<\/span><\/strong><\/em><\/p><p>Team Building y Jornadas de Convivencia constituyen proyectos que unifican aspectos recreativos con objetivos organizacionales.<\/p><p>En escenarios naturales o espacios fuera de la organizaci\u00f3n, utilizados generalmente como incentivos permiten adem\u00e1s, generar mayor conocimiento e interrelaci\u00f3n, trabajo en equipo y diversos aprendizajes individuales y grupales a trav\u00e9s del JUEGO.<br \/><br \/>Organizamos estas experiencias innovadoras y creativas para tus equipos de trabajo, que desde la vivencia impulsa a trabajar diferentes habilidades y competencias. Desde nuestra metodolog\u00eda nos permitimos dar lugar a la autoobservaci\u00f3n y descubrimiento que luego impactar\u00e1n positivamente en la organizaci\u00f3n.<br \/><br \/>Luego del armado del diagn\u00f3stico, presentamos la p<span style=\"background-color: rgba(255, 255, 255, 0); color: var(--the7-base-color); letter-spacing: var(--the7-base-letter-spacing); text-transform: var(--the7-base-text-transform); word-spacing: normal;\">ropuesta siempre dise\u00f1ada para resolver la problem\u00e1tica pautada. Durante las actividades se dara tiempo para la reflexi\u00f3n y transferencia, se analizar\u00e1n los emergentes en el momento del rescate. Luego del evento se\u00a0<\/span><span style=\"background-color: rgba(255, 255, 255, 0); color: var(--the7-base-color); letter-spacing: var(--the7-base-letter-spacing); text-transform: var(--the7-base-text-transform); word-spacing: normal;\">elabora un informe con los principales hallazgos.<\/span><\/p><p><span style=\"background-color: rgba(255, 255, 255, 0); color: var(--the7-base-color); letter-spacing: var(--the7-base-letter-spacing); text-transform: var(--the7-base-text-transform); word-spacing: normal;\">El primer contacto puede realizarse por mail, Telefax o en forma personal para luego decidir en forma conjunta la mejor alternativa de continuidad<\/span><\/p>\t\t\t\t\t\t\t\t<\/div>\n\t\t\t\t<\/div>\n\t\t\t\t\t<\/div>\n\t\t<\/div>\n\t\t\t\t\t<\/div>\n\t\t<\/section>\n\t\t\t\t<\/div>\n\t\t","protected":false},"excerpt":{"rendered":"<p>TEAM BUILDING La Empresa-Organizaci\u00f3n nos transmite sus objetivos-necesidades-expectativas y en funci\u00f3n de estas premisas elaboramos un \u00abproyecto a medida\u00bb. Team Building y Jornadas de Convivencia constituyen proyectos que unifican aspectos recreativos con objetivos organizacionales. En escenarios naturales o espacios fuera de la organizaci\u00f3n, utilizados generalmente como incentivos permiten adem\u00e1s, generar mayor conocimiento e interrelaci\u00f3n, trabajo&hellip;<\/p>\n","protected":false},"author":1,"featured_media":0,"parent":0,"menu_order":0,"comment_status":"closed","ping_status":"closed","template":"","meta":{"_joinchat":[],"footnotes":""},"class_list":["post-4549","page","type-page","status-publish","hentry"],"_links":{"self":[{"href":"https:\/\/estudioinesmoreno.com.ar\/estudio\/wp-json\/wp\/v2\/pages\/4549","targetHints":{"allow":["GET"]}}],"collection":[{"href":"https:\/\/estudioinesmoreno.com.ar\/estudio\/wp-json\/wp\/v2\/pages"}],"about":[{"href":"https:\/\/estudioinesmoreno.com.ar\/estudio\/wp-json\/wp\/v2\/types\/page"}],"author":[{"embeddable":true,"href":"https:\/\/estudioinesmoreno.com.ar\/estudio\/wp-json\/wp\/v2\/users\/1"}],"replies":[{"embeddable":true,"href":"https:\/\/estudioinesmoreno.com.ar\/estudio\/wp-json\/wp\/v2\/comments?post=4549"}],"version-history":[{"count":9,"href":"https:\/\/estudioinesmoreno.com.ar\/estudio\/wp-json\/wp\/v2\/pages\/4549\/revisions"}],"predecessor-version":[{"id":12420,"href":"https:\/\/estudioinesmoreno.com.ar\/estudio\/wp-json\/wp\/v2\/pages\/4549\/revisions\/12420"}],"wp:attachment":[{"href":"https:\/\/estudioinesmoreno.com.ar\/estudio\/wp-json\/wp\/v2\/media?parent=4549"}],"curies":[{"name":"wp","href":"https:\/\/api.w.org\/{rel}","templated":true}]}}