{"id":3847,"date":"2016-03-31T21:22:50","date_gmt":"2016-03-31T21:22:50","guid":{"rendered":"http:\/\/www.inesmoreno.com.ar\/estudio\/?page_id=3031"},"modified":"2022-12-31T15:42:37","modified_gmt":"2022-12-31T15:42:37","slug":"formacion-formadores","status":"publish","type":"page","link":"https:\/\/estudioinesmoreno.com.ar\/estudio\/cursos\/formacion-formadores\/","title":{"rendered":"Formaci\u00f3n de Capacitadores Especializada en T\u00e9cnicas No Convencionales y L\u00fadicas"},"content":{"rendered":"\t\t<div data-elementor-type=\"wp-page\" data-elementor-id=\"3847\" class=\"elementor elementor-3847\" data-elementor-post-type=\"page\">\n\t\t\t\t\t\t<section class=\"elementor-section elementor-top-section elementor-element elementor-element-4dfab90c elementor-section-content-middle elementor-section-stretched elementor-section-boxed elementor-section-height-default elementor-section-height-default\" data-id=\"4dfab90c\" data-element_type=\"section\" data-e-type=\"section\" data-settings=\"{&quot;stretch_section&quot;:&quot;section-stretched&quot;}\">\n\t\t\t\t\t\t<div class=\"elementor-container elementor-column-gap-wider\">\n\t\t\t\t\t<div class=\"elementor-column elementor-col-100 elementor-top-column elementor-element elementor-element-3d11a10b\" data-id=\"3d11a10b\" data-element_type=\"column\" data-e-type=\"column\">\n\t\t\t<div class=\"elementor-widget-wrap elementor-element-populated\">\n\t\t\t\t\t\t<div class=\"elementor-element elementor-element-1643ff93 elementor-widget elementor-widget-text-editor\" data-id=\"1643ff93\" data-element_type=\"widget\" data-e-type=\"widget\" data-widget_type=\"text-editor.default\">\n\t\t\t\t<div class=\"elementor-widget-container\">\n\t\t\t\t\t\t\t\t\t<p>Curso Anual destinado a las personas que tienen a su cargo la capacitaci\u00f3n y\/o entrenamiento de adultos en diversos contextos y que desean adquirir-profundizar dispositivos, estrategias y herramientas para lograr el impacto deseado en los programas de capacitaci\u00f3n que llevan a cabo. Tiene como\u00a0<em>caracter\u00edstica central<\/em> <strong>la coherencia entre el programa del curso y la metodolog\u00eda de aprendizaje que se implementa:<\/strong> <em>los participantes podr\u00e1n\u00a0\u201dvivenciar\u201d la metodolog\u00eda participativa de la instituci\u00f3n<\/em>, accediendo a los objetivos y contenidos a trav\u00e9s <strong>de t\u00e9cnicas l\u00fadicas<\/strong> que tambi\u00e9n les ser\u00e1n de utilidad para transferir a la pr\u00e1ctica de la formaci\u00f3n.<\/p><p>Este curso es de sumo inter\u00e9s para toda persona que desempe\u00f1e funciones de Conducci\u00f3n &#8211; Coordinaci\u00f3n de equipos de trabajo -Formaci\u00f3n &#8211; Capacitaci\u00f3n &#8211; Entrenamiento de personas y grupos, o que cumplan funciones de asesoramiento para staff directivos, profesionales de RRHH, empresarios, niveles ejecutivos y gerenciales de empresas e instituciones. Profesionales y promotores\/ras encargado de dise\u00f1ar, implementar programas y acciones de capacitaci\u00f3n y acompa\u00f1amiento. Profesionales que deseen incorporarse al sector de capacitaci\u00f3n laboral y\/o la Conducci\u00f3n.<\/p><p>Brinda herramientas para planificar, ejecutar y evaluar las acciones con estrategias y t\u00e9cnicas innovadoras y un marco conceptual que articula los\u00a0aportes de la neurociencia, neurolingu\u00edstica, ontolog\u00eda del lenguaje, did\u00e1ctica cient\u00edfica, entre otros, con el objetivo de obtener resultados efectivos en las intervenciones pertienentes.<\/p><p>El abordaje de cada contenido se realiza a trav\u00e9s de t\u00e9cnicas no convencionales y l\u00fadicas para permitir un aprendizaje significativo, capaz de ser transferido en forma inmediata al contexto cotidiano de cada participante.\u00a0El <strong>estudio in\u00e9s moreno<\/strong> es pionero de la capacitaci\u00f3n en <em><strong>JUEGO y CREATIVIDAD<\/strong><\/em> y desde 1977\u00a0ha formado a los profesionales que han multiplicado estos contenidos en tareas de capacitaci\u00f3n, selecci\u00f3n de personal y coaching dentro de las organizaciones de Argentina y el resto del mundo.<\/p><h4><strong><u>Objetivos<\/u><\/strong><strong>:<\/strong><\/h4><ol><li>Comprender el alcance del concepto de aprendizaje significativo y su abordaje con adultos<\/li><li>Adquirir metodolog\u00eda y estrategias para la implementaci\u00f3n de t\u00e9cnicas que logren la participaci\u00f3n, compromiso y motivaci\u00f3n de los destinatarios del programa<\/li><li>Dise\u00f1ar e implementar los momentos del proceso did\u00e1ctico: planificaci\u00f3n, ejecuci\u00f3n y evaluaci\u00f3n aplicando los conceptos y t\u00e9cnicas del curso<\/li><li>Tomar conciencia de los aspectos personales y profesionales que se ponen de manifiesto en la conducci\u00f3n de programas de formaci\u00f3n<\/li><li>Entrenar los aspectos cognoscitivos, procedimentales y actitudinales que intervienen en las acciones para alcanzar\u00a0el impacto deseado<\/li><\/ol><h4><strong><u>Contenidos<\/u><\/strong><strong>:<\/strong><\/h4><p>UNIDAD 1: <strong>El Aprendizaje significativo: \u201caprender a aprender\u201d<\/strong><\/p><p>El aprendizaje en adultos. Para qu\u00e9 y c\u00f3mo aprender? Aprender a aprender : aspectos metodol\u00f3gicos y actitudinales. El papel de las situaciones problem\u00e1ticas en el aprendizaje significativo. Aportes de las neurociencias y neuroling\u00fc\u00edstica. Las inteligencias m\u00faltiples. El papel del cerebro y las emociones. Aportes de teor\u00edas para la aplicaci\u00f3n de diferentes estrategias: conductismo, constructivismo, cognitivas, entre otras. El aprendizaje de contenidos cognoscitivos, procedimentales y actitudinales: similitudes y diferencias.<\/p><p>UNIDAD 2: <strong>El proyecto de formaci\u00f3n<\/strong><\/p><p>El planeamiento de la capacitaci\u00f3n. Aspectos contextuales del proyecto. Did\u00e1ctica operativa: planificar, ejecutar y evaluar. El diagn\u00f3stico. Criterios de selecci\u00f3n de objetivos, contenidos y actividades. La organizaci\u00f3n y los principios did\u00e1cticos en funci\u00f3n de quien aprende. El adulto: dominio de estrategias de aprendizaje, motivaci\u00f3n e intereses personales, maduraci\u00f3n psicol\u00f3gica, entrenamiento de actividad cerebral, autoestima y otros aspectos involucrados. El querer aprender, poder aprender, saber aprender. Actividades centradas en el aprendizaje. El papel de las t\u00e9cnicas. La evaluaci\u00f3n formativa: instrumentos y t\u00e9cnicas. El armado de una clase. Las tutor\u00edas y el coaching del aprendiz.<\/p><p>UNIDAD 3: <strong>Actividades y t\u00e9cnicas participativas<\/strong><\/p><p>T\u00e9cnicas grupales para diferentes objetivos (integrar, an\u00e1lisis de contenidos, debate, cierre, entre otros) y para diversos grupos. El estudio de casos. Las nuevas tecnolog\u00edas Criterios de elecci\u00f3n de las t\u00e9cnicas. Aspectos metodol\u00f3gicos y estrat\u00e9gicos del JUEGO como una de las t\u00e9cnicas grupales. Los Juegos grupales: Abordaje de las 4 \u00abC\u00bb. Metodolog\u00eda y t\u00e9cnicas para la aplicaci\u00f3n del Juego. Diversos objetivos y juegos: conflicto, simulaci\u00f3n, etc. Progresi\u00f3n del juego. La creaci\u00f3n de juegos a medida. Juegos Individuales, juegos de mesa, espacios. El encuadre. La consigna. El espacio. El tiempo. El cuerpo. Uso de la voz. El papel de los recursos.<\/p><p>UNIDAD 4: <strong>Rol de FORMADOR-CAPACITADOR-FACILITADOR<\/strong><\/p><p>La acci\u00f3n del formador. Competencias para el \u201cense\u00f1aje\u201d. El trabajo con el grupo y el an\u00e1lisis del contexto organizacional. Manejo de los v\u00ednculos. La percepci\u00f3n. El manejo de los emergentes. La comunicaci\u00f3n\u00a0 y la escucha. Estilo de la comunicaci\u00f3n. La redacci\u00f3n de textos en t\u00e9cnicas no presenciales. El manejo de c\u00f3digos y canales para diferentes audiencias. La exposici\u00f3n del capacitador. Los alumnos problem\u00e1ticos. Escenas temidas. La coherencia: el pensar, sentir y hacer del formador como mensaje.<\/p><h4><strong>Trabajos Pr\u00e1cticos<\/strong><\/h4><ol type=\"a\"><li>Elaboraci\u00f3n sobre Juegos vividos<\/li><li>Estudio de casos.<\/li><li>Observaci\u00f3n de un grupo.<\/li><li>Entrevista a un conductor de grupo.<\/li><li>Micro-ense\u00f1anza.<\/li><\/ol><h4><strong><em>\u00bfC\u00f3mo se ense\u00f1a?<\/em><\/strong><\/h4><p><strong><u>De la vivencia a la reflexi\u00f3n te\u00f3rica<\/u><\/strong><strong>.<\/strong> Privilegiamos el juego como generador de aprendizaje, construyendo el conocimiento desde la vivencia a la elaboraci\u00f3n de un marco te\u00f3rico que sustente cada experiencia. Creando situaciones de an\u00e1lisis a trav\u00e9s del juego, estudio de casos y t\u00e9cnicas no convencionales, para entrenarse en todas las habilidades y actitudes que posibilitan un liderazgo capaz de actuar de acuerdo con las demandas de esta realidad. Nos proponemos en cada situaci\u00f3n la b\u00fasqueda de la coherencia entre el sentir, el pensar y el hacer.<\/p><p><strong><u>Concebimos al Hombre como un ser total<\/u><\/strong>, por ello cada una de nuestras alternativas contiene el abordaje integral de cada participante como persona y como profesional. Entendemos que el aprender puede darse en un clima de libertad, cooperaci\u00f3n, compromiso, b\u00fasqueda de s\u00ed mismo y con los otros.<\/p><h4><strong><em>T\u00e9cnicas de trabajo<\/em><\/strong><\/h4><p>En cada Curso se implementar\u00e1n actividades vivenciales y reflexivas para cada contenido. Cada alumno tendr\u00e1 una gu\u00eda de estudio para orientar la elaboraci\u00f3n personal y la lectura bibliogr\u00e1fica.<\/p><p>Se solicitar\u00e1n trabajos pr\u00e1cticos de acuerdo con la tem\u00e1tica espec\u00edfica:<\/p><ol type=\"a\"><li>elaboraci\u00f3n de un producto que exprese el proceso creativo personal.<\/li><li>observaci\u00f3n de actividades.<\/li><li>Microense\u00f1anza.<\/li><\/ol><h4><strong><em>Evaluaci\u00f3n<\/em><\/strong><\/h4><p>La evaluaci\u00f3n de cada Curso consta de un trabajo (te\u00f3rico-pr\u00e1ctico) que debe ser presentado y defendido en un Coloquio.<\/p><h4><strong><em>Modalidad de la Cursada<\/em><\/strong><\/h4><ol type=\"a\"><li>Presencial cada quince d\u00edas (solicitar horarios)<\/li><li>Semi-presencial: en d\u00eda s\u00e1bado de 10.00 a 16.00 hs (solicitar cronograma)<\/li><\/ol><h4><strong><em>Calendario<\/em><\/strong><\/h4><p>Las clases inician a principio\u00a0de Abril y culminan a finales\u00a0de Noviembre. Los Coloquios se desarrollan en Diciembre.<\/p><h4><strong><em>Certificado<\/em><\/strong><\/h4><p>Al finalizar el Curso y aprobar el Coloquio se entregar\u00e1 una constancia de car\u00e1cter institucional.<\/p>\t\t\t\t\t\t\t\t<\/div>\n\t\t\t\t<\/div>\n\t\t\t\t\t<\/div>\n\t\t<\/div>\n\t\t\t\t\t<\/div>\n\t\t<\/section>\n\t\t\t\t<\/div>\n\t\t","protected":false},"excerpt":{"rendered":"<p>Curso Anual destinado a las personas que tienen a su cargo la capacitaci\u00f3n y\/o entrenamiento de adultos en diversos contextos y que desean adquirir-profundizar dispositivos, estrategias y herramientas para lograr el impacto deseado en los programas de capacitaci\u00f3n que llevan a cabo. Tiene como\u00a0caracter\u00edstica central la coherencia entre el programa del curso y la metodolog\u00eda&hellip;<\/p>\n","protected":false},"author":1,"featured_media":0,"parent":3080,"menu_order":0,"comment_status":"closed","ping_status":"closed","template":"","meta":{"_joinchat":[],"footnotes":""},"class_list":["post-3847","page","type-page","status-publish","hentry"],"_links":{"self":[{"href":"https:\/\/estudioinesmoreno.com.ar\/estudio\/wp-json\/wp\/v2\/pages\/3847","targetHints":{"allow":["GET"]}}],"collection":[{"href":"https:\/\/estudioinesmoreno.com.ar\/estudio\/wp-json\/wp\/v2\/pages"}],"about":[{"href":"https:\/\/estudioinesmoreno.com.ar\/estudio\/wp-json\/wp\/v2\/types\/page"}],"author":[{"embeddable":true,"href":"https:\/\/estudioinesmoreno.com.ar\/estudio\/wp-json\/wp\/v2\/users\/1"}],"replies":[{"embeddable":true,"href":"https:\/\/estudioinesmoreno.com.ar\/estudio\/wp-json\/wp\/v2\/comments?post=3847"}],"version-history":[{"count":7,"href":"https:\/\/estudioinesmoreno.com.ar\/estudio\/wp-json\/wp\/v2\/pages\/3847\/revisions"}],"predecessor-version":[{"id":6099,"href":"https:\/\/estudioinesmoreno.com.ar\/estudio\/wp-json\/wp\/v2\/pages\/3847\/revisions\/6099"}],"up":[{"embeddable":true,"href":"https:\/\/estudioinesmoreno.com.ar\/estudio\/wp-json\/wp\/v2\/pages\/3080"}],"wp:attachment":[{"href":"https:\/\/estudioinesmoreno.com.ar\/estudio\/wp-json\/wp\/v2\/media?parent=3847"}],"curies":[{"name":"wp","href":"https:\/\/api.w.org\/{rel}","templated":true}]}}

Formación de Capacitadores Especializada en Técnicas No Convencionales y Lúdicas

<div data-elementor-type="wp-page" data-elementor-id="3847" class="elementor elementor-3847" data-elementor-post-type="page">
						<section class="elementor-section elementor-top-section elementor-element elementor-element-4dfab90c elementor-section-content-middle elementor-section-stretched elementor-section-boxed elementor-section-height-default elementor-section-height-default" data-id="4dfab90c" data-element_type="section" data-e-type="section" data-settings="{&quot;stretch_section&quot;:&quot;section-stretched&quot;}">
						<div class="elementor-container elementor-column-gap-wider">
					<div class="elementor-column elementor-col-100 elementor-top-column elementor-element elementor-element-3d11a10b" data-id="3d11a10b" data-element_type="column" data-e-type="column">
			<div class="elementor-widget-wrap elementor-element-populated">
						<div class="elementor-element elementor-element-1643ff93 elementor-widget elementor-widget-text-editor" data-id="1643ff93" data-element_type="widget" data-e-type="widget" data-widget_type="text-editor.default">
				<div class="elementor-widget-container">
									<p>Curso Anual destinado a las personas que tienen a su cargo la capacitación y/o entrenamiento de adultos en diversos contextos y que desean adquirir-profundizar dispositivos, estrategias y herramientas para lograr el impacto deseado en los programas de capacitación que llevan a cabo. Tiene como <em>característica central</em> <strong>la coherencia entre el programa del curso y la metodología de aprendizaje que se implementa:</strong> <em>los participantes podrán ”vivenciar” la metodología participativa de la institución</em>, accediendo a los objetivos y contenidos a través <strong>de técnicas lúdicas</strong> que también les serán de utilidad para transferir a la práctica de la formación.</p><p>Este curso es de sumo interés para toda persona que desempeñe funciones de Conducción &#8211; Coordinación de equipos de trabajo -Formación &#8211; Capacitación &#8211; Entrenamiento de personas y grupos, o que cumplan funciones de asesoramiento para staff directivos, profesionales de RRHH, empresarios, niveles ejecutivos y gerenciales de empresas e instituciones. Profesionales y promotores/ras encargado de diseñar, implementar programas y acciones de capacitación y acompañamiento. Profesionales que deseen incorporarse al sector de capacitación laboral y/o la Conducción.</p><p>Brinda herramientas para planificar, ejecutar y evaluar las acciones con estrategias y técnicas innovadoras y un marco conceptual que articula los aportes de la neurociencia, neurolinguística, ontología del lenguaje, didáctica científica, entre otros, con el objetivo de obtener resultados efectivos en las intervenciones pertienentes.</p><p>El abordaje de cada contenido se realiza a través de técnicas no convencionales y lúdicas para permitir un aprendizaje significativo, capaz de ser transferido en forma inmediata al contexto cotidiano de cada participante. El <strong>estudio inés moreno</strong> es pionero de la capacitación en <em><strong>JUEGO y CREATIVIDAD</strong></em> y desde 1977 ha formado a los profesionales que han multiplicado estos contenidos en tareas de capacitación, selección de personal y coaching dentro de las organizaciones de Argentina y el resto del mundo.</p><h4><strong><u>Objetivos</u></strong><strong>:</strong></h4><ol><li>Comprender el alcance del concepto de aprendizaje significativo y su abordaje con adultos</li><li>Adquirir metodología y estrategias para la implementación de técnicas que logren la participación, compromiso y motivación de los destinatarios del programa</li><li>Diseñar e implementar los momentos del proceso didáctico: planificación, ejecución y evaluación aplicando los conceptos y técnicas del curso</li><li>Tomar conciencia de los aspectos personales y profesionales que se ponen de manifiesto en la conducción de programas de formación</li><li>Entrenar los aspectos cognoscitivos, procedimentales y actitudinales que intervienen en las acciones para alcanzar el impacto deseado</li></ol><h4><strong><u>Contenidos</u></strong><strong>:</strong></h4><p>UNIDAD 1: <strong>El Aprendizaje significativo: “aprender a aprender”</strong></p><p>El aprendizaje en adultos. Para qué y cómo aprender? Aprender a aprender : aspectos metodológicos y actitudinales. El papel de las situaciones problemáticas en el aprendizaje significativo. Aportes de las neurociencias y neurolingüística. Las inteligencias múltiples. El papel del cerebro y las emociones. Aportes de teorías para la aplicación de diferentes estrategias: conductismo, constructivismo, cognitivas, entre otras. El aprendizaje de contenidos cognoscitivos, procedimentales y actitudinales: similitudes y diferencias.</p><p>UNIDAD 2: <strong>El proyecto de formación</strong></p><p>El planeamiento de la capacitación. Aspectos contextuales del proyecto. Didáctica operativa: planificar, ejecutar y evaluar. El diagnóstico. Criterios de selección de objetivos, contenidos y actividades. La organización y los principios didácticos en función de quien aprende. El adulto: dominio de estrategias de aprendizaje, motivación e intereses personales, maduración psicológica, entrenamiento de actividad cerebral, autoestima y otros aspectos involucrados. El querer aprender, poder aprender, saber aprender. Actividades centradas en el aprendizaje. El papel de las técnicas. La evaluación formativa: instrumentos y técnicas. El armado de una clase. Las tutorías y el coaching del aprendiz.</p><p>UNIDAD 3: <strong>Actividades y técnicas participativas</strong></p><p>Técnicas grupales para diferentes objetivos (integrar, análisis de contenidos, debate, cierre, entre otros) y para diversos grupos. El estudio de casos. Las nuevas tecnologías Criterios de elección de las técnicas. Aspectos metodológicos y estratégicos del JUEGO como una de las técnicas grupales. Los Juegos grupales: Abordaje de las 4 «C». Metodología y técnicas para la aplicación del Juego. Diversos objetivos y juegos: conflicto, simulación, etc. Progresión del juego. La creación de juegos a medida. Juegos Individuales, juegos de mesa, espacios. El encuadre. La consigna. El espacio. El tiempo. El cuerpo. Uso de la voz. El papel de los recursos.</p><p>UNIDAD 4: <strong>Rol de FORMADOR-CAPACITADOR-FACILITADOR</strong></p><p>La acción del formador. Competencias para el “enseñaje”. El trabajo con el grupo y el análisis del contexto organizacional. Manejo de los vínculos. La percepción. El manejo de los emergentes. La comunicación  y la escucha. Estilo de la comunicación. La redacción de textos en técnicas no presenciales. El manejo de códigos y canales para diferentes audiencias. La exposición del capacitador. Los alumnos problemáticos. Escenas temidas. La coherencia: el pensar, sentir y hacer del formador como mensaje.</p><h4><strong>Trabajos Prácticos</strong></h4><ol type="a"><li>Elaboración sobre Juegos vividos</li><li>Estudio de casos.</li><li>Observación de un grupo.</li><li>Entrevista a un conductor de grupo.</li><li>Micro-enseñanza.</li></ol><h4><strong><em>¿Cómo se enseña?</em></strong></h4><p><strong><u>De la vivencia a la reflexión teórica</u></strong><strong>.</strong> Privilegiamos el juego como generador de aprendizaje, construyendo el conocimiento desde la vivencia a la elaboración de un marco teórico que sustente cada experiencia. Creando situaciones de análisis a través del juego, estudio de casos y técnicas no convencionales, para entrenarse en todas las habilidades y actitudes que posibilitan un liderazgo capaz de actuar de acuerdo con las demandas de esta realidad. Nos proponemos en cada situación la búsqueda de la coherencia entre el sentir, el pensar y el hacer.</p><p><strong><u>Concebimos al Hombre como un ser total</u></strong>, por ello cada una de nuestras alternativas contiene el abordaje integral de cada participante como persona y como profesional. Entendemos que el aprender puede darse en un clima de libertad, cooperación, compromiso, búsqueda de sí mismo y con los otros.</p><h4><strong><em>Técnicas de trabajo</em></strong></h4><p>En cada Curso se implementarán actividades vivenciales y reflexivas para cada contenido. Cada alumno tendrá una guía de estudio para orientar la elaboración personal y la lectura bibliográfica.</p><p>Se solicitarán trabajos prácticos de acuerdo con la temática específica:</p><ol type="a"><li>elaboración de un producto que exprese el proceso creativo personal.</li><li>observación de actividades.</li><li>Microenseñanza.</li></ol><h4><strong><em>Evaluación</em></strong></h4><p>La evaluación de cada Curso consta de un trabajo (teórico-práctico) que debe ser presentado y defendido en un Coloquio.</p><h4><strong><em>Modalidad de la Cursada</em></strong></h4><ol type="a"><li>Presencial cada quince días (solicitar horarios)</li><li>Semi-presencial: en día sábado de 10.00 a 16.00 hs (solicitar cronograma)</li></ol><h4><strong><em>Calendario</em></strong></h4><p>Las clases inician a principio de Abril y culminan a finales de Noviembre. Los Coloquios se desarrollan en Diciembre.</p><h4><strong><em>Certificado</em></strong></h4><p>Al finalizar el Curso y aprobar el Coloquio se entregará una constancia de carácter institucional.</p>								</div>
				</div>
					</div>
		</div>
					</div>
		</section>
				</div>

<p>Curso Anual destinado a las personas que tienen a su cargo la capacitación y/o entrenamiento de adultos en diversos contextos y que desean adquirir-profundizar dispositivos, estrategias y herramientas para lograr el impacto deseado en los programas de capacitación que llevan a cabo. Tiene como característica central la coherencia entre el programa del curso y la metodología&hellip;</p>
