{"id":3843,"date":"2016-03-31T21:12:37","date_gmt":"2016-03-31T21:12:37","guid":{"rendered":"http:\/\/www.inesmoreno.com.ar\/estudio\/?page_id=3017"},"modified":"2023-11-21T21:26:31","modified_gmt":"2023-11-22T00:26:31","slug":"capacitacion","status":"publish","type":"page","link":"https:\/\/estudioinesmoreno.com.ar\/estudio\/servicios\/capacitacion\/","title":{"rendered":"EL ESTUDIO SE TRASLADA"},"content":{"rendered":"\t\t<div data-elementor-type=\"wp-page\" data-elementor-id=\"3843\" class=\"elementor elementor-3843\" data-elementor-post-type=\"page\">\n\t\t\t\t\t\t<section class=\"elementor-section elementor-top-section elementor-element elementor-element-b8f397d elementor-section-boxed elementor-section-height-default elementor-section-height-default\" data-id=\"b8f397d\" data-element_type=\"section\" data-e-type=\"section\">\n\t\t\t\t\t\t<div class=\"elementor-container elementor-column-gap-default\">\n\t\t\t\t\t<div class=\"elementor-column elementor-col-100 elementor-top-column elementor-element elementor-element-21510d2\" data-id=\"21510d2\" data-element_type=\"column\" data-e-type=\"column\">\n\t\t\t<div class=\"elementor-widget-wrap elementor-element-populated\">\n\t\t\t\t\t\t<div class=\"elementor-element elementor-element-b6246d7 elementor-widget__width-initial elementor-widget elementor-widget-heading\" data-id=\"b6246d7\" data-element_type=\"widget\" data-e-type=\"widget\" data-widget_type=\"heading.default\">\n\t\t\t\t<div class=\"elementor-widget-container\">\n\t\t\t\t\t<h2 class=\"elementor-heading-title elementor-size-default\">El estudio SE TRASLADA.<\/h2>\t\t\t\t<\/div>\n\t\t\t\t<\/div>\n\t\t\t\t\t<\/div>\n\t\t<\/div>\n\t\t\t\t\t<\/div>\n\t\t<\/section>\n\t\t\t\t<section class=\"elementor-section elementor-top-section elementor-element elementor-element-2798601d elementor-section-content-middle elementor-section-stretched elementor-section-boxed elementor-section-height-default elementor-section-height-default\" data-id=\"2798601d\" data-element_type=\"section\" data-e-type=\"section\" data-settings=\"{&quot;stretch_section&quot;:&quot;section-stretched&quot;}\">\n\t\t\t\t\t\t<div class=\"elementor-container elementor-column-gap-wider\">\n\t\t\t\t\t<div class=\"elementor-column elementor-col-100 elementor-top-column elementor-element elementor-element-74183c2b\" data-id=\"74183c2b\" data-element_type=\"column\" data-e-type=\"column\">\n\t\t\t<div class=\"elementor-widget-wrap elementor-element-populated\">\n\t\t\t\t\t\t<div class=\"elementor-element elementor-element-7be5ddf8 elementor-widget elementor-widget-text-editor\" data-id=\"7be5ddf8\" data-element_type=\"widget\" data-e-type=\"widget\" data-widget_type=\"text-editor.default\">\n\t\t\t\t<div class=\"elementor-widget-container\">\n\t\t\t\t\t\t\t\t\t<h3>EL estudio in\u00e9s moreno concurre a organizaciones.<\/h3>\n<p><b>Empresas, ONGs, Instituciones Educativas, de Salud<\/b>, entre otras, nos transmiten sus OBJETIVOS, NECESIDADES Y EXPECTATIVAS y el estudio realiza un PLAN A MEDIDA. Como siempre utilizando t\u00e9cnicas l\u00fadicas, actividades no convencionales y formales para el cumplimiento de los objetivos pactados.<font color=\"#ffffff\" face=\"Calibri\"><span style=\"font-size: 24px;\"><b>el<\/b><\/span><\/font><\/p>\n<p><span style=\"background-color: rgba(255, 255, 255, 0); color: var(--the7-base-color); letter-spacing: var(--the7-base-letter-spacing); text-transform: var(--the7-base-text-transform); word-spacing: normal;\">Algunos de los temas m\u00e1s solicitados<\/span><\/p>\n<ul>\n<li><strong>Liderazgo<\/strong><\/li>\n<li><strong>Comunicaci\u00f3n<\/strong><\/li>\n<li><strong>Trabajo en Equipo<\/strong><\/li>\n<li><strong>Marketing y Venta<\/strong><\/li>\n<li><strong>Gesti\u00f3n-Conducci\u00f3n<\/strong><\/li>\n<li><strong>Toma de Decisiones<\/strong><\/li>\n<li><strong>Herramientas para Negociaci\u00f3n-Mediaci\u00f3n<\/strong><\/li>\n<li><strong>V\u00ednculos Interpersonales<\/strong><\/li>\n<li><strong>Pensamiento Estrat\u00e9gico<\/strong><\/li>\n<li><strong>Desarrollo de Inteligencias M\u00faltiples<\/strong><\/li>\n<li><strong>Dominio Personal y Emocional<\/strong><\/li>\n<li><strong>Creatividad Aplicada<\/strong><\/li>\n<li><strong>Armado y Conducci\u00f3n de Proyectos-Estrategias de Supervisi\u00f3n<\/strong><\/li>\n<li><strong>Emociones y Estados de Animo<\/strong><\/li>\n<li><strong>Cambios Organizacionales<\/strong><\/li>\n<li>Entre otros&#8230;A<\/li>\n<\/ul>\t\t\t\t\t\t\t\t<\/div>\n\t\t\t\t<\/div>\n\t\t\t\t\t<\/div>\n\t\t<\/div>\n\t\t\t\t\t<\/div>\n\t\t<\/section>\n\t\t\t\t<section class=\"elementor-section elementor-top-section elementor-element elementor-element-f135480 elementor-section-boxed elementor-section-height-default elementor-section-height-default\" data-id=\"f135480\" data-element_type=\"section\" data-e-type=\"section\">\n\t\t\t\t\t\t<div class=\"elementor-container elementor-column-gap-default\">\n\t\t\t\t\t<div class=\"elementor-column elementor-col-100 elementor-top-column elementor-element elementor-element-a827326\" data-id=\"a827326\" data-element_type=\"column\" data-e-type=\"column\">\n\t\t\t<div class=\"elementor-widget-wrap\">\n\t\t\t\t\t\t\t<\/div>\n\t\t<\/div>\n\t\t\t\t\t<\/div>\n\t\t<\/section>\n\t\t\t\t<section class=\"elementor-section elementor-top-section elementor-element elementor-element-ada472c elementor-section-boxed elementor-section-height-default elementor-section-height-default\" data-id=\"ada472c\" data-element_type=\"section\" data-e-type=\"section\">\n\t\t\t\t\t\t<div class=\"elementor-container elementor-column-gap-default\">\n\t\t\t\t\t<div class=\"elementor-column elementor-col-100 elementor-top-column elementor-element elementor-element-19ea747\" data-id=\"19ea747\" data-element_type=\"column\" data-e-type=\"column\">\n\t\t\t<div class=\"elementor-widget-wrap elementor-element-populated\">\n\t\t\t\t\t\t<div class=\"elementor-element elementor-element-8e69b66 elementor-widget elementor-widget-image\" data-id=\"8e69b66\" data-element_type=\"widget\" data-e-type=\"widget\" data-widget_type=\"image.default\">\n\t\t\t\t<div class=\"elementor-widget-container\">\n\t\t\t\t\t\t\t\t\t\t\t\t\t\t\t<img fetchpriority=\"high\" decoding=\"async\" width=\"652\" height=\"460\" src=\"https:\/\/estudioinesmoreno.com.ar\/estudio\/wp-content\/uploads\/2023\/11\/se-traslada.jpg\" class=\"attachment-large size-large wp-image-12292\" alt=\"\" srcset=\"https:\/\/estudioinesmoreno.com.ar\/estudio\/wp-content\/uploads\/2023\/11\/se-traslada.jpg 652w, https:\/\/estudioinesmoreno.com.ar\/estudio\/wp-content\/uploads\/2023\/11\/se-traslada-300x212.jpg 300w\" sizes=\"(max-width: 652px) 100vw, 652px\" \/>\t\t\t\t\t\t\t\t\t\t\t\t\t\t\t<\/div>\n\t\t\t\t<\/div>\n\t\t\t\t\t<\/div>\n\t\t<\/div>\n\t\t\t\t\t<\/div>\n\t\t<\/section>\n\t\t\t\t<section class=\"elementor-section elementor-top-section elementor-element elementor-element-85d7d23 elementor-section-boxed elementor-section-height-default elementor-section-height-default\" data-id=\"85d7d23\" data-element_type=\"section\" data-e-type=\"section\">\n\t\t\t\t\t\t<div class=\"elementor-container elementor-column-gap-default\">\n\t\t\t\t\t<div class=\"elementor-column elementor-col-100 elementor-top-column elementor-element elementor-element-2e27ac3\" data-id=\"2e27ac3\" data-element_type=\"column\" data-e-type=\"column\">\n\t\t\t<div class=\"elementor-widget-wrap elementor-element-populated\">\n\t\t\t\t\t\t<div class=\"elementor-element elementor-element-5fc4d46 elementor-widget elementor-widget-text-editor\" data-id=\"5fc4d46\" data-element_type=\"widget\" data-e-type=\"widget\" data-widget_type=\"text-editor.default\">\n\t\t\t\t<div class=\"elementor-widget-container\">\n\t\t\t\t\t\t\t\t\t<p>La Empresa-Organizaci\u00f3n nos transmite sus objetivos-necesidades-expectativas y en funci\u00f3n de estas premisas elaboramos un <em><strong><span style=\"text-decoration: underline;\">\u00abproyecto a medida\u00bb.<\/span><\/strong><\/em><\/p>\n<p>Team Building y Jornadas de Convivencia constituyen proyectos que unifican aspectos recreativos con objetivos organizacionales.<br><br>Organizamos para tus equipos de trabajo experiencias innovadoras y creativas, que desde la vivencia impulsa a trabajar diferentes habilidades y competencias. Desde nuestra metodolog\u00eda nos permitimos dar lugar a la autoobservaci\u00f3n y descubrimiento que luego impactar\u00e1n positivamente en la organizaci\u00f3n.<br><br>Luego del armado del diagn\u00f3stico, presentamos la p<span style=\"background-color: rgba(255, 255, 255, 0); color: var(--the7-base-color); letter-spacing: var(--the7-base-letter-spacing); text-transform: var(--the7-base-text-transform); word-spacing: normal;\">ropuesta siempre dise\u00f1ada para resolver la problem\u00e1tica pautada. Durante las actividades se dara tiempo para la reflexi\u00f3n y transferencia, se analizar\u00e1n los emergentes en el momento del rescate. Luego del evento se&nbsp;<\/span><span style=\"background-color: rgba(255, 255, 255, 0); color: var(--the7-base-color); letter-spacing: var(--the7-base-letter-spacing); text-transform: var(--the7-base-text-transform); word-spacing: normal;\">elabora un informe con los principales hallazgos.<\/span><\/p>\n<p>En escenarios naturales o espacios fuera de la organizaci\u00f3n, utilizados generalmente como incentivos permiten adem\u00e1s, generar mayor conocimiento e interrelaci\u00f3n, trabajo en equipo y diversos aprendizajes individuales y grupales a trav\u00e9s del JUEGO.<\/p>\n<p>El primer contacto puede realizarse por mail, Telefax o en forma personal para luego decidir en forma conjunta la mejor alternativa de continuidad<\/p>\t\t\t\t\t\t\t\t<\/div>\n\t\t\t\t<\/div>\n\t\t\t\t\t<\/div>\n\t\t<\/div>\n\t\t\t\t\t<\/div>\n\t\t<\/section>\n\t\t\t\t<\/div>\n\t\t","protected":false},"excerpt":{"rendered":"<p>El estudio SE TRASLADA. EL estudio in\u00e9s moreno concurre a organizaciones. Empresas, ONGs, Instituciones Educativas, de Salud, entre otras, nos transmiten sus OBJETIVOS, NECESIDADES Y EXPECTATIVAS y el estudio realiza un PLAN A MEDIDA. Como siempre utilizando t\u00e9cnicas l\u00fadicas, actividades no convencionales y formales para el cumplimiento de los objetivos pactados.el Algunos de los temas&hellip;<\/p>\n","protected":false},"author":1,"featured_media":0,"parent":3841,"menu_order":0,"comment_status":"closed","ping_status":"closed","template":"","meta":{"_joinchat":[],"footnotes":""},"class_list":["post-3843","page","type-page","status-publish","hentry"],"_links":{"self":[{"href":"https:\/\/estudioinesmoreno.com.ar\/estudio\/wp-json\/wp\/v2\/pages\/3843","targetHints":{"allow":["GET"]}}],"collection":[{"href":"https:\/\/estudioinesmoreno.com.ar\/estudio\/wp-json\/wp\/v2\/pages"}],"about":[{"href":"https:\/\/estudioinesmoreno.com.ar\/estudio\/wp-json\/wp\/v2\/types\/page"}],"author":[{"embeddable":true,"href":"https:\/\/estudioinesmoreno.com.ar\/estudio\/wp-json\/wp\/v2\/users\/1"}],"replies":[{"embeddable":true,"href":"https:\/\/estudioinesmoreno.com.ar\/estudio\/wp-json\/wp\/v2\/comments?post=3843"}],"version-history":[{"count":19,"href":"https:\/\/estudioinesmoreno.com.ar\/estudio\/wp-json\/wp\/v2\/pages\/3843\/revisions"}],"predecessor-version":[{"id":12423,"href":"https:\/\/estudioinesmoreno.com.ar\/estudio\/wp-json\/wp\/v2\/pages\/3843\/revisions\/12423"}],"up":[{"embeddable":true,"href":"https:\/\/estudioinesmoreno.com.ar\/estudio\/wp-json\/wp\/v2\/pages\/3841"}],"wp:attachment":[{"href":"https:\/\/estudioinesmoreno.com.ar\/estudio\/wp-json\/wp\/v2\/media?parent=3843"}],"curies":[{"name":"wp","href":"https:\/\/api.w.org\/{rel}","templated":true}]}}