{"id":3839,"date":"2016-03-31T21:07:33","date_gmt":"2016-03-31T21:07:33","guid":{"rendered":"http:\/\/www.inesmoreno.com.ar\/estudio\/?page_id=3008"},"modified":"2023-01-03T00:16:40","modified_gmt":"2023-01-03T00:16:40","slug":"escuela-de-creatividad","status":"publish","type":"page","link":"https:\/\/estudioinesmoreno.com.ar\/estudio\/formacion\/escuela-de-creatividad\/","title":{"rendered":"Escuela de Creatividad"},"content":{"rendered":"\t\t<div data-elementor-type=\"wp-page\" data-elementor-id=\"3839\" class=\"elementor elementor-3839\" data-elementor-post-type=\"page\">\n\t\t\t\t\t\t<section class=\"elementor-section elementor-top-section elementor-element elementor-element-3eecb3a6 elementor-section-content-middle elementor-section-stretched elementor-section-boxed elementor-section-height-default elementor-section-height-default\" data-id=\"3eecb3a6\" data-element_type=\"section\" data-e-type=\"section\" data-settings=\"{&quot;stretch_section&quot;:&quot;section-stretched&quot;}\">\n\t\t\t\t\t\t<div class=\"elementor-container elementor-column-gap-wider\">\n\t\t\t\t\t<div class=\"elementor-column elementor-col-100 elementor-top-column elementor-element elementor-element-352a0655\" data-id=\"352a0655\" data-element_type=\"column\" data-e-type=\"column\">\n\t\t\t<div class=\"elementor-widget-wrap elementor-element-populated\">\n\t\t\t\t\t\t<div class=\"elementor-element elementor-element-2f609d1e elementor-widget elementor-widget-text-editor\" data-id=\"2f609d1e\" data-element_type=\"widget\" data-e-type=\"widget\" data-widget_type=\"text-editor.default\">\n\t\t\t\t<div class=\"elementor-widget-container\">\n\t\t\t\t\t\t\t\t\t<h3>Escuela de Creatividad<\/h3><p>Escuela que <em>brinda una s\u00f3lida formaci\u00f3n <\/em>para el reconocimiento-entrenamiento del proceso y producto en<em> uno mismo<\/em> y la aplicaci\u00f3n de la Creatividad en diferentes campos: Empresa, Salud, Educaci\u00f3n Formal y no Formal, Trabajo Comunitario, Tiempo Libre, Arte, Medios de comunicaci\u00f3n, entre otros.<\/p><p>El <strong>estudio in\u00e9s<\/strong><strong> moreno<\/strong> es pionero de la capacitaci\u00f3n en <strong><em>JUEGO y CREATIVIDAD <\/em><\/strong>y desde 1977\u00a0ha formado a los profesionales que han multiplicado estos contenidos.<\/p><p>Se denomina Escuela porque los Cursos Anuales est\u00e1n organizados de acuerdo a una estructura did\u00e1ctica de sus objetivos y contenidos. Es posible la elecci\u00f3n de los Cursos en funci\u00f3n de los intereses y expectativas de cada participante respetando el ordenamiento did\u00e1ctico.<\/p><h4>Primer A\u00f1o:<\/h4><ol><li>Creatividad y Desarrollo Personal Nivel I con Talleres de Expresi\u00f3n y Juego<\/li><\/ol><h4>Segundo A\u00f1o:<\/h4><ol><li>Creatividad y Desarrollo Personal Nivel II<\/li><li>Facilitador del Proceso Creativo<\/li><\/ol><h4>Tercer A\u00f1o:<\/h4><ol><li>Armado de Proyectos y Programas de Creatividad<\/li><li>Creatividad Aplicada: Estrategias y herramientas espec\u00edficas para el desarrollo cognitivo, procedimental y actitudinal . Grupos y Organizaciones. Diferentes campos y \u00e1mbitos de acci\u00f3n: Salud, Empresa, Educaci\u00f3n, Trabajo\u00a0\u00a0\u00a0\u00a0\u00a0 comunitario,\u00a0 Arte-terapia, Medios de Comunicaci\u00f3n, entre otros..<\/li><\/ol><p>La Creatividad no es sin\u00f3nimo de arte, de musas, de t\u00e9cnica. Es el petr\u00f3leo del futuro. Es una potencialidad requerida hoy en las personas, grupos y organizaciones en diferentes campos o \u00e1mbitos de acci\u00f3n: salud, educaci\u00f3n, empresa, medios de comunicaci\u00f3n.<\/p><p>La Escuela de Creatividad est\u00e1 abierta a todos los adultos que deseen una formaci\u00f3n intensiva en Creatividad.<\/p><p>El objetivo est\u00e1 centrado en lograr la comprensi\u00f3n de todas las variables del proceso y producto creativo (individual, grupal y organizacional), reconocimiento de los bloqueos (caracter\u00edsticas, origen y localizaci\u00f3n); entrenamiento de las aptitudes y actitudes necesarias para su desarrollo; as\u00ed como las t\u00e9cnicas e instrumentos para aplicar en diferentes situaciones; para el propio proceso creativo y la conducci\u00f3n del proceso en \u201clos otros\u201d.<\/p><h4>\u00bfC\u00f3mo se ense\u00f1a?<\/h4><p><strong><u>De la vivencia a la reflexi\u00f3n te\u00f3rica<\/u><\/strong><strong>.<\/strong> Privilegiamos las t\u00e9cnicas no convencionales y el juego como generador de aprendizajes, construyendo el conocimiento desde la vivencia a la elaboraci\u00f3n de un marco te\u00f3rico que sustente cada experiencia. . Nos proponemos en cada situaci\u00f3n la b\u00fasqueda de la coherencia entre el sentir, el pensar y el hacer.<\/p><p><strong><u>Concebimos a la Persona como un ser total<\/u><\/strong><strong>,<\/strong> Cada una de nuestras alternativas contiene el abordaje integral de cada participante como persona y como profesional. Entendemos que el aprender puede darse en un clima de libertad, cooperaci\u00f3n, compromiso, b\u00fasqueda de s\u00ed mismo y con los otros.<\/p><h4>T\u00e9cnicas de Trabajo<\/h4><p>En cada Curso se implementar\u00e1n actividades vivenciales y reflexivas para cada contenido. El participante recibir\u00e1 una gu\u00eda de estudio para orientar la elaboraci\u00f3n personal y la lectura bibliogr\u00e1fica.<\/p><p>Se solicitar\u00e1n trabajos pr\u00e1cticos de acuerdo con la tem\u00e1tica espec\u00edfica.<\/p><p>T\u00e9cnica de Microense\u00f1anza.<\/p><h4>Evaluaci\u00f3n<\/h4><p>La evaluaci\u00f3n de cada Curso consta de un trabajo (te\u00f3rico-pr\u00e1ctico) que debe ser presentado y defendido en un Coloquio.<\/p><h4>Modalidad de Cursada<\/h4><p>Semipresencial: en d\u00eda s\u00e1bado de 10.00 a 16.00 hs (solicitar cronograma)<\/p><h4>Calendario<\/h4><p>Las clases inician el primero de abril y culminan el treinta de noviembre. Los Coloquios se desarrollan en diciembre.<\/p><h4>Certificado<\/h4><p>Al finalizar el Curso y aprobar el Coloquio se entregar\u00e1 una constancia de car\u00e1cter institucional.<\/p>\t\t\t\t\t\t\t\t<\/div>\n\t\t\t\t<\/div>\n\t\t\t\t\t<\/div>\n\t\t<\/div>\n\t\t\t\t\t<\/div>\n\t\t<\/section>\n\t\t\t\t<\/div>\n\t\t","protected":false},"excerpt":{"rendered":"<p>Escuela de Creatividad Escuela que brinda una s\u00f3lida formaci\u00f3n para el reconocimiento-entrenamiento del proceso y producto en uno mismo y la aplicaci\u00f3n de la Creatividad en diferentes campos: Empresa, Salud, Educaci\u00f3n Formal y no Formal, Trabajo Comunitario, Tiempo Libre, Arte, Medios de comunicaci\u00f3n, entre otros. El estudio in\u00e9s moreno es pionero de la capacitaci\u00f3n en&hellip;<\/p>\n","protected":false},"author":1,"featured_media":0,"parent":3837,"menu_order":0,"comment_status":"closed","ping_status":"closed","template":"","meta":{"_joinchat":[],"footnotes":""},"class_list":["post-3839","page","type-page","status-publish","hentry"],"_links":{"self":[{"href":"https:\/\/estudioinesmoreno.com.ar\/estudio\/wp-json\/wp\/v2\/pages\/3839","targetHints":{"allow":["GET"]}}],"collection":[{"href":"https:\/\/estudioinesmoreno.com.ar\/estudio\/wp-json\/wp\/v2\/pages"}],"about":[{"href":"https:\/\/estudioinesmoreno.com.ar\/estudio\/wp-json\/wp\/v2\/types\/page"}],"author":[{"embeddable":true,"href":"https:\/\/estudioinesmoreno.com.ar\/estudio\/wp-json\/wp\/v2\/users\/1"}],"replies":[{"embeddable":true,"href":"https:\/\/estudioinesmoreno.com.ar\/estudio\/wp-json\/wp\/v2\/comments?post=3839"}],"version-history":[{"count":12,"href":"https:\/\/estudioinesmoreno.com.ar\/estudio\/wp-json\/wp\/v2\/pages\/3839\/revisions"}],"predecessor-version":[{"id":6191,"href":"https:\/\/estudioinesmoreno.com.ar\/estudio\/wp-json\/wp\/v2\/pages\/3839\/revisions\/6191"}],"up":[{"embeddable":true,"href":"https:\/\/estudioinesmoreno.com.ar\/estudio\/wp-json\/wp\/v2\/pages\/3837"}],"wp:attachment":[{"href":"https:\/\/estudioinesmoreno.com.ar\/estudio\/wp-json\/wp\/v2\/media?parent=3839"}],"curies":[{"name":"wp","href":"https:\/\/api.w.org\/{rel}","templated":true}]}}

<div data-elementor-type="wp-page" data-elementor-id="3839" class="elementor elementor-3839" data-elementor-post-type="page">
						<section class="elementor-section elementor-top-section elementor-element elementor-element-3eecb3a6 elementor-section-content-middle elementor-section-stretched elementor-section-boxed elementor-section-height-default elementor-section-height-default" data-id="3eecb3a6" data-element_type="section" data-e-type="section" data-settings="{&quot;stretch_section&quot;:&quot;section-stretched&quot;}">
						<div class="elementor-container elementor-column-gap-wider">
					<div class="elementor-column elementor-col-100 elementor-top-column elementor-element elementor-element-352a0655" data-id="352a0655" data-element_type="column" data-e-type="column">
			<div class="elementor-widget-wrap elementor-element-populated">
						<div class="elementor-element elementor-element-2f609d1e elementor-widget elementor-widget-text-editor" data-id="2f609d1e" data-element_type="widget" data-e-type="widget" data-widget_type="text-editor.default">
				<div class="elementor-widget-container">
									<h3>Escuela de Creatividad</h3><p>Escuela que <em>brinda una sólida formación </em>para el reconocimiento-entrenamiento del proceso y producto en<em> uno mismo</em> y la aplicación de la Creatividad en diferentes campos: Empresa, Salud, Educación Formal y no Formal, Trabajo Comunitario, Tiempo Libre, Arte, Medios de comunicación, entre otros.</p><p>El <strong>estudio inés</strong><strong> moreno</strong> es pionero de la capacitación en <strong><em>JUEGO y CREATIVIDAD </em></strong>y desde 1977 ha formado a los profesionales que han multiplicado estos contenidos.</p><p>Se denomina Escuela porque los Cursos Anuales están organizados de acuerdo a una estructura didáctica de sus objetivos y contenidos. Es posible la elección de los Cursos en función de los intereses y expectativas de cada participante respetando el ordenamiento didáctico.</p><h4>Primer Año:</h4><ol><li>Creatividad y Desarrollo Personal Nivel I con Talleres de Expresión y Juego</li></ol><h4>Segundo Año:</h4><ol><li>Creatividad y Desarrollo Personal Nivel II</li><li>Facilitador del Proceso Creativo</li></ol><h4>Tercer Año:</h4><ol><li>Armado de Proyectos y Programas de Creatividad</li><li>Creatividad Aplicada: Estrategias y herramientas específicas para el desarrollo cognitivo, procedimental y actitudinal . Grupos y Organizaciones. Diferentes campos y ámbitos de acción: Salud, Empresa, Educación, Trabajo      comunitario,  Arte-terapia, Medios de Comunicación, entre otros..</li></ol><p>La Creatividad no es sinónimo de arte, de musas, de técnica. Es el petróleo del futuro. Es una potencialidad requerida hoy en las personas, grupos y organizaciones en diferentes campos o ámbitos de acción: salud, educación, empresa, medios de comunicación.</p><p>La Escuela de Creatividad está abierta a todos los adultos que deseen una formación intensiva en Creatividad.</p><p>El objetivo está centrado en lograr la comprensión de todas las variables del proceso y producto creativo (individual, grupal y organizacional), reconocimiento de los bloqueos (características, origen y localización); entrenamiento de las aptitudes y actitudes necesarias para su desarrollo; así como las técnicas e instrumentos para aplicar en diferentes situaciones; para el propio proceso creativo y la conducción del proceso en “los otros”.</p><h4>¿Cómo se enseña?</h4><p><strong><u>De la vivencia a la reflexión teórica</u></strong><strong>.</strong> Privilegiamos las técnicas no convencionales y el juego como generador de aprendizajes, construyendo el conocimiento desde la vivencia a la elaboración de un marco teórico que sustente cada experiencia. . Nos proponemos en cada situación la búsqueda de la coherencia entre el sentir, el pensar y el hacer.</p><p><strong><u>Concebimos a la Persona como un ser total</u></strong><strong>,</strong> Cada una de nuestras alternativas contiene el abordaje integral de cada participante como persona y como profesional. Entendemos que el aprender puede darse en un clima de libertad, cooperación, compromiso, búsqueda de sí mismo y con los otros.</p><h4>Técnicas de Trabajo</h4><p>En cada Curso se implementarán actividades vivenciales y reflexivas para cada contenido. El participante recibirá una guía de estudio para orientar la elaboración personal y la lectura bibliográfica.</p><p>Se solicitarán trabajos prácticos de acuerdo con la temática específica.</p><p>Técnica de Microenseñanza.</p><h4>Evaluación</h4><p>La evaluación de cada Curso consta de un trabajo (teórico-práctico) que debe ser presentado y defendido en un Coloquio.</p><h4>Modalidad de Cursada</h4><p>Semipresencial: en día sábado de 10.00 a 16.00 hs (solicitar cronograma)</p><h4>Calendario</h4><p>Las clases inician el primero de abril y culminan el treinta de noviembre. Los Coloquios se desarrollan en diciembre.</p><h4>Certificado</h4><p>Al finalizar el Curso y aprobar el Coloquio se entregará una constancia de carácter institucional.</p>								</div>
				</div>
					</div>
		</div>
					</div>
		</section>
				</div>

<p>Escuela de Creatividad Escuela que brinda una sólida formación para el reconocimiento-entrenamiento del proceso y producto en uno mismo y la aplicación de la Creatividad en diferentes campos: Empresa, Salud, Educación Formal y no Formal, Trabajo Comunitario, Tiempo Libre, Arte, Medios de comunicación, entre otros. El estudio inés moreno es pionero de la capacitación en&hellip;</p>
