{"id":3838,"date":"2016-03-31T21:03:13","date_gmt":"2016-03-31T21:03:13","guid":{"rendered":"http:\/\/www.inesmoreno.com.ar\/estudio\/?page_id=3006"},"modified":"2023-11-28T10:53:04","modified_gmt":"2023-11-28T13:53:04","slug":"escuela-de-juego","status":"publish","type":"page","link":"https:\/\/estudioinesmoreno.com.ar\/estudio\/capacitacion-entrenamiento\/capacitacion-y-entrenamiento-juego\/escuela-de-juego\/","title":{"rendered":"Escuela de Juego"},"content":{"rendered":"\t\t<div data-elementor-type=\"wp-page\" data-elementor-id=\"3838\" class=\"elementor elementor-3838\" data-elementor-post-type=\"page\">\n\t\t\t\t\t\t<section class=\"elementor-section elementor-top-section elementor-element elementor-element-13831312 elementor-section-content-middle elementor-section-stretched elementor-section-boxed elementor-section-height-default elementor-section-height-default\" data-id=\"13831312\" data-element_type=\"section\" data-e-type=\"section\" data-settings=\"{&quot;stretch_section&quot;:&quot;section-stretched&quot;}\">\n\t\t\t\t\t\t<div class=\"elementor-container elementor-column-gap-wider\">\n\t\t\t\t\t<div class=\"elementor-column elementor-col-100 elementor-top-column elementor-element elementor-element-3e246ade\" data-id=\"3e246ade\" data-element_type=\"column\" data-e-type=\"column\">\n\t\t\t<div class=\"elementor-widget-wrap elementor-element-populated\">\n\t\t\t\t\t\t<div class=\"elementor-element elementor-element-47344bfb elementor-widget elementor-widget-text-editor\" data-id=\"47344bfb\" data-element_type=\"widget\" data-e-type=\"widget\" data-widget_type=\"text-editor.default\">\n\t\t\t\t<div class=\"elementor-widget-container\">\n\t\t\t\t\t\t\t\t\t<h3>Escuela de Juego<\/h3><p>Escuela que <em>brinda una s\u00f3lida formaci\u00f3n \u00a0<\/em>para la aplicaci\u00f3n del juego en diferentes campos: Empresa, Salud, Educaci\u00f3n Formal y no Formal, Trabajo Comunitario, Arte, Tiempo Libre,\u00a0Medios de Comunicaci\u00f3n, entre otros. El <strong>estudio in\u00e9s<\/strong><strong> moreno<\/strong> es pionero de la capacitaci\u00f3n en <em>JUEGO y\u00a0 CREATIVIDAD<\/em> y desde 1977 ha formado a los profesionales que han multiplicado estos contenidos.<\/p><p>Se denomina\u00a0 Escuela porque los Cursos Anuales est\u00e1n organizados de acuerdo a una\u00a0estructura did\u00e1ctica de\u00a0objetivos y contenidos progresivos. Es posible la elecci\u00f3n de los Cursos en funci\u00f3n de los intereses y expectativas de cada participante\u00a0respetando el ordenamiento did\u00e1ctico.<\/p><h4>1er. A\u00f1o<\/h4><ol><li>El Juego y los Juegos Nivel I<\/li><li>Facilitador de Juego<\/li><\/ol><h4>2do. A\u00f1o<\/h4><ol><li>El Juego y los Juegos Nivel II<\/li><li>Espacios de Juego<\/li><\/ol><h4>3er. A\u00f1o<\/h4><ol><li>Armado de Proyectos y Programas de Juego<\/li><li>Juego aplicado: Empresa, Salud, Educaci\u00f3n Formal, Tiempo Libre, Trabajo Comunitario, Arte, Medios de Comunicaci\u00f3n. Creaci\u00f3n y Conducci\u00f3n de Juegos Grupales<\/li><\/ol><p>El Juego no es sin\u00f3nimo de entretenimiento, de dramatizaci\u00f3n o de \u00abcosa de ni\u00f1os\u00bb. El Juego es una poderosa herramienta para el diagn\u00f3stico, aprendizaje, modificaci\u00f3n de estructuras grupales y organizacionales, desarrollo del cambio actitudinal, entre multiplicidad de objetivos. El Juego es cosa seria porque cuando la persona juega se movilizan aspectos muy profundos de la subjetividad que deben ser conocidos, comprendidos y contenidos por el profesional que lo conduce.<\/p><h4><strong><u>\u00bf<\/u><\/strong>C\u00f3mo se ense\u00f1a<strong>?<\/strong><\/h4><p><strong><u>De la vivencia a la reflexi\u00f3n te\u00f3rica<\/u><\/strong>. Privilegiamos el juego como generador de aprendizaje, construyendo el conocimiento desde la vivencia a la elaboraci\u00f3n de un marco te\u00f3rico que sustente cada experiencia.\u00a0Nos proponemos en cada situaci\u00f3n la b\u00fasqueda de la coherencia entre el sentir, el pensar y el hacer.<\/p><p><strong><u>Concebimos a la Persona como un ser total<\/u><\/strong>, Cada una de nuestras alternativas contiene el abordaje integral de cada participante como persona y como profesional. Entendemos que el aprender puede darse en un clima de libertad, cooperaci\u00f3n, compromiso, b\u00fasqueda de s\u00ed mismo y con los otros.<\/p><h4>T\u00e9cnicas de Trabajo<\/h4><p>En cada Curso se implementar\u00e1n actividades vivenciales y reflexivas para cada contenido. El participante recibir\u00e1\u00a0 una gu\u00eda de estudio para orientar la elaboraci\u00f3n personal y la lectura bibliogr\u00e1fica.<\/p><p>Se solicitar\u00e1n trabajos pr\u00e1cticos de acuerdo con la tem\u00e1tica espec\u00edfica<\/p><p>T\u00e9cnica de\u00a0 Microense\u00f1anza.<\/p><h4>Evaluaci\u00f3n<\/h4><p>La evaluaci\u00f3n de cada Curso consta de un trabajo (te\u00f3rico-pr\u00e1ctico) que debe ser presentado y defendido en un Coloquio.<\/p><h4>Modalidad de la Cursada<\/h4><p>Semipresencial: en d\u00eda s\u00e1bado de 10.00 a 16.00 hs ( solicitar cronograma)<\/p><h4>Calendario<\/h4><p>Las clases inician el primero de abril y culminan el treinta de noviembre. Los Coloquios se desarrollan en diciembre.<\/p><h4>Certificado<\/h4><p>Al finalizar el Curso y aprobar el Coloquio se entregar\u00e1 una constancia de car\u00e1cter institucional.<\/p>\t\t\t\t\t\t\t\t<\/div>\n\t\t\t\t<\/div>\n\t\t\t\t\t<\/div>\n\t\t<\/div>\n\t\t\t\t\t<\/div>\n\t\t<\/section>\n\t\t\t\t<\/div>\n\t\t","protected":false},"excerpt":{"rendered":"<p>Escuela de Juego Escuela que brinda una s\u00f3lida formaci\u00f3n \u00a0para la aplicaci\u00f3n del juego en diferentes campos: Empresa, Salud, Educaci\u00f3n Formal y no Formal, Trabajo Comunitario, Arte, Tiempo Libre,\u00a0Medios de Comunicaci\u00f3n, entre otros. El estudio in\u00e9s moreno es pionero de la capacitaci\u00f3n en JUEGO y\u00a0 CREATIVIDAD y desde 1977 ha formado a los profesionales que&hellip;<\/p>\n","protected":false},"author":1,"featured_media":0,"parent":12172,"menu_order":0,"comment_status":"closed","ping_status":"closed","template":"","meta":{"_joinchat":[],"footnotes":""},"class_list":["post-3838","page","type-page","status-publish","hentry"],"_links":{"self":[{"href":"https:\/\/estudioinesmoreno.com.ar\/estudio\/wp-json\/wp\/v2\/pages\/3838","targetHints":{"allow":["GET"]}}],"collection":[{"href":"https:\/\/estudioinesmoreno.com.ar\/estudio\/wp-json\/wp\/v2\/pages"}],"about":[{"href":"https:\/\/estudioinesmoreno.com.ar\/estudio\/wp-json\/wp\/v2\/types\/page"}],"author":[{"embeddable":true,"href":"https:\/\/estudioinesmoreno.com.ar\/estudio\/wp-json\/wp\/v2\/users\/1"}],"replies":[{"embeddable":true,"href":"https:\/\/estudioinesmoreno.com.ar\/estudio\/wp-json\/wp\/v2\/comments?post=3838"}],"version-history":[{"count":12,"href":"https:\/\/estudioinesmoreno.com.ar\/estudio\/wp-json\/wp\/v2\/pages\/3838\/revisions"}],"predecessor-version":[{"id":6188,"href":"https:\/\/estudioinesmoreno.com.ar\/estudio\/wp-json\/wp\/v2\/pages\/3838\/revisions\/6188"}],"up":[{"embeddable":true,"href":"https:\/\/estudioinesmoreno.com.ar\/estudio\/wp-json\/wp\/v2\/pages\/12172"}],"wp:attachment":[{"href":"https:\/\/estudioinesmoreno.com.ar\/estudio\/wp-json\/wp\/v2\/media?parent=3838"}],"curies":[{"name":"wp","href":"https:\/\/api.w.org\/{rel}","templated":true}]}}