{"id":3801,"date":"2016-04-15T21:29:50","date_gmt":"2016-04-16T00:29:50","guid":{"rendered":"http:\/\/www.inesmoreno.com.ar\/estudio\/?page_id=3801"},"modified":"2023-01-03T16:18:13","modified_gmt":"2023-01-03T16:18:13","slug":"a-mitad-de-camino","status":"publish","type":"page","link":"https:\/\/estudioinesmoreno.com.ar\/estudio\/a-mitad-de-camino\/","title":{"rendered":"A MITAD DE CAMINO"},"content":{"rendered":"\t\t<div data-elementor-type=\"wp-page\" data-elementor-id=\"3801\" class=\"elementor elementor-3801\" data-elementor-post-type=\"page\">\n\t\t\t\t\t\t<section class=\"elementor-section elementor-top-section elementor-element elementor-element-56ef704c elementor-section-content-middle elementor-section-stretched elementor-section-boxed elementor-section-height-default elementor-section-height-default\" data-id=\"56ef704c\" data-element_type=\"section\" data-e-type=\"section\" data-settings=\"{&quot;stretch_section&quot;:&quot;section-stretched&quot;}\">\n\t\t\t\t\t\t<div class=\"elementor-container elementor-column-gap-wider\">\n\t\t\t\t\t<div class=\"elementor-column elementor-col-100 elementor-top-column elementor-element elementor-element-3acd9b55\" data-id=\"3acd9b55\" data-element_type=\"column\" data-e-type=\"column\">\n\t\t\t<div class=\"elementor-widget-wrap elementor-element-populated\">\n\t\t\t\t\t\t<div class=\"elementor-element elementor-element-5dd1c500 elementor-widget elementor-widget-text-editor\" data-id=\"5dd1c500\" data-element_type=\"widget\" data-e-type=\"widget\" data-widget_type=\"text-editor.default\">\n\t\t\t\t<div class=\"elementor-widget-container\">\n\t\t\t\t\t\t\t\t\t<h3><span style=\"background-color: rgba(255, 255, 255, 0); color: var(--the7-base-color); letter-spacing: var(--the7-base-letter-spacing); text-transform: var(--the7-base-text-transform); word-spacing: normal;\"><b>A<\/b><b> Mitad De Camino<\/b><\/span><\/h3><p><strong>Autora: Lic. <em style=\"background-color: rgba(255, 255, 255, 0); color: var(--the7-base-color); letter-spacing: var(--the7-base-letter-spacing); text-transform: var(--the7-base-text-transform); word-spacing: normal;\">IVANA L. PETRUELO<\/em><\/strong><\/p><p><strong>Existen diversos lenguajes que permiten dar cuenta del proceso de cambio que una persona\u00a0realiza. En este caso, la poes\u00eda, dedicada a sus compa\u00f1eros y docente, permite la toma de conciencia y elaboraci\u00f3n realizada.<\/strong><\/p><p><em><strong><u>MENSAJE\u00a0de una alumna del curso \u00abARMADO Y CONDUCCION DE PROYECTOS\u00bb<\/u><\/strong><\/em><\/p><p><strong><em>Y aqu\u00ed estoy, recorriendo un camino nuevo<\/em><\/strong><br \/><strong><em>pero no desespero porque casi llego\u2026<\/em><\/strong><br \/><strong><em>Este desaf\u00edo de conocer mi mundo interno<\/em><\/strong><br \/><strong><em>es lento pero entretenido,<\/em><\/strong><br \/><strong><em>es dolorosa y a veces divertido,<\/em><\/strong><br \/><strong><em>es zambullirse en un mar propio pero ajeno<\/em><\/strong><br \/><strong><em>nadando contra la corriente del deber<\/em><\/strong><br \/><strong><em>en b\u00fasqueda del aut\u00e9ntico ser.<\/em><\/strong><br \/><strong><em>Y s\u00ed\u2026 estoy aqu\u00ed\u2026 tratando de ser junco <\/em><\/strong><br \/><strong><em>para doblarme sin quebrarme<\/em><\/strong><br \/><strong><em>combatiendo los miedos\u2026<\/em><\/strong><br \/><strong><em>Yendo de la cama al living<\/em><\/strong><br \/><strong><em>y del living a la cama,<\/em><\/strong><br \/><strong><em>traspasando las puertas,<\/em><\/strong><br \/><strong><em>mir\u00e1ndome adentro,<\/em><\/strong><br \/><strong><em>soltando manos y tomando otras,<\/em><\/strong><br \/><strong><em>porque todo esto es m\u00e1s dif\u00edcil sin un gu\u00eda experto.<\/em><\/strong><br \/><strong><em>Estoy y aqu\u00ed me encuentro, cambiando <\/em><\/strong><br \/><strong><em>acept\u00e1ndome en vez de buscar ser aprobada,<\/em><\/strong><br \/><strong><em>confrontando con el otro en vez de evitar su ira,<\/em><\/strong><br \/><strong><em>escuchando en vez de distorsionar el mensaje.<\/em><\/strong><br \/><strong><em>S\u00ed, aqu\u00ed y estoy pero ya llego, <\/em><\/strong><br \/><strong><em>a mitad de camino me encuentro<\/em><\/strong><br \/><strong><em>todav\u00eda en pleno aprendizaje,<\/em><\/strong><br \/><strong><em>porque ante cada paso pienso<\/em><\/strong><br \/><strong><em>y luego avanzo<\/em><\/strong><br \/><strong><em>porque a cada paso giro hacia mis huellas <\/em><\/strong><br \/><strong><em>y me pregunto:<\/em><\/strong><br \/><strong><em>\u00bfQu\u00e9 sent\u00ed?<\/em><\/strong><br \/><strong><em>\u00bfQu\u00e9 aprend\u00ed?<\/em><\/strong><br \/><strong><em>Y \u00bfqu\u00e9 descubr\u00ed de m\u00ed?<\/em><\/strong><br \/><em><strong>pero no desespero porque casi llego\u2026<\/strong><\/em><\/p><p align=\"right\"><strong>IVANA L. PETRUELO 16\/10\/2007<\/strong><\/p>\t\t\t\t\t\t\t\t<\/div>\n\t\t\t\t<\/div>\n\t\t\t\t\t<\/div>\n\t\t<\/div>\n\t\t\t\t\t<\/div>\n\t\t<\/section>\n\t\t\t\t<\/div>\n\t\t","protected":false},"excerpt":{"rendered":"<p>A Mitad De Camino Autora: Lic. IVANA L. PETRUELO Existen diversos lenguajes que permiten dar cuenta del proceso de cambio que una persona\u00a0realiza. En este caso, la poes\u00eda, dedicada a sus compa\u00f1eros y docente, permite la toma de conciencia y elaboraci\u00f3n realizada. MENSAJE\u00a0de una alumna del curso \u00abARMADO Y CONDUCCION DE PROYECTOS\u00bb Y aqu\u00ed estoy,&hellip;<\/p>\n","protected":false},"author":1,"featured_media":0,"parent":0,"menu_order":0,"comment_status":"closed","ping_status":"closed","template":"","meta":{"_joinchat":[],"footnotes":""},"class_list":["post-3801","page","type-page","status-publish","hentry"],"_links":{"self":[{"href":"https:\/\/estudioinesmoreno.com.ar\/estudio\/wp-json\/wp\/v2\/pages\/3801","targetHints":{"allow":["GET"]}}],"collection":[{"href":"https:\/\/estudioinesmoreno.com.ar\/estudio\/wp-json\/wp\/v2\/pages"}],"about":[{"href":"https:\/\/estudioinesmoreno.com.ar\/estudio\/wp-json\/wp\/v2\/types\/page"}],"author":[{"embeddable":true,"href":"https:\/\/estudioinesmoreno.com.ar\/estudio\/wp-json\/wp\/v2\/users\/1"}],"replies":[{"embeddable":true,"href":"https:\/\/estudioinesmoreno.com.ar\/estudio\/wp-json\/wp\/v2\/comments?post=3801"}],"version-history":[{"count":9,"href":"https:\/\/estudioinesmoreno.com.ar\/estudio\/wp-json\/wp\/v2\/pages\/3801\/revisions"}],"predecessor-version":[{"id":6618,"href":"https:\/\/estudioinesmoreno.com.ar\/estudio\/wp-json\/wp\/v2\/pages\/3801\/revisions\/6618"}],"wp:attachment":[{"href":"https:\/\/estudioinesmoreno.com.ar\/estudio\/wp-json\/wp\/v2\/media?parent=3801"}],"curies":[{"name":"wp","href":"https:\/\/api.w.org\/{rel}","templated":true}]}}