{"id":3781,"date":"2016-04-15T21:06:18","date_gmt":"2016-04-16T00:06:18","guid":{"rendered":"http:\/\/www.inesmoreno.com.ar\/estudio\/?page_id=3781"},"modified":"2016-04-15T21:06:18","modified_gmt":"2016-04-16T00:06:18","slug":"el-dengue-que-supimos-conseguir","status":"publish","type":"page","link":"https:\/\/estudioinesmoreno.com.ar\/estudio\/reportajes-y-notas\/el-dengue-que-supimos-conseguir\/","title":{"rendered":"EL DENGUE QUE SUPIMOS CONSEGUIR"},"content":{"rendered":"<h2>Reportajes y Notas<\/h2>\n<h3>EL DENGUE QUE SUPIMOS CONSEGUIR<\/h3>\n<p><span>Prof. In\u00e9s Moreno<\/span><\/p>\n<p>Nota\u00a0 de la Prof. In\u00e9s Moreno para La Naci\u00f3n &#8211; <em>Diario Argentino &#8211; 2009<\/em><\/p>\n<p>Debo confesar que cuando recib\u00ed el llamado del Jefe de redacci\u00f3n del Diario La Naci\u00f3n con el pedido de una nota sobre el tema del dengue, consider\u00e9 que no era la persona adecuada y me preguntaba qu\u00e9 podr\u00eda aportar desde mi perspectiva y experiencia educativa. Durante el proceso de gestaci\u00f3n de mis ideas compart\u00eda azorada, como cualquier otro ciudadano que vive intensamente en este contexto, la experiencia del deterioro\u00a0al que hacemos referencia \u00a0permanentemente. Apareci\u00f3 el rel\u00e1mpago creativo y me sent\u00e9 frente a la computadora tratando de reflejar mi sentir, pensar y mis propuestas del hacer. Mientras escrib\u00eda, mi compromiso se potenciaba y fu\u00e9 all\u00ed que agradec\u00ed (ahora lo hago p\u00fablico) la oportunidad de escribir sobre este tema.<\/p>\n<p>De hecho, a partir de este articulo, he participado en el asesoramiento de m\u00faltiples programas que han llevado adelante instituciones educativas, tratando de que la palabra se transformara en acci\u00f3n.<\/p>\n<p>A continuaci\u00f3n el texto publicado por el Diario La Naci\u00f3n.<\/p>\n<p>Sin lugar a dudas existe una relaci\u00f3n entre dengue y educaci\u00f3n.<\/p>\n<p>El dengue es un emergente, como tantos otros que existen en nuestro pa\u00eds, que se\u00f1ala la geom\u00e9trica involuci\u00f3n\u00a0 educativa en la que estamos involucrados<\/p>\n<p>La educaci\u00f3n es patrimonio de toda la comunidad, aunque cada uno tiene diferentes grados y alcances de responsabilidad<\/p>\n<p>Las autoridades nacionales, provinciales y municipales no advierten que la educaci\u00f3n no \u00a0se resuelve con cambios curriculares o incremento tecnol\u00f3gico, que la gesti\u00f3n no es un tema burocr\u00e1tico que requiere completar planillas o la capacitaci\u00f3n y asignaci\u00f3n de cargos del personal docente no puede ser reducida a un puntaje.<\/p>\n<p>Claro que el dengue es, entre otras variables, un problema educativo.<\/p>\n<p>La educaci\u00f3n en una sociedad del conocimiento no puede estar reducida a la repetici\u00f3n de datos. El conocimiento no es la suma de datos o informaci\u00f3n. El dato por si mismo no es fuente de informaci\u00f3n, como la informaci\u00f3n no es fuente de conocimiento; \u00e9ste se caracteriza por tener participaci\u00f3n humana. Uno conoce cuando se involucra en plenitud, puede elaborar, relacionar, integrar<em>. El dengue es producto del desconocimiento,<\/em> m\u00e1s all\u00e1 de la informaci\u00f3n que circule.<\/p>\n<p>El dengue no es causa excluyente \u00a0de la pobreza econ\u00f3mica.<\/p>\n<p>Hay una pobreza m\u00e1s profunda que no permite avisorar una salida a las dificultades econ\u00f3micas y sociales <em>: la pobreza educativa<\/em>. Es pobre no solo el que no tiene para comer; tambi\u00e9n lo es quien no tiene elementos cognitivos y procedimentales para trasformar esa realidad y es a\u00fan mas pobre quien tiene el alma anestesiada por la resignaci\u00f3n<\/p>\n<p>La pobreza de las personas, en su dimensi\u00f3n \u00a0m\u00e1s profunda es funcional a un sistema de \u201ccompre \u00a0votos\u201d y enriquecimiento de unos \u00a0pocos.<\/p>\n<p>Podemos aceptar la frase <strong>\u201cEL DENGUE LLEG\u00d3 PARA QUEDARSE\u201d<\/strong>? Qu\u00e9 implicancias tiene?<\/p>\n<p><em><u>Lleg\u00f3<\/u>:<\/em> \u201cviene de afuera\u201d, de \u201carriba\u201d, nadie es responsable<\/p>\n<p><em><u>Est\u00e1<\/u>:<\/em> obviamente es visible a partir de la cantidad de muertos tanto como de \u00a0las disputas a modo de circo que observamos en el Congreso<\/p>\n<p><em><u>Quedarse<\/u>:<\/em> hace referencia a que \u201c:no \u00a0es posible la acci\u00f3n\u201d, la detiene; el dengue se queda, permanece entre nosotros; no hay alternativa<\/p>\n<p>Qu\u00e9 contenidos se transmiten a la sociedad? \u00a0Esto tambi\u00e9n es tarea educativa.<\/p>\n<p>Cuando dirig\u00eda una escuela hace m\u00e1s de treinta a\u00f1os, un alumno de 7 mo grado que hab\u00eda tomado una lapicera que no le pertenec\u00eda me dijo: Usted me reta por una lapicera y la presidenta deposit\u00f3 un cheque en una cuenta incorrecta. Qu\u00e9 margen\u00a0 queda para la escuela, cuando la calidad y cantidad de est\u00edmulos contextuales son cualitativamente diferentes a la escala de valores que se pretende generar?<\/p>\n<p>La educaci\u00f3n no s\u00f3lo est\u00e1 dentro del aula: un presidente o un ministro, un periodista o el verdulero, curas, artistas \u00a0tambi\u00e9n somos un agentes educativos lo deseemos o \u00a0no, nos lo propongamos o no.<\/p>\n<p>La frase<em>: El dengue lleg\u00f3 para quedarse<\/em>, nos exime de responsabilidades.<\/p>\n<p>El lleg\u00f3 tambi\u00e9n se asienta en nuestro cerebro, promoviendo ideas y emociones que nos involucran y modelan nuestro accionar.<\/p>\n<p>Lleg\u00f3 es \u201cyo no tengo nada que ver con ello\u201d\u2026.\u201dalguien deber\u00e1 solucionarlo\u201d\u2026..<\/p>\n<p>Esto es tambi\u00e9n educaci\u00f3n<\/p>\n<p>Lo que se dice y c\u00f3mo se dice tanto, lo que se hace o no se hace, construye subjetividad y arma tejido social<\/p>\n<p>El dengue lleg\u00f3 para quedarse . Si uno lo escucha y lo repite \u2026.ocurre como cuando escrib\u00edamos \u201cmam\u00e1 me mima\u201d: \u00a0comenzamos a naturalizar ; le enviamos a nuestro cerebro la \u00f3rden de vivir como habitual y normal una situaci\u00f3n que no lo es.<\/p>\n<p>Y as\u00ed podr\u00edamos continuar una lista desnaturalizadora del ser humano que vive en comunidad : hoy es el dengue y luego qu\u00e9?<\/p>\n<p>Repitamos entonces: la inseguridad llego para quedarse, la droga lleg\u00f3 para quedarse, la miseria lleg\u00f3 para quedarse, etc, etc.<\/p>\n<p>Cu\u00e1nto vamos a esperar para asumir la realidad que nos atraviesa y nos duele \u2018?<\/p>\n<p>Cuanto m\u00e1s vamos a depender de pasquines pol\u00edticos que no resuelven el vivir \u00a0cotidiano?<\/p>\n<p>Cuanta m\u00e1s vida vamos a entregar?<\/p>\n<p>O por fin!: nos asumimos como <u>adultos<\/u> ,sin delegar \u00a0nuestra capacidad y poder de decisi\u00f3n . Adultos frente a una urna, adultos frente a los mensajes de los medios, adultos frente a la realidad.<\/p>\n<p>Ser adulto al momento de no acallar la propia voz ni acallar la de los otros<\/p>\n<p>Tenemos derecho una vida digna pero tambi\u00e9n tenemos el deber de no se conniventes con instituciones, organismos , personas que s\u00f3lo buscan el beneficio personal<\/p>\n<p>Ya basta de excelentes diagn\u00f3sticos, somos eximios en diagnosticar la realidad educativa. Es hora de\u00a0 comenzar a accionar. Por el bien de nuestros hijos y por la salud de nuestra comunidad.<\/p>\n<p>Los ciudadanos no advertimos que la degradaci\u00f3n en la que estamos sumergidos tiene m\u00e1s costo a\u00fan. Puede pensarse que un pa\u00eds que ha brindado al mundo cinco premios n\u00f3bel o la primera filmaci\u00f3n mundial de cirug\u00eda a cargo del Doctor Posadas tenga en el siglo 21 una epidemia de dengue?<\/p>\n<p>Qu\u00e9 hemos o no hemos realizado en el devenir de nuestra construcci\u00f3n como personas y como comunidad.<\/p>\n<p>Sin hipocres\u00eda, sin miedo , con firmeza. En la d\u00e9cada del 50, tuvimos una experiencia de trabajo comunitario frente a la epidemia de poliomielitis. Gran cantidad de acciones a cargo de los vecinos:\u00a0 caleado de\u00a0 cordones de veredas y \u00e1rboles, \u00a0higiene y desinfecci\u00f3n de calles y veredas, entre otras. Juntos sent\u00edan que hac\u00edan por el bien com\u00fan. Esto tambi\u00e9n es educaci\u00f3n. .Cu\u00e1nta tarea educativa existe en el trabajo conjunto: distribuci\u00f3n de tareas, conocimientos\u00a0 y procedimientos\u00a0 para cumplir el objetivo, b\u00fasqueda de informaci\u00f3n, aceptaci\u00f3n del otro, escucha\u00a0 y di\u00e1logo, superaci\u00f3n de conflictos\u2026.la lista de aprendizajes es extensa.<\/p>\n<p>La soluci\u00f3n la tenemos todos, cada uno desde su rol y tarea, en lo que eligi\u00f3 para trascender en su vida: padre, pol\u00edtico, periodista, comerciante, verdulero, empresario, docente: <strong>todos haciendo lo que tenemos y debemos hacer, sin mirar para otro lado, sin hipocres\u00eda, sin connivencia.<\/strong><\/p>\n<p>Es que ser\u00e1 peligroso que las personas organizadas que logren vencer en conjunto una epidemia se sientan capaces de modificar otros aspectos de la realidad en al que vivimos?<\/p>\n<p>Hacia d\u00f3nde ir\u00e1 el dengue tambi\u00e9n nos marcar\u00e1 hacia d\u00f3nde ir\u00e1 la educaci\u00f3n.<\/p>\n","protected":false},"excerpt":{"rendered":"<p>Reportajes y Notas EL DENGUE QUE SUPIMOS CONSEGUIR Prof. In\u00e9s Moreno Nota\u00a0 de la Prof. In\u00e9s Moreno para La Naci\u00f3n &#8211; Diario Argentino &#8211; 2009 Debo confesar que cuando recib\u00ed el llamado del Jefe de redacci\u00f3n del Diario La Naci\u00f3n con el pedido de una nota sobre el tema del dengue, consider\u00e9 que no era&hellip;<\/p>\n","protected":false},"author":1,"featured_media":0,"parent":3867,"menu_order":0,"comment_status":"closed","ping_status":"closed","template":"","meta":{"_joinchat":[],"footnotes":""},"class_list":["post-3781","page","type-page","status-publish","hentry","description-off"],"_links":{"self":[{"href":"https:\/\/estudioinesmoreno.com.ar\/estudio\/wp-json\/wp\/v2\/pages\/3781","targetHints":{"allow":["GET"]}}],"collection":[{"href":"https:\/\/estudioinesmoreno.com.ar\/estudio\/wp-json\/wp\/v2\/pages"}],"about":[{"href":"https:\/\/estudioinesmoreno.com.ar\/estudio\/wp-json\/wp\/v2\/types\/page"}],"author":[{"embeddable":true,"href":"https:\/\/estudioinesmoreno.com.ar\/estudio\/wp-json\/wp\/v2\/users\/1"}],"replies":[{"embeddable":true,"href":"https:\/\/estudioinesmoreno.com.ar\/estudio\/wp-json\/wp\/v2\/comments?post=3781"}],"version-history":[{"count":0,"href":"https:\/\/estudioinesmoreno.com.ar\/estudio\/wp-json\/wp\/v2\/pages\/3781\/revisions"}],"up":[{"embeddable":true,"href":"https:\/\/estudioinesmoreno.com.ar\/estudio\/wp-json\/wp\/v2\/pages\/3867"}],"wp:attachment":[{"href":"https:\/\/estudioinesmoreno.com.ar\/estudio\/wp-json\/wp\/v2\/media?parent=3781"}],"curies":[{"name":"wp","href":"https:\/\/api.w.org\/{rel}","templated":true}]}}

<h2>Reportajes y Notas</h2>
<h3>EL DENGUE QUE SUPIMOS CONSEGUIR</h3>
<p><span>Prof. Inés Moreno</span></p>
<p>Nota  de la Prof. Inés Moreno para La Nación &#8211; <em>Diario Argentino &#8211; 2009</em></p>
<p>Debo confesar que cuando recibí el llamado del Jefe de redacción del Diario La Nación con el pedido de una nota sobre el tema del dengue, consideré que no era la persona adecuada y me preguntaba qué podría aportar desde mi perspectiva y experiencia educativa. Durante el proceso de gestación de mis ideas compartía azorada, como cualquier otro ciudadano que vive intensamente en este contexto, la experiencia del deterioro al que hacemos referencia  permanentemente. Apareció el relámpago creativo y me senté frente a la computadora tratando de reflejar mi sentir, pensar y mis propuestas del hacer. Mientras escribía, mi compromiso se potenciaba y fué allí que agradecí (ahora lo hago público) la oportunidad de escribir sobre este tema.</p>
<p>De hecho, a partir de este articulo, he participado en el asesoramiento de múltiples programas que han llevado adelante instituciones educativas, tratando de que la palabra se transformara en acción.</p>
<p>A continuación el texto publicado por el Diario La Nación.</p>
<p>Sin lugar a dudas existe una relación entre dengue y educación.</p>
<p>El dengue es un emergente, como tantos otros que existen en nuestro país, que señala la geométrica involución  educativa en la que estamos involucrados</p>
<p>La educación es patrimonio de toda la comunidad, aunque cada uno tiene diferentes grados y alcances de responsabilidad</p>
<p>Las autoridades nacionales, provinciales y municipales no advierten que la educación no  se resuelve con cambios curriculares o incremento tecnológico, que la gestión no es un tema burocrático que requiere completar planillas o la capacitación y asignación de cargos del personal docente no puede ser reducida a un puntaje.</p>
<p>Claro que el dengue es, entre otras variables, un problema educativo.</p>
<p>La educación en una sociedad del conocimiento no puede estar reducida a la repetición de datos. El conocimiento no es la suma de datos o información. El dato por si mismo no es fuente de información, como la información no es fuente de conocimiento; éste se caracteriza por tener participación humana. Uno conoce cuando se involucra en plenitud, puede elaborar, relacionar, integrar<em>. El dengue es producto del desconocimiento,</em> más allá de la información que circule.</p>
<p>El dengue no es causa excluyente  de la pobreza económica.</p>
<p>Hay una pobreza más profunda que no permite avisorar una salida a las dificultades económicas y sociales <em>: la pobreza educativa</em>. Es pobre no solo el que no tiene para comer; también lo es quien no tiene elementos cognitivos y procedimentales para trasformar esa realidad y es aún mas pobre quien tiene el alma anestesiada por la resignación</p>
<p>La pobreza de las personas, en su dimensión  más profunda es funcional a un sistema de “compre  votos” y enriquecimiento de unos  pocos.</p>
<p>Podemos aceptar la frase <strong>“EL DENGUE LLEGÓ PARA QUEDARSE”</strong>? Qué implicancias tiene?</p>
<p><em><u>Llegó</u>:</em> “viene de afuera”, de “arriba”, nadie es responsable</p>
<p><em><u>Está</u>:</em> obviamente es visible a partir de la cantidad de muertos tanto como de  las disputas a modo de circo que observamos en el Congreso</p>
<p><em><u>Quedarse</u>:</em> hace referencia a que “:no  es posible la acción”, la detiene; el dengue se queda, permanece entre nosotros; no hay alternativa</p>
<p>Qué contenidos se transmiten a la sociedad?  Esto también es tarea educativa.</p>
<p>Cuando dirigía una escuela hace más de treinta años, un alumno de 7 mo grado que había tomado una lapicera que no le pertenecía me dijo: Usted me reta por una lapicera y la presidenta depositó un cheque en una cuenta incorrecta. Qué margen  queda para la escuela, cuando la calidad y cantidad de estímulos contextuales son cualitativamente diferentes a la escala de valores que se pretende generar?</p>
<p>La educación no sólo está dentro del aula: un presidente o un ministro, un periodista o el verdulero, curas, artistas  también somos un agentes educativos lo deseemos o  no, nos lo propongamos o no.</p>
<p>La frase<em>: El dengue llegó para quedarse</em>, nos exime de responsabilidades.</p>
<p>El llegó también se asienta en nuestro cerebro, promoviendo ideas y emociones que nos involucran y modelan nuestro accionar.</p>
<p>Llegó es “yo no tengo nada que ver con ello”….”alguien deberá solucionarlo”…..</p>
<p>Esto es también educación</p>
<p>Lo que se dice y cómo se dice tanto, lo que se hace o no se hace, construye subjetividad y arma tejido social</p>
<p>El dengue llegó para quedarse . Si uno lo escucha y lo repite ….ocurre como cuando escribíamos “mamá me mima”:  comenzamos a naturalizar ; le enviamos a nuestro cerebro la órden de vivir como habitual y normal una situación que no lo es.</p>
<p>Y así podríamos continuar una lista desnaturalizadora del ser humano que vive en comunidad : hoy es el dengue y luego qué?</p>
<p>Repitamos entonces: la inseguridad llego para quedarse, la droga llegó para quedarse, la miseria llegó para quedarse, etc, etc.</p>
<p>Cuánto vamos a esperar para asumir la realidad que nos atraviesa y nos duele ‘?</p>
<p>Cuanto más vamos a depender de pasquines políticos que no resuelven el vivir  cotidiano?</p>
<p>Cuanta más vida vamos a entregar?</p>
<p>O por fin!: nos asumimos como <u>adultos</u> ,sin delegar  nuestra capacidad y poder de decisión . Adultos frente a una urna, adultos frente a los mensajes de los medios, adultos frente a la realidad.</p>
<p>Ser adulto al momento de no acallar la propia voz ni acallar la de los otros</p>
<p>Tenemos derecho una vida digna pero también tenemos el deber de no se conniventes con instituciones, organismos , personas que sólo buscan el beneficio personal</p>
<p>Ya basta de excelentes diagnósticos, somos eximios en diagnosticar la realidad educativa. Es hora de  comenzar a accionar. Por el bien de nuestros hijos y por la salud de nuestra comunidad.</p>
<p>Los ciudadanos no advertimos que la degradación en la que estamos sumergidos tiene más costo aún. Puede pensarse que un país que ha brindado al mundo cinco premios nóbel o la primera filmación mundial de cirugía a cargo del Doctor Posadas tenga en el siglo 21 una epidemia de dengue?</p>
<p>Qué hemos o no hemos realizado en el devenir de nuestra construcción como personas y como comunidad.</p>
<p>Sin hipocresía, sin miedo , con firmeza. En la década del 50, tuvimos una experiencia de trabajo comunitario frente a la epidemia de poliomielitis. Gran cantidad de acciones a cargo de los vecinos:  caleado de  cordones de veredas y árboles,  higiene y desinfección de calles y veredas, entre otras. Juntos sentían que hacían por el bien común. Esto también es educación. .Cuánta tarea educativa existe en el trabajo conjunto: distribución de tareas, conocimientos  y procedimientos  para cumplir el objetivo, búsqueda de información, aceptación del otro, escucha  y diálogo, superación de conflictos….la lista de aprendizajes es extensa.</p>
<p>La solución la tenemos todos, cada uno desde su rol y tarea, en lo que eligió para trascender en su vida: padre, político, periodista, comerciante, verdulero, empresario, docente: <strong>todos haciendo lo que tenemos y debemos hacer, sin mirar para otro lado, sin hipocresía, sin connivencia.</strong></p>
<p>Es que será peligroso que las personas organizadas que logren vencer en conjunto una epidemia se sientan capaces de modificar otros aspectos de la realidad en al que vivimos?</p>
<p>Hacia dónde irá el dengue también nos marcará hacia dónde irá la educación.</p>

<p>Reportajes y Notas EL DENGUE QUE SUPIMOS CONSEGUIR Prof. Inés Moreno Nota  de la Prof. Inés Moreno para La Nación &#8211; Diario Argentino &#8211; 2009 Debo confesar que cuando recibí el llamado del Jefe de redacción del Diario La Nación con el pedido de una nota sobre el tema del dengue, consideré que no era&hellip;</p>
