{"id":3775,"date":"2016-04-15T20:56:52","date_gmt":"2016-04-15T23:56:52","guid":{"rendered":"http:\/\/www.inesmoreno.com.ar\/estudio\/?page_id=3775"},"modified":"2016-04-15T20:56:52","modified_gmt":"2016-04-15T23:56:52","slug":"por-que-los-adultos-no-juegan","status":"publish","type":"page","link":"https:\/\/estudioinesmoreno.com.ar\/estudio\/reportajes-y-notas\/por-que-los-adultos-no-juegan\/","title":{"rendered":"\u00bfPOR QU\u00c9 LOS ADULTOS NO JUEGAN?"},"content":{"rendered":"<h2>Reportajes y Notas<\/h2>\n<h3>\u00bfPOR QU\u00c9 LOS ADULTOS NO JUEGAN?<\/h3>\n<p>Prof. In\u00e9s Moreno<\/p>\n<p>Nota\u00a0 de la Prof. In\u00e9s Moreno para La Naci\u00f3n &#8211; <em>Diario Argentino &#8211; 2010<\/em><\/p>\n<p>La Profesora In\u00e9s Moreno fue entrevistada para la nota \u00ab\u00bfPor qu\u00e9 los adultos no juegan?\u00bb Durante la infancia, el juego es una actividad fundamental para aprender y crecer. \u00bfPor qu\u00e9 cuando crecemos dejamos de hacerlo? En esta nota, las claves para \u00abrecuperar al ni\u00f1o interior\u00bb.<\/p>\n<p>La nota completa: Es mi cable a tierra; son dos horas para m\u00ed en las que tengo posibilidades de crear; jugando al Rasti me desenchufo\u00bb, asegura Jos\u00e9 Luis Onostre (47), desarrollador de software y padre de Florencia, de 8 a\u00f1os, con quien comparte sus juegos de bloques, a los que frecuentemente se suman su propio padre, de 84 a\u00f1os, y su sobrino Facundo, de 6. Jos\u00e9 Luis es uno de los socios del Club del Rasti, surgido para promover el tradicional juego de construcci\u00f3n, mediante reuniones, foros web y \u00abcampeonatos\u00bb, en los que participan jugadores de menos de cuatro a m\u00e1s de 84 a\u00f1os.<\/p>\n<p>\u00abNo se deja de jugar porque se es viejo, sino que se es viejo porque se deja de jugar\u00bb, dec\u00eda Bernard Shaw. El juego \u00abes un recurso ps\u00edquico al que acude el ni\u00f1o cuando algo le molesta o lo angustia, y en el adulto ocurre algo parecido\u00bb, dice la psic\u00f3loga M\u00f3nica Cruppi, de la Asociaci\u00f3n Psicoanal\u00edtica Argentina. Adem\u00e1s de ser una actividad social y placentera, funciona como un calmante, una t\u00e1ctica para enfrentar el estr\u00e9s cotidiano, adaptarse a los cambios y desarrollar la creatividad. Adem\u00e1s, \u00abel juego libre, aquel que no est\u00e1 pendiente de reglas ni de un resultado, eleva el \u00e1nimo y las defensas del organismo porque genera la liberaci\u00f3n de endorfinas, llamadas tambi\u00e9n hormonas de la felicidad\u00bb, aporta Graciela Astorga, especialista en Programaci\u00f3n Neuroling\u00fc\u00edstica y directora de Taquion, una consultora de juegos para el desarrollo personal. Sin embargo, y pese a todos sus beneficios, a medida que crecemos las personas dejamos de jugar. Y olvidamos todo aquello que el juego nos ense\u00f1\u00f3 durante los primeros a\u00f1os, el tiempo de la vida en que m\u00e1s cosas aprendimos.<\/p>\n<p>Factores culturales, el miedo al rid\u00edculo y la falta de tiempo atentan contra el esp\u00edritu l\u00fadico. \u00bfSe est\u00e1 perdiendo la capacidad de jugar? Muchos padres se preocupan porque sus hijos no juegan, se aburren y est\u00e1n todo el tiempo pendientes de la TV, la computadora y la consola de videojuegos. Por otra parte, los adultos ya no sabemos c\u00f3mo entretener a los ni\u00f1os, porque nos hemos olvidado de jugar. Juegos de mesa, juegos de rol S\u00e1bado por la tarde, en el Club Oeste, del barrio de Caballito.<\/p>\n<p>En las mesas de la cafeter\u00eda hay varios grupos jugando al TEG, el cl\u00e1sico juego de estrategia que hizo furor en la d\u00e9cada del 70. Desde chicos hasta jubilados, todos est\u00e1n pendientes de los dados y las fichas de colores posadas sobre un tablero que simula un mapa antiguo. \u00abEs la mejor forma de pasar el s\u00e1bado\u00bb, dice Mariano, bioqu\u00edmico, y confiesa que \u00abm\u00e1s de una vez dej\u00e9 plantada a una chica para venir a jugar\u00bb. \u00abEs muy entretenido, y al tener muy poco componente de azar, te obliga a pensar estrat\u00e9gicamente y negociar con otros\u00bb, apunta Nicol\u00e1s, instrumentador quir\u00fargico. Ana, una de las pocas damas que juegan en el sal\u00f3n, aporta que \u00ablo bueno es que no necesit\u00e1s juntar un grupo de amigos para venir a jugar, sino que pod\u00e9s venir y te los hac\u00e9s ac\u00e1\u00bb. En la era de los videogames, los juegos de mesa conservan su encanto, y sus seguidores. Aunque hoy existen juegos de realidad virtual como Second Life, que cuenta con tiendas, universidades y hasta una moneda propia (los linden, que cotizan en Bolsa), los tradicionales \u00abjuegos del rol en vivo y en directo\u00bb no han perdido vigencia. \u00abSon juegos cooperativos, no competitivos, lo que significa que nadie gana o pierde, sino que todos se divierten\u00bb, se\u00f1ala Graciela Rap\u00e1n, analista de sistemas y psic\u00f3loga social, fan\u00e1tica \u00abrolera\u00bb. \u00abA m\u00ed me divierte mucho, hice muchos amigos jugando, y estimula mi creatividad\u00bb, asegura, y explica que existen distintos tipos de juegos de rol. Los hay inspirados en obras literarias famosas, como las de Tolkien o Lovecraft; en pel\u00edculas y series de televisi\u00f3n, con ambientaci\u00f3n hist\u00f3rica real o fant\u00e1stica; \u00abmedievales\u00bb ( El Se\u00f1or de los Anillos , Dungeons &amp; Dragons ), de ciencia ficci\u00f3n ( Star Wars , Cyberpunk ), ambientados en el Lejano Oeste ( Deadlands ), en el mundo de los esp\u00edas ( James Bond , Spycraft ), los piratas o los samur\u00e1is. Graciela desmiente enf\u00e1ticamente que los juegos de rol inciten a la violencia o la discriminaci\u00f3n y cita en su blog ( <a href=\"http:\/\/www.inesmoreno.com.ar\/escritos-adultos-no-juegan.html\" target=\"_blank\" rel=\"noopener\">www.queeselrol.com<\/a> ) varios estudios internacionales que concluyen que este tipo de juegos fomentan la cooperaci\u00f3n y la tolerancia, adem\u00e1s de ser un buen veh\u00edculo para el aprendizaje. \u00bfY los juegos de computadora? Muchos videojuegos est\u00e1n inspirados en los juegos de rol ( Second Life , SimCity ) y se caracterizan por recrear situaciones de experimentaci\u00f3n.<\/p>\n<p>Su finalidad es resolver conflictos y prepararse para situaciones futuras en un entorno ameno y seguro. En el trabajo, \u00bfpor qu\u00e9 no? Al entrar en la sede de Globant, una compa\u00f1\u00eda argentina exportadora de software, se puede ver gente jugando al ping-pong, al metegol, a los videojuegos. Al mejor estilo Google, sus oficinas tienen una sala de m\u00fasica y hasta una pared de escalamiento. \u00abPara generar buenas ideas hay que estar feliz\u00bb, dice Guibert Englebienne, socio de esta compa\u00f1\u00eda que fundaron cuatro amigos en 2003 y hoy tiene m\u00e1s de 1500 empleados. \u00abLos \u00e1mbitos para jugar y distenderse son parte de esto. No creemos que trabajar sea vestirse prolijo e ir a la oficina de 9 a 18. Nosotros pensamos que para trabajar bien hay que divertirse. Por eso tenemos juegos. Y nadie se abusa. Cada uno cumple con lo que tiene que hacer, y por eso nadie se lamenta si hay gente jugando en el horario de trabajo\u00bb, asegura el directivo. \u00abEl juego es un disparador de emociones, y por eso sirve para fijar conocimientos. Las empresas est\u00e1n empezando a reconocer esto, y es por ello que cada vez m\u00e1s utilizan juegos para capacitar y entrenar a sus empleados\u00bb, dice Juli\u00e1n Baamonde, de la consultora Meritent.<\/p>\n<p>Dentro de las actividades de capacitaci\u00f3n que proponen a las compa\u00f1\u00edas est\u00e1n los juegos de simulaci\u00f3n por equipos, en los que \u00ablos grupos compiten y cooperan entre s\u00ed para alcanzar determinados objetivos de negocio. Durante el juego, los participantes asumen roles diferentes de sus funciones habituales, y esto ayuda a ponerse en el lugar del otro y pensar m\u00e1s abiertamente para resolver situaciones\u00bb, dice Baamonde. Otra de las funciones del juego es \u00abdesen\u00admascarar a las personas\u00bb, afirma In\u00e9s Moreno, quien dirige desde hace m\u00e1s de 30 a\u00f1os un estudio donde se dictan talleres de juego y creatividad para adultos. \u00abEn el juego se ve qui\u00e9n escucha y qui\u00e9n no, qui\u00e9n es emp\u00e1tico, solidario, y qui\u00e9n hipercompetitivo\u00bb, dice la experta. Entre los asistentes a su taller, muchos vienen para aliviar el estr\u00e9s o aprender herramientas creativas para su trabajo. Otros lo hacen para recuperar el gusto por el juego, y conectarse de forma m\u00e1s directa con sus hijos. Una v\u00eda de comunicaci\u00f3n . Muchos padres no juegan con sus chicos \u00abpor falta de tiempo\u00bb. Sin embargo, tampoco lo hacen durante los ratos de ocio y las vacaciones. El juego es la primera forma de di\u00e1logo que se establece entre padres e hijos, y su ausencia puede llevar a falencias en la comunicaci\u00f3n m\u00e1s adelante, cuando los ni\u00f1os se vuelven adolescentes y se han perdido los c\u00f3digos comunes que surgen del jugar.\u00a0 \u00abLa interacci\u00f3n l\u00fadica entre padres e hijos suele perderse con los a\u00f1os. No s\u00f3lo porque al crecer el juego cede su espacio a las actividades programadas y encaminadas a la formaci\u00f3n acad\u00e9mica, sino porque la sociedad moderna le resta importancia a esos ratos de convivencia familiar necesarios para establecer confianza, compartir tensiones y emociones, enfrentar retos o simplemente disfrutar de estar juntos\u00bb, dice la psic\u00f3loga M\u00f3nica Cruppi.<\/p>\n<p>No hace falta comprar juguetes costosos (ver recuadro: A qu\u00e9 jugamos, seg\u00fan la edad) ni destinar interminables horas a jugar con los ni\u00f1os. Ante todo, el juego debe ser una actividad espont\u00e1nea y no impuesta. Por otro lado, cada vez m\u00e1s personas adultas empiezan a replantearse en qu\u00e9 punto de su vida se encuentran y hacia d\u00f3nde desean seguir. \u00abUna alternativa para estos planteos son los juegos de desarrollo personal, porque nos permiten adquirir herramientas para modificar conductas que nos apartan de la meta deseada\u00bb, dice Marta Hinc, psic\u00f3loga que implementa talleres de juegos para adultos en el interior del pa\u00eds. \u00abCuando un adulto se permite jugar, enriquece sus posibilidades de enfrentar la realidad, y encuentra m\u00e1s recursos para solucionar sus problemas\u00bb, destaca. Est\u00e1 visto que el juego es una actividad necesaria para los seres humanos de cualquier edad, no s\u00f3lo para los ni\u00f1os. S\u00f3lo que \u00aben las etapas m\u00e1s productivas de la vida nos parece que el tiempo es oro y que no podemos distraernos en cosas pueriles como jugar. Y as\u00ed es como terminamos estresados, contracturados o hasta enfermos\u00bb, dice Graciela Astorga. Los griegos, que le daban mucha importancia al juego y entre su inmenso legado cultural nos dejaron los Juegos Ol\u00edmpicos, distingu\u00edan entre kronos y kairos. Kronos es el tiempo de la urgencia. Kairos, en cambio, es el tiempo de lo oportuno y, tambi\u00e9n el de la risa oportuna. Y jugar es una forma de recuperar el kair\u00f3s para nuestra vida.<\/p>\n<p>Por Mar\u00eda Gabriela Ensinck <a href=\"mailto:revista@lanacion.com.arNo\">revista@lanacion.com.ar<\/a><\/p>\n<p>No s\u00f3lo es cosa de chicos\u00a0 As\u00ed como los ni\u00f1os juegan con celulares, MP4, c\u00e1maras digitales y computadoras port\u00e1tiles, cada vez m\u00e1s adultos compran juguetes para darse un gustito: armar la pista Xcalectric que siempre quisieron tener, completar la colecci\u00f3n de Rasti, vestir a las Barbies como verdaderas top models. Los especialistas en marketing los llaman kidults, y son como el sue\u00f1o del pibe para cualquier empresa, ya que combinan la impulsividad de los chicos con la billetera de los mayores.<\/p>\n<p>El mercado de juguetes para adultos crece cada vez m\u00e1s, y algunas jugueter\u00edas le dedican g\u00f3ndolas especiales. Gran parte de los usuarios de juegos de modelismo y para armar son mayores, y en el segmento de videojuegos, la edad promedio de los jugadores est\u00e1 en los 35 a\u00f1os (y no en los 15, como acusan muchos padres de adolescentes). Los pioneros del fen\u00f3meno kidult son los exponentes de la llamada \u00abGeneraci\u00f3n X\u00bb (o cuarenteens). Los nacidos entre el 65 y el 75 \u00abfueron los primeros en sufrir los divorcios, las familias monoparentales o ensambladas, con padres que trabajaban muchas m\u00e1s horas de las que pod\u00edan acompa\u00f1arlos en casa. Crecieron con la violencia de la televisi\u00f3n y de la calle, el sida, el desempleo, la decadencia de los valores tradicionales y el terrorismo\u00bb, se\u00f1ala un trabajo de la consultora especializada en consumo CCR.<\/p>\n<p>La generaci\u00f3n que le sigue, los j\u00f3venes \u00abY\u00bb (hoy entre los 25 y 35 a\u00f1os), son esencialmente l\u00fadicos y promueven la diversi\u00f3n en sus lugares de trabajo. No se trata, en ninguno de los dos casos, de gente \u00abque no tuvo infancia\u00bb, sino de adultos que buscan la diversi\u00f3n y disfrutar el presente, como cuando eran chicos. Por eso, aunque son perfectamente racionales cuando se trata de adquirir art\u00edculos de primera necesidad, no reparan en gastos y hasta pueden incurrir en un pr\u00e9stamo personal para comprarse el \u00faltimo chiche tecnol\u00f3gico o una consola wii.<\/p>\n<p>7 razones para hacerlo<\/p>\n<ol>\n<li>Es una manifestaci\u00f3n de la libertad. Jugar es una actividad libre, no impuesta; por eso, generalmente se juega en tiempo de ocio.<\/li>\n<li>Alivia el estr\u00e9s: nos permite abstraernos de las exigencias de la vida corriente, reducir tensiones y generar endorfinas, u hormonas de la felicidad.<\/li>\n<li>Es una forma de di\u00e1logo directa y amena con nuestros hijos. Nos permite compartir con ellos c\u00f3digos y emociones, y transmitirles ense\u00f1anzas para el futuro.<\/li>\n<li>Favorece el aprendizaje, dado que permite simular situaciones e interactuar. Aquello que se aprende \u00abhaciendo\u00bb no se olvida jam\u00e1s.<\/li>\n<li>Es un veh\u00edculo de socializaci\u00f3n: jugando se conocen y se hacen amigos, en cualquier etapa de la vida.<\/li>\n<li>Implica un esfuerzo f\u00edsico y\/o intelectual que contribuye a mantener el cuerpo y la mente en forma.<\/li>\n<li>Ense\u00f1a actitudes de convivencia, como competir, perder y ganar.<\/li>\n<\/ol>\n<p>Juegos seg\u00fan la edad Desde el nacimiento hasta los 6 meses Se le pueden alcanzar, esconder y mostrar juguetes relacionados con lo sensorial: de colores llamativos, tama\u00f1o adecuado, no t\u00f3xicos y fabricados con materiales resistentes, ya que tienden a llev\u00e1rselos a la boca y arrojarlos al piso.<\/p>\n<p>Se recomiendan sonajeros, peluches con sonido, m\u00f3viles de cuna, mordedores, mu\u00f1ecos de goma. De los 6 a los 12 meses El ni\u00f1o comienza a sentarse, a gatear e incluso a caminar. Para acompa\u00f1arlo en estas \u00abaventuras\u00bb, se puede jugar con pelotas blandas, sonoras o luminosas, andadores, juguetes a cuerda que se desplazan, de pl\u00e1stico para la hora del ba\u00f1o, mu\u00f1ecos de trapo y encajables grandes: cubos o vasos de pl\u00e1stico de distintos tama\u00f1os que se pueden apilar. De los 12 meses a los 2 a\u00f1os<\/p>\n<p>Les encanta que les lean libros, y los juguetes con sonido y movimiento. Se puede jugar con pelotas, platos y cucharas de pl\u00e1stico, autitos y libros de im\u00e1genes y texturas en cart\u00f3n duro o tejidos plastificados. De los 2 a los 4 a\u00f1os<\/p>\n<p>Empiezan a construir; pueden armar rompecabezas de piezas grandes, dibujar y hacer formas con plastilina de colores. Les gusta adoptar roles de la vida cotidiana: jugar al cocinero, al doctor, a la mam\u00e1 o a la maestra. Los juguetes m\u00e1s adecuados para esta edad son autitos, mu\u00f1ecos, utensilios de distintos oficios, disfraces, libros sencillos para colorear, juguetes para hacer burbujas y domin\u00f3 de colores y formas. Para los 4 y los 5 a\u00f1os Les encanta representar roles como el del pap\u00e1 o la mam\u00e1. Los juegos indicados suelen ser los de dramatizaci\u00f3n. Los juguetes m\u00e1s adecuados para esta edad son los disfraces, pinturas de maquillaje, pizarra, libros para colorear y de pegatinas, t\u00edteres, juegos de cocina y de t\u00e9, juegos de organizar (pueblos, garajes, ciudades, granjas), juegos de memoria visual. Para los 5 y los 6 a\u00f1os Empiezan a desarrollar m\u00e1s sus habilidades psicomotoras. Se inclinar\u00e1n por triciclos, bicicletas\u00a0 y accesorios deportivos (pelotas, raquetas, soga para saltar), cochecitos a control remoto, trenes, libros de actividades infantiles, mu\u00f1ecos articulados, cajas organizadoras con compartimientos para guardar sus juguetes, libros de historias cortas e ilustradas, domin\u00f3 de im\u00e1genes, n\u00fameros y asociaciones. Para los 7 y 8 a\u00f1os Les encanta construir, inventar aparatos, coleccionar cosas. Se puede jugar a los naipes, al domin\u00f3, hacer actividades al aire libre (f\u00fatbol, pat\u00edn), organizar juegos de preguntas y respuestas, de memoria, de experimentos; leer con ellos libros y revistas adecuados a su edad. Para los 9 y 10 a\u00f1os.<\/p>\n<p>Les interesa el juego organizado y de competencias. Disfrutan de los juegos de mesa y de experimento, de los deportes y los libros de aventuras. Tambi\u00e9n, construir y remontar barriletes, la iniciaci\u00f3n en el modelismo (aviones, barcos, casitas de mu\u00f1ecas), coleccionar figuritas o monedas y tocar instrumentos musicales, que pueden ser el inicio de una actividad que dure toda la vida. Para los 11 y 12 a\u00f1os Les gustan los juegos de ingenio y de estrategia para jugar con sus compa\u00f1eros o con adultos (TEG, Scrabble, El Juego de la Vida, El Estanciero); tambi\u00e9n, los juegos tecnol\u00f3gicos y los rompecabezas y encastres de muchas piezas y posibilidades constructivas. M\u00e1s de 12 a\u00f1os Disfrutan los juegos en equipo, los deportes y los juegos de experimentaci\u00f3n. Todo aquello que fomente sus aficiones (libros, m\u00fasica, videojuegos).<\/p>\n<p>Asesoramiento: Lic. M\u00f3nica Cruppi, APA Gu\u00eda para entretenerse<br \/>\nJuegos de rol <a href=\"http:\/\/www.queeselrol.com\/\" target=\"_blank\" rel=\"noopener\">www.queeselrol.com<br \/>\n<\/a>Talleres de juego y creatividad del Estudio In\u00e9s Moreno <a href=\"http:\/\/www.inesmoreno.com.ar\/\" target=\"_blank\" rel=\"noopener\">www.inesmoreno.com.ar<\/a><br \/>\nTaquion, juegos para el desarrollo personal <a href=\"http:\/\/www.taquion.com.ar\/\" target=\"_blank\" rel=\"noopener\">www.taquion.com.ar<\/a><br \/>\nCofrad\u00eda del TEG<a href=\"http:\/\/cofradiadeteg2010.wordpress.com\/\" target=\"_blank\" rel=\"noopener\">http:\/\/cofradiadeteg2010.wordpress.com\/<\/a><br \/>\nClub del Rasti <a href=\"http:\/\/www.rastitv.blogspot.comfuente\/\">http:\/\/www.rastitv.blogspot.com<\/a><\/p>\n<p>Fuente: <a href=\"http:\/\/www.inesmoreno.com.ar\/escritos-adultos-no-juegan.html\" target=\"_blank\" rel=\"noopener\">http:\/\/ucce.ucdavis.edu<\/a> Ludopat\u00edas, cuando el juego se convierte en adicci\u00f3n Jugar es una actividad saludable, que cuando se convierte en obsesi\u00f3n puede llevar a la ludopat\u00eda, una adicci\u00f3n con caracter\u00edsticas similares al abuso de sustancias. \u00abEl lud\u00f3pata tiene al juego como actividad principal en su vida, y aun siendo consciente de que le es perjudicial, no puede evitar continuar con esa conducta\u00bb, define el doctor Javier Didia Attas, especialista en adicciones de la Asociaci\u00f3n Psicoanal\u00edtica Argentina y del Hospital Italiano. La industria de los juegos de azar se nutre muchas veces del jugador compulsivo, que \u00abentra en un c\u00edrculo vicioso donde la conducta que le causa problemas es la \u00fanica v\u00eda para conseguir el dinero con el que atajar tales dificultades y\/o evadirse de los problemas\u00bb, se\u00f1ala Attas. El profesional recomienda estar atento a las siguientes se\u00f1ales de alarma: 1. Tiene preocupaci\u00f3n permanente por el juego. 2. Progresivamente, juega cada vez m\u00e1s dinero. 3. Trata de recuperar lo que perdi\u00f3 volviendo a jugar. 4. Va a jugar cuando se siente deprimido o ansioso. 5. Cuando deja de jugar se siente irritable. 6. Ha intentado varias veces dejar de jugar para siempre y no lo logr\u00f3. 7. Miente y oculta su compulsi\u00f3n a jugar. 8. Supone que los dem\u00e1s van a ayudar en caso de falta de dinero por causa del juego. 9. Se deterioran las relaciones laborales y sociales debido a su adicci\u00f3n. 10. Comete delitos leves para obtener dinero destinado al juego.<\/p>\n","protected":false},"excerpt":{"rendered":"<p>Reportajes y Notas \u00bfPOR QU\u00c9 LOS ADULTOS NO JUEGAN? Prof. In\u00e9s Moreno Nota\u00a0 de la Prof. In\u00e9s Moreno para La Naci\u00f3n &#8211; Diario Argentino &#8211; 2010 La Profesora In\u00e9s Moreno fue entrevistada para la nota \u00ab\u00bfPor qu\u00e9 los adultos no juegan?\u00bb Durante la infancia, el juego es una actividad fundamental para aprender y crecer. \u00bfPor&hellip;<\/p>\n","protected":false},"author":1,"featured_media":0,"parent":3867,"menu_order":0,"comment_status":"closed","ping_status":"closed","template":"","meta":{"_joinchat":[],"footnotes":""},"class_list":["post-3775","page","type-page","status-publish","hentry","description-off"],"_links":{"self":[{"href":"https:\/\/estudioinesmoreno.com.ar\/estudio\/wp-json\/wp\/v2\/pages\/3775","targetHints":{"allow":["GET"]}}],"collection":[{"href":"https:\/\/estudioinesmoreno.com.ar\/estudio\/wp-json\/wp\/v2\/pages"}],"about":[{"href":"https:\/\/estudioinesmoreno.com.ar\/estudio\/wp-json\/wp\/v2\/types\/page"}],"author":[{"embeddable":true,"href":"https:\/\/estudioinesmoreno.com.ar\/estudio\/wp-json\/wp\/v2\/users\/1"}],"replies":[{"embeddable":true,"href":"https:\/\/estudioinesmoreno.com.ar\/estudio\/wp-json\/wp\/v2\/comments?post=3775"}],"version-history":[{"count":0,"href":"https:\/\/estudioinesmoreno.com.ar\/estudio\/wp-json\/wp\/v2\/pages\/3775\/revisions"}],"up":[{"embeddable":true,"href":"https:\/\/estudioinesmoreno.com.ar\/estudio\/wp-json\/wp\/v2\/pages\/3867"}],"wp:attachment":[{"href":"https:\/\/estudioinesmoreno.com.ar\/estudio\/wp-json\/wp\/v2\/media?parent=3775"}],"curies":[{"name":"wp","href":"https:\/\/api.w.org\/{rel}","templated":true}]}}