{"id":3772,"date":"2016-04-15T20:54:43","date_gmt":"2016-04-15T23:54:43","guid":{"rendered":"http:\/\/www.inesmoreno.com.ar\/estudio\/?page_id=3772"},"modified":"2016-04-15T20:54:43","modified_gmt":"2016-04-15T23:54:43","slug":"jugar-es-cosa-seria","status":"publish","type":"page","link":"https:\/\/estudioinesmoreno.com.ar\/estudio\/reportajes-y-notas\/jugar-es-cosa-seria\/","title":{"rendered":"Jugar es cosa seria"},"content":{"rendered":"<h2>Reportajes y Notas<\/h2>\n<h3>Jugar es cosa seria<\/h3>\n<p><span>Prof. In\u00e9s Moreno<\/span><\/p>\n<p>Entrevista a la Profesora In\u00e9s Moreno &#8211; Diario Clar\u00edn &#8211; <em> Diario Argentino &#8211; 2011<\/em><\/p>\n<p><strong>A trav\u00e9s del juego los adultos logran beneficios como la socializaci\u00f3n, descarga de tensiones, diversi\u00f3n y placer. Solo se trata de darle permiso al ni\u00f1o interior para volver a jugar.<\/strong><\/p>\n<p>S\u00e1bado: d\u00eda de juego; aunque algunas esposas piensen que eso es perder el tiempo.<br \/>\nLugar: un club en el barrio de Caballito. Comienzan los sorteos para ver quien juega con quien, con qu\u00e9 color, en qu\u00e9 orden, todo tiene su importancia. Ac\u00e1 no valen las edades (hay jugadores desde 6 hasta 70 a\u00f1os) ni las profesiones (aunque son mayor\u00eda los abogados y agentes de turismo) todos son soldados rasos.<\/p>\n<p>\u00bfDe qu\u00e9 estamos hablando? de los integrantes de La Cofrad\u00eda, un grupo de unos 30 jugadores -90% hombres- que semanalmente desde hace 7 a\u00f1os se re\u00fanen alrededor de un tablero para jugar al m\u00e1s famoso juego militar, T\u00e1ctica y Estrategia de Guerra (TEG). Todos persiguen un com\u00fan objetivo: cumplir la misi\u00f3n que les toque y ganar la partida.<\/p>\n<p>Se lanzan los dados y empieza el juego. China ataca Kamchatka, los rojos avanzan, pactos y reagrupaciones se suceden. Los ej\u00e9rcitos de diferentes colores se disputan el mapa del mundo, as\u00ed durante largas horas. Tan absortos est\u00e1n los jugadores que hasta se olvidan de parar a comer, picar\u00e1n algo sencillo, durante el juego. Nadie quiere perder posiciones.<\/p>\n<p>Pero al mismo tiempo que se despliegan estrategias militares, parad\u00f3jicamente tambi\u00e9n se entablan lazos de amistad. Los miembros de La Cofrad\u00eda no se conoc\u00edan entre s\u00ed y se contactaron a partir de compartir el mismo hobby. Hoy dicen son todos amigos.<\/p>\n<p>Fabi\u00e1n Mart\u00ednez Torre (42) ludotecario, inventor de juguetes e integrante de distintos grupos de juegos de mesa -entre ellos La Cofrad\u00eda- cuenta: \u201centre nosotros hay mucha camarader\u00eda, dif\u00edcilmente se arme una trifulca. Recuerdo el comentario de alguien del grupo que dijo que fue contento al terapeuta, \u2018gane el premio al mejor amigo\u2019 y el terapeuta lo ret\u00f3: \u2018\u00bfc\u00f3mo te pon\u00e9s contento si estas jugando a un juego de guerra?\u2019. Pero en realidad nosotros nos ponemos m\u00e1s felices por ganar un premio de amistad que el de guerra en si\u201d.<\/p>\n<p>Eduardo Vaca de 37 a\u00f1os -otro integrante de La Cofrad\u00eda- asegura que las partidas de TEG son muy divertidas y pasionales. \u201cAuque es un juego pasivo, uno siente mucha adrenalina y v\u00e9rtigo por conocer como van a actuar las otras personas en cuanto a las decisiones que vos tomes\u201d. Y agrega \u201cadem\u00e1s del juego en s\u00ed nos interesa interactuar entre nosotros; a trav\u00e9s del tiempo se van formando amistades m\u00e1s all\u00e1 de los encuentros, nos hablamos casi todos los d\u00edas y nos juntamos con las respectivas\u00a0 familias\u201d.<\/p>\n<p>Muchos son los adultos que dedican parte de su vida a jugar. Cualquier actividad l\u00fadica puede generar distensi\u00f3n, integraci\u00f3n, placer, diversi\u00f3n, socializaci\u00f3n entre los jugadores. Para<strong> In\u00e9s Moreno<\/strong>, licenciada en Ciencias de la Educaci\u00f3n y directora del <strong>Estudio In\u00e9s Moreno<\/strong> (instituci\u00f3n que hace 33 a\u00f1os trabaja el juego como una herramienta) el juego genera socializaci\u00f3n pero no en todos los casos. \u201cLa socializaci\u00f3n esta presente en la medida en que el juego es un veh\u00edculo para estar con el otro, no contra el otro. Si te reun\u00eds a jugar, pero tu energ\u00eda esta puesta en una alta competencia, el otro no te va a importar, lo que m\u00e1s te va a preocupar es ganar. El juego en realidad no es un ente abstracto, esta en cada persona y depende como esa persona se vincule con los otros, as\u00ed tambi\u00e9n va a ser su juego\u201d.<\/p>\n<p>Partamos de una base \u00bfa qu\u00e9 se denomina juego? La respuesta no es nada sencilla: depende de quien teorice as\u00ed ser\u00e1 el punto de vista. El juego es un tema que ha sido abordado desde la antropolog\u00eda, la sociolog\u00eda, la psicolog\u00eda. Los psic\u00f3logos destacan la importancia del juego en la infancia como medio para formar la personalidad, aprender de forma experimental a relacionarse en sociedad, a resolver problemas y situaciones conflictivas que se repiten con frecuencia en el mundo real. Seg\u00fan el propio Sigmund Freud en <em>M\u00e1s all\u00e1 del Principio del Placer<\/em>, el juego le sirve al ni\u00f1o para repetir las experiencias que lo impresionaron y lograr as\u00ed la necesaria descarga energ\u00e9tica, que le permita regresar al estado de equilibrio ps\u00edquico (homeostasis).<\/p>\n<p>Moreno considera que \u201cel juego en las primeras etapas de la vida es la actividad fundamental de un ni\u00f1o. A trav\u00e9s del juego el ni\u00f1o se socializa, aprende, se construye como persona y logra elaborar aspectos tanto placenteros como displacenteros. Lamentablemente, cuando entra en una escolaridad sistematizada (incluyendo el jard\u00edn de infantes) va mutando esa necesidad b\u00e1sica del juego por otras impuestas por los adultos\u201d.<\/p>\n<p>El estudio de los juegos -tanto de ni\u00f1os como de adultos- ha inspirado a cient\u00edficos de todos los tiempos para el desarrollo de distintas teor\u00edas. El matem\u00e1tico estadounidense John Forbes Nash recibi\u00f3 el\u00a0Premio Nobel de Econom\u00eda\u00a0de\u00a01994\u00a0por sus aportaciones a la\u00a0Teor\u00eda de Juegos y los procesos de negociaci\u00f3n. La\u00a0Teor\u00eda de Juegos\u00a0es un \u00e1rea de la\u00a0matem\u00e1tica aplicada\u00a0que utiliza\u00a0modelos\u00a0para estudiar interacciones en los juegos y llevar a cabo procesos de\u00a0decisi\u00f3n. Sus investigadores estudian las\u00a0estrategias\u00a0\u00f3ptimas as\u00ed como el comportamiento previsto y observado de individuos en juegos.<\/p>\n<p>Moreno prefiere no acotar el juego a la definici\u00f3n de una \u00fanica perspectiva. \u201cMe gusta hablar del universo del juego, sin dejar afuera ninguna disciplina. Porque el juego transciende inclusive el tema de lo humano, los animales tambi\u00e9n juegan\u201d.<\/p>\n<p><strong>Preparados para jugar<\/strong><\/p>\n<p>Varios aspectos son necesarios para propiciar una actividad recreativa: juegos, jugadores, juguetes, un espacio propicio y una actitud l\u00fadica. Los juegos utilizados tradicionalmente se pueden clasificar de acuerdo a la edad de los jugadores, al desarrollo motriz o intelectual. A si son pasivos -juegos de mesa- o de movimiento, m\u00e1s o menos reglados, con mayor o menor integraci\u00f3n de los jugadores.<\/p>\n<p>Adem\u00e1s, existen espacios exclusivamente destinados a estimular el juego, son las llamadas ludotecas, que son como bibliotecas pero de juguetes. Las ludotecas nacieron hace m\u00e1s de 30 a\u00f1os en los pa\u00edses n\u00f3rdicos como una herramienta para integrar al discapacitado. Luego surgieron otras propuestas: hay ludotecas para ni\u00f1os, adultos, tercera edad. En nuestro pa\u00eds se han multiplicado estos espacios de juego -especialmente los dedicados a los ni\u00f1os- Mendoza es una provincia pionera en tener una ludoteca ambulante, se trata de una camioneta que va por los barrios m\u00e1s carenciados y monta en una plaza un espacio para propiciar el juego.<\/p>\n<p>Pero m\u00e1s all\u00e1 de contar con juguetes, eso solo no garantiza la\u00a0 actividad l\u00fadica. Para Moreno \u201cel juego no esta definido por lo que se les presenta a los jugadores, se puede presentar un <em>Burako <\/em>en un grupo y que no est\u00e9n jugando aunque est\u00e9n haciendo puntos. Y por ah\u00ed hay otro grupo que est\u00e1 tomando mate, y si est\u00e1 jugando. El juego es m\u00e1s una actitud, cualquier actividad puede ser trasladada como un juego. En mi \u00faltimo libro, inclu\u00ed una entrevista a la abuela de mis hijos que tiene 92 a\u00f1os (est\u00e1 muy l\u00facida y participa de actividades recreativas) ella me dec\u00eda que no quer\u00eda coordinadores que le armen actividades y que lo que m\u00e1s disfruta cuando va a las reuniones (adem\u00e1s de bailar paso doble) es charlar. Su juego es hablar de los otros\u201d.<\/p>\n<p>Entonces \u00bfcu\u00e1l ser\u00eda la actitud l\u00fadica? Dice la especialista que \u201ces aquella que te da permiso de sacar tu ni\u00f1o interior. Y tiene fundamentalmente dos caracter\u00edsticas: se pierde la noci\u00f3n de espacio y de tiempo. El cl\u00e1sico ejemplo es cuando un ni\u00f1o construye un castillo en la plaza con su balde y su palita. No le importa si hay sol, si tiene hambre, si pasan miles de personas por su lado. Perdi\u00f3 la noci\u00f3n de espacio y tiempo y esta absorto en su juego\u201d.<\/p>\n<p><strong>\u00bfJugar es cosa de chicos?<\/strong><\/p>\n<p>Pero \u00bfel juego solo se circunscribe a una determinada etapa de la vida? Mart\u00ednez Torre -ludotecario- considera que \u201cjugar no solo no es cosa de chicos, sino que es cosa seria. Alg\u00fan estudioso del juego llego a sostener que la sociedad nace en consecuencia del juego. En lo personal yo juego para divertirme, ni siquiera juego para ganar\u201d.<\/p>\n<p>En el caso de Javier Bonacorso (38), su infancia fue de juegos y su etapa de trabajador, esposo y padre\u2026tambi\u00e9n. Recuerda sus primeros a\u00f1os en Plaza Huincul -Neuqu\u00e9n- \u201cera pasar horas en la nieve sin darnos cuenta, armando igl\u00fas o monta\u00f1as para tirarnos de espalda; ni el fr\u00edo nos importaba\u201d. De grande Javier sigue jugando. Tiene 2 hijas (Pilar de 9 y Carla de 5) y adem\u00e1s de pap\u00e1 es compa\u00f1ero de juegos de las nenas, literalmente. \u201c\u00a1Soy m\u00e1s chico que los chicos!\u201d, dice. \u201cSon un buen lugar donde aflojarte, con los chicos es como que soy uno m\u00e1s. Hay reuniones familiares que juego con los nenes directamente. Primero aparezco en la escena como observador y ah\u00ed me empiezo a enganchar. Fluyo m\u00e1s que con los adultos, me puedo tirar al piso y jugar con los autitos. Tengo algunos c\u00f3digos con los nenes que son buen\u00edsimos: por ejemplo con Ana -mi sobrina de 4 a\u00f1os- cada vez que nos vemos\u00a0 hacemos como que nos enojamos y mostramos los dientes con un gru\u00f1ido. El que lo hace m\u00e1s fuerte y con m\u00e1s energ\u00eda, gana\u201d.<\/p>\n<p>\u00bfA que juegan los adultos? Mart\u00ednez Torre explica que \u201csi los integrantes de un grupo son muy conocidos y no son muy heterog\u00e9neos, juegan a los dados, las cartas, cosas que son m\u00e1s bien azarosas. Cuanto menos heterog\u00e9neo es el grupo mayor participaci\u00f3n del azar hay. Cuando el grupo trata de confraternizar, lo que generalmente hacen es buscar din\u00e1micas l\u00fadicas m\u00e1s divertidas\u201d.<\/p>\n<p>A Javier le gusta remontar barriletes, disfrazarse, improvisar juegos en reuniones de amigos o de trabajo (desde rifar chucher\u00edas entre los invitados como una esponja para la espalda, hasta romper la monoton\u00eda con un buen baldazo de agua, si es que est\u00e1 caluroso). Y todo lo que surja espont\u00e1neamente y rompa con el aburrimiento. \u00bfY los juegos reglados? \u201cNo me gustan mucho las reuniones donde esta la diversi\u00f3n estipulada -dice Javier- las rondas de chistes tampoco, prefiero las charlas grotescas y escatol\u00f3gicas. Los juegos de mesa no me gustan mucho porque hay que estar demasiado tiempo sentado, prefiero el movimiento. Con el karaoke tampoco me engancho, me divierte m\u00e1s lo desestructurado.\u201d<\/p>\n<p>\u00bfEs habitual el juego en los adultos? \u201cLamentablemente hay mucha gente que directamente no juega -dice Mart\u00ednez Torre- porque no sabe, porque no tienen con quien o porque le parece que es cosa de chicos\u201d. Y agrega el ludotecario que \u201cactualmente se juega mucho a los juegos de computadora, particularmente a mi no me gustan. Los juegos en red no socializan en absoluto, son muchos solos jugando juntos\u201d.<\/p>\n<p>\u00bfCu\u00e1l es la funci\u00f3n del juego en los grandes? Para Moreno \u201cel adulto es un ni\u00f1o que ha crecido. La esencia del juego esta en el ser humano independientemente de la edad. Que la sociedad vaya castrando el juego no significa que no exista. Esto a mi me ocurre permanentemente en la instituci\u00f3n, desde hace muchos a\u00f1os formo adultos que quieren jugar o retomar el juego como factor de crecimiento; y profesionales que quieren utilizar el juego como una herramienta aplicable al trabajo comunitario, la educaci\u00f3n, la salud, la empresa. Cuando un adulto juega tambi\u00e9n se est\u00e1 mostrando tal cual es, por eso el juego tambi\u00e9n puede ser un elemento diagn\u00f3stico, tanto que se utiliza en la selecci\u00f3n de personal.\u201d<\/p>\n<p>Para Mart\u00ednez Torre \u201cla funci\u00f3n que deber\u00edan cumplir los juegos en los adultos deber\u00eda ser la diversi\u00f3n. Pero hay jugadores y jugadores, hay gente que se transforma y se sale de si mismo por ganar. Normalmente un juego deber\u00eda ayudar a socializar y a sacar lo que habitualmente no se saca a nivel social, porque se est\u00e1 en un espacio reducido con unas reglas inventadas para ese momento. Esas condiciones permiten conocer a la gente de una forma diferente\u201d.<\/p>\n<p>En el caso de Javier, es de inventar situaciones divertidas. \u201cJugar es una descarga para mi, en lo cotidiano en mi casa soy m\u00e1s controlador porque tengo nenas chicas y hay muchas tareas que organizar. Por eso me desato en las reuniones, lo hago para pasarla bien y hacer divertir al otro\u201d. Las vacaciones tambi\u00e9n son una buena oportunidad de distenderse: \u201cEn la playa hicimos un juego de tirarnos arena barrosa -recuerda Javier- ese fue genial porque ah\u00ed se prendieron mis hijas y las primas. Nos empezamos a tirar arena en el pelo, en la cara, eso me divierte much\u00edsimo. Lo que pasa es que con los chicos el juego muchas veces termina con un llanto, porque no paran. Recuerdo que le tire a Anita en la cara y le peg\u00f3 toda la arena en los ojos. Nos quedamos callados -esperando el llanto- pero hab\u00eda que ver la sonrisa que se le dibujaba a trav\u00e9s de la arena; abri\u00f3 la boca y se empez\u00f3 a re\u00edr \u00a1Zafamos!\u201d. El juego pod\u00eda continuar.<\/p>\n<p align=\"right\">\nPor Patricia Edgar<\/p>\n","protected":false},"excerpt":{"rendered":"<p>Reportajes y Notas Jugar es cosa seria Prof. In\u00e9s Moreno Entrevista a la Profesora In\u00e9s Moreno &#8211; Diario Clar\u00edn &#8211; Diario Argentino &#8211; 2011 A trav\u00e9s del juego los adultos logran beneficios como la socializaci\u00f3n, descarga de tensiones, diversi\u00f3n y placer. Solo se trata de darle permiso al ni\u00f1o interior para volver a jugar. S\u00e1bado:&hellip;<\/p>\n","protected":false},"author":1,"featured_media":0,"parent":3867,"menu_order":0,"comment_status":"closed","ping_status":"closed","template":"","meta":{"_joinchat":[],"footnotes":""},"class_list":["post-3772","page","type-page","status-publish","hentry","description-off"],"_links":{"self":[{"href":"https:\/\/estudioinesmoreno.com.ar\/estudio\/wp-json\/wp\/v2\/pages\/3772","targetHints":{"allow":["GET"]}}],"collection":[{"href":"https:\/\/estudioinesmoreno.com.ar\/estudio\/wp-json\/wp\/v2\/pages"}],"about":[{"href":"https:\/\/estudioinesmoreno.com.ar\/estudio\/wp-json\/wp\/v2\/types\/page"}],"author":[{"embeddable":true,"href":"https:\/\/estudioinesmoreno.com.ar\/estudio\/wp-json\/wp\/v2\/users\/1"}],"replies":[{"embeddable":true,"href":"https:\/\/estudioinesmoreno.com.ar\/estudio\/wp-json\/wp\/v2\/comments?post=3772"}],"version-history":[{"count":0,"href":"https:\/\/estudioinesmoreno.com.ar\/estudio\/wp-json\/wp\/v2\/pages\/3772\/revisions"}],"up":[{"embeddable":true,"href":"https:\/\/estudioinesmoreno.com.ar\/estudio\/wp-json\/wp\/v2\/pages\/3867"}],"wp:attachment":[{"href":"https:\/\/estudioinesmoreno.com.ar\/estudio\/wp-json\/wp\/v2\/media?parent=3772"}],"curies":[{"name":"wp","href":"https:\/\/api.w.org\/{rel}","templated":true}]}}