{"id":3679,"date":"2016-04-06T11:55:24","date_gmt":"2016-04-06T14:55:24","guid":{"rendered":"http:\/\/www.inesmoreno.com.ar\/estudio\/?page_id=3679"},"modified":"2023-11-21T22:26:07","modified_gmt":"2023-11-22T01:26:07","slug":"jornadas-de-convivencia","status":"publish","type":"page","link":"https:\/\/estudioinesmoreno.com.ar\/estudio\/jornadas-de-convivencia\/","title":{"rendered":"Jornadas de Convivencia"},"content":{"rendered":"\t\t<div data-elementor-type=\"wp-page\" data-elementor-id=\"3679\" class=\"elementor elementor-3679\" data-elementor-post-type=\"page\">\n\t\t\t\t\t\t<section class=\"elementor-section elementor-top-section elementor-element elementor-element-726e67d elementor-section-boxed elementor-section-height-default elementor-section-height-default\" data-id=\"726e67d\" data-element_type=\"section\" data-e-type=\"section\">\n\t\t\t\t\t\t<div class=\"elementor-container elementor-column-gap-default\">\n\t\t\t\t\t<div class=\"elementor-column elementor-col-100 elementor-top-column elementor-element elementor-element-b0f61a1\" data-id=\"b0f61a1\" data-element_type=\"column\" data-e-type=\"column\">\n\t\t\t<div class=\"elementor-widget-wrap elementor-element-populated\">\n\t\t\t\t\t\t<div class=\"elementor-element elementor-element-a303d64 elementor-widget elementor-widget-heading\" data-id=\"a303d64\" data-element_type=\"widget\" data-e-type=\"widget\" data-widget_type=\"heading.default\">\n\t\t\t\t<div class=\"elementor-widget-container\">\n\t\t\t\t\t<h2 class=\"elementor-heading-title elementor-size-default\">MASTERCLASS exclusiva para tu Equipo.<\/h2>\t\t\t\t<\/div>\n\t\t\t\t<\/div>\n\t\t\t\t\t<\/div>\n\t\t<\/div>\n\t\t\t\t\t<\/div>\n\t\t<\/section>\n\t\t\t\t<section class=\"elementor-section elementor-top-section elementor-element elementor-element-594257f8 elementor-section-content-middle elementor-section-stretched elementor-section-boxed elementor-section-height-default elementor-section-height-default\" data-id=\"594257f8\" data-element_type=\"section\" data-e-type=\"section\" data-settings=\"{&quot;stretch_section&quot;:&quot;section-stretched&quot;}\">\n\t\t\t\t\t\t<div class=\"elementor-container elementor-column-gap-wider\">\n\t\t\t\t\t<div class=\"elementor-column elementor-col-100 elementor-top-column elementor-element elementor-element-7ed6575d\" data-id=\"7ed6575d\" data-element_type=\"column\" data-e-type=\"column\">\n\t\t\t<div class=\"elementor-widget-wrap elementor-element-populated\">\n\t\t\t\t\t\t<div class=\"elementor-element elementor-element-2d4e3ffb elementor-widget elementor-widget-text-editor\" data-id=\"2d4e3ffb\" data-element_type=\"widget\" data-e-type=\"widget\" data-widget_type=\"text-editor.default\">\n\t\t\t\t<div class=\"elementor-widget-container\">\n\t\t\t\t\t\t\t\t\t<p>Una Masterclass, una clase de un tema espec\u00edfico. A&nbsp;diferencia de las tradicionales clases; la Masterclass crea un clima especial en donde quien la imparte cuenta sus secretos, consejos y recomendaciones que le tomaron a\u00f1os aprender.&nbsp;<\/p>\n<p>Sus puntos a favor de la Masterclass es que no solo se tratan de cursos para perfeccionar una habilidad o para a\u00f1adir competencias. Lo aprendido en estas clases tambi\u00e9n pueden aplicarse a otros \u00e1mbitos de la vida.&nbsp;<br>Una lista con algunas sugerencias de clases que podr\u00edan darle un impulso a tuorganizaci\u00f3n<\/p>\t\t\t\t\t\t\t\t<\/div>\n\t\t\t\t<\/div>\n\t\t\t\t\t<\/div>\n\t\t<\/div>\n\t\t\t\t\t<\/div>\n\t\t<\/section>\n\t\t\t\t<\/div>\n\t\t","protected":false},"excerpt":{"rendered":"<p>MASTERCLASS exclusiva para tu Equipo. Una Masterclass, una clase de un tema espec\u00edfico. A&nbsp;diferencia de las tradicionales clases; la Masterclass crea un clima especial en donde quien la imparte cuenta sus secretos, consejos y recomendaciones que le tomaron a\u00f1os aprender.&nbsp; Sus puntos a favor de la Masterclass es que no solo se tratan de cursos&hellip;<\/p>\n","protected":false},"author":1,"featured_media":0,"parent":0,"menu_order":0,"comment_status":"closed","ping_status":"closed","template":"","meta":{"_joinchat":[],"footnotes":""},"class_list":["post-3679","page","type-page","status-publish","hentry"],"_links":{"self":[{"href":"https:\/\/estudioinesmoreno.com.ar\/estudio\/wp-json\/wp\/v2\/pages\/3679","targetHints":{"allow":["GET"]}}],"collection":[{"href":"https:\/\/estudioinesmoreno.com.ar\/estudio\/wp-json\/wp\/v2\/pages"}],"about":[{"href":"https:\/\/estudioinesmoreno.com.ar\/estudio\/wp-json\/wp\/v2\/types\/page"}],"author":[{"embeddable":true,"href":"https:\/\/estudioinesmoreno.com.ar\/estudio\/wp-json\/wp\/v2\/users\/1"}],"replies":[{"embeddable":true,"href":"https:\/\/estudioinesmoreno.com.ar\/estudio\/wp-json\/wp\/v2\/comments?post=3679"}],"version-history":[{"count":9,"href":"https:\/\/estudioinesmoreno.com.ar\/estudio\/wp-json\/wp\/v2\/pages\/3679\/revisions"}],"predecessor-version":[{"id":12447,"href":"https:\/\/estudioinesmoreno.com.ar\/estudio\/wp-json\/wp\/v2\/pages\/3679\/revisions\/12447"}],"wp:attachment":[{"href":"https:\/\/estudioinesmoreno.com.ar\/estudio\/wp-json\/wp\/v2\/media?parent=3679"}],"curies":[{"name":"wp","href":"https:\/\/api.w.org\/{rel}","templated":true}]}}