{"id":3085,"date":"2016-03-31T20:51:13","date_gmt":"2016-03-31T20:51:13","guid":{"rendered":"http:\/\/www.inesmoreno.com.ar\/estudio\/?page_id=2995"},"modified":"2023-11-21T21:28:09","modified_gmt":"2023-11-22T00:28:09","slug":"coaching","status":"publish","type":"page","link":"https:\/\/estudioinesmoreno.com.ar\/estudio\/coaching\/","title":{"rendered":"ARMADO Y GESTION DE PROYECTOS"},"content":{"rendered":"\t\t<div data-elementor-type=\"wp-page\" data-elementor-id=\"3085\" class=\"elementor elementor-3085\" data-elementor-post-type=\"page\">\n\t\t\t\t\t\t<section class=\"elementor-section elementor-top-section elementor-element elementor-element-e83f4a9 elementor-section-boxed elementor-section-height-default elementor-section-height-default\" data-id=\"e83f4a9\" data-element_type=\"section\" data-e-type=\"section\">\n\t\t\t\t\t\t<div class=\"elementor-container elementor-column-gap-default\">\n\t\t\t\t\t<div class=\"elementor-column elementor-col-100 elementor-top-column elementor-element elementor-element-de46092\" data-id=\"de46092\" data-element_type=\"column\" data-e-type=\"column\">\n\t\t\t<div class=\"elementor-widget-wrap elementor-element-populated\">\n\t\t\t\t\t\t<div class=\"elementor-element elementor-element-0bf6433 elementor-widget elementor-widget-heading\" data-id=\"0bf6433\" data-element_type=\"widget\" data-e-type=\"widget\" data-widget_type=\"heading.default\">\n\t\t\t\t<div class=\"elementor-widget-container\">\n\t\t\t\t\t<h2 class=\"elementor-heading-title elementor-size-default\">ARMADO Y GESTION DE PROYECTOS<\/h2>\t\t\t\t<\/div>\n\t\t\t\t<\/div>\n\t\t\t\t\t<\/div>\n\t\t<\/div>\n\t\t\t\t\t<\/div>\n\t\t<\/section>\n\t\t\t\t<section class=\"elementor-section elementor-top-section elementor-element elementor-element-cd47d44 elementor-section-content-middle elementor-section-stretched elementor-section-boxed elementor-section-height-default elementor-section-height-default\" data-id=\"cd47d44\" data-element_type=\"section\" data-e-type=\"section\" data-settings=\"{&quot;stretch_section&quot;:&quot;section-stretched&quot;}\">\n\t\t\t\t\t\t<div class=\"elementor-container elementor-column-gap-wider\">\n\t\t\t\t\t<div class=\"elementor-column elementor-col-100 elementor-top-column elementor-element elementor-element-5074e4e6\" data-id=\"5074e4e6\" data-element_type=\"column\" data-e-type=\"column\">\n\t\t\t<div class=\"elementor-widget-wrap elementor-element-populated\">\n\t\t\t\t\t\t<div class=\"elementor-element elementor-element-6751b344 elementor-widget elementor-widget-text-editor\" data-id=\"6751b344\" data-element_type=\"widget\" data-e-type=\"widget\" data-widget_type=\"text-editor.default\">\n\t\t\t\t<div class=\"elementor-widget-container\">\n\t\t\t\t\t\t\t\t\t<p style=\"margin-top: 0pt; margin-bottom: 0pt; margin-left: 0in; direction: ltr; unicode-bidi: embed; word-break: normal;\"><span style=\"font-size: 18pt; font-family: Poppins; color: black;\">El estudio <\/span><span style=\"font-size: 18pt; font-family: Poppins; color: black;\">in\u00e9s<\/span><span style=\"font-size: 18pt; font-family: Poppins; color: black;\"> moreno brinda diversos encuadres:<\/span><\/p><div style=\"margin-top: 0pt; margin-bottom: 0pt; margin-left: 0in; direction: ltr; unicode-bidi: embed; word-break: normal;\"><span style=\"font-size: 18.0pt;\"><span style=\"mso-special-format: bullet; font-family: Arial;\">\u2022<\/span><\/span><span style=\"font-size: 18pt; font-family: Poppins; color: black;\">Asesoramiento y Supervisi\u00f3n.<\/span><\/div><div style=\"margin-top: 0pt; margin-bottom: 0pt; margin-left: 0in; direction: ltr; unicode-bidi: embed; word-break: normal;\"><span style=\"font-size: 18.0pt;\"><span style=\"mso-special-format: bullet; font-family: Arial;\">\u2022Creaci\u00f3n, <\/span><\/span><span style=\"font-size: 18pt; font-family: Poppins; color: black;\">Desarrollo y Sostenimiento de Proyectos.<\/span><\/div><div style=\"margin-top: 0pt; margin-bottom: 0pt; margin-left: 0in; direction: ltr; unicode-bidi: embed; word-break: normal;\"><span style=\"font-size: 18.0pt;\"><span style=\"mso-special-format: bullet; font-family: Arial;\">\u2022<\/span><\/span><span style=\"font-size: 18pt; font-family: Poppins; color: black;\">Diagn\u00f3stico y Evaluaci\u00f3n.<\/span><\/div><p style=\"margin-top: 0pt; margin-bottom: 0pt; margin-left: 0in; direction: ltr; unicode-bidi: embed; word-break: normal;\"><span style=\"font-size: 18pt; font-family: Poppins; color: black;\">Destinados a equipos de conducci\u00f3n, dirigentes de organizaciones, empresarios, funcionarios p\u00fablicos y privados, profesionales de distintos campos del conocimiento.<\/span><\/p><p style=\"margin-top: 0pt; margin-bottom: 0pt; margin-left: 0in; direction: ltr; unicode-bidi: embed; word-break: normal;\"><span style=\"font-size: 18pt; font-family: Poppins; color: black;\">El estudio <\/span><span style=\"font-size: 18pt; font-family: Poppins; color: black;\">in\u00e9s<\/span><span style=\"font-size: 18pt; font-family: Poppins; color: black;\"> moreno tiene el orgullo de acompa\u00f1ar y haber acompa\u00f1ado en estos m\u00e1s de 47 a\u00f1os a m\u00e1s de 150 organizaciones. Empresas, instituciones y organismos oficiales y privados en el pa\u00eds y en el exterior.<\/span><\/p><p style=\"margin-top: 0pt; margin-bottom: 0pt; margin-left: 0in; direction: ltr; unicode-bidi: embed; word-break: normal;\"><span style=\"font-size: 18pt; font-family: Poppins; color: black;\">El primer contacto puede realizarse por mail, telef\u00f3nicamente o en forma personal para luego decidir en forma conjunta la mejor alternativa de continuidad.<\/span><\/p>\t\t\t\t\t\t\t\t<\/div>\n\t\t\t\t<\/div>\n\t\t\t\t\t<\/div>\n\t\t<\/div>\n\t\t\t\t\t<\/div>\n\t\t<\/section>\n\t\t\t\t<\/div>\n\t\t","protected":false},"excerpt":{"rendered":"<p>ARMADO Y GESTION DE PROYECTOS El estudio in\u00e9s moreno brinda diversos encuadres: \u2022Asesoramiento y Supervisi\u00f3n.\u2022Creaci\u00f3n, Desarrollo y Sostenimiento de Proyectos.\u2022Diagn\u00f3stico y Evaluaci\u00f3n. Destinados a equipos de conducci\u00f3n, dirigentes de organizaciones, empresarios, funcionarios p\u00fablicos y privados, profesionales de distintos campos del conocimiento. El estudio in\u00e9s moreno tiene el orgullo de acompa\u00f1ar y haber acompa\u00f1ado en estos&hellip;<\/p>\n","protected":false},"author":1,"featured_media":0,"parent":0,"menu_order":0,"comment_status":"closed","ping_status":"closed","template":"","meta":{"_joinchat":[],"footnotes":""},"class_list":["post-3085","page","type-page","status-publish","hentry"],"_links":{"self":[{"href":"https:\/\/estudioinesmoreno.com.ar\/estudio\/wp-json\/wp\/v2\/pages\/3085","targetHints":{"allow":["GET"]}}],"collection":[{"href":"https:\/\/estudioinesmoreno.com.ar\/estudio\/wp-json\/wp\/v2\/pages"}],"about":[{"href":"https:\/\/estudioinesmoreno.com.ar\/estudio\/wp-json\/wp\/v2\/types\/page"}],"author":[{"embeddable":true,"href":"https:\/\/estudioinesmoreno.com.ar\/estudio\/wp-json\/wp\/v2\/users\/1"}],"replies":[{"embeddable":true,"href":"https:\/\/estudioinesmoreno.com.ar\/estudio\/wp-json\/wp\/v2\/comments?post=3085"}],"version-history":[{"count":22,"href":"https:\/\/estudioinesmoreno.com.ar\/estudio\/wp-json\/wp\/v2\/pages\/3085\/revisions"}],"predecessor-version":[{"id":12429,"href":"https:\/\/estudioinesmoreno.com.ar\/estudio\/wp-json\/wp\/v2\/pages\/3085\/revisions\/12429"}],"wp:attachment":[{"href":"https:\/\/estudioinesmoreno.com.ar\/estudio\/wp-json\/wp\/v2\/media?parent=3085"}],"curies":[{"name":"wp","href":"https:\/\/api.w.org\/{rel}","templated":true}]}}