{"id":3084,"date":"2016-03-31T20:47:32","date_gmt":"2016-03-31T20:47:32","guid":{"rendered":"http:\/\/www.inesmoreno.com.ar\/estudio\/?page_id=2993"},"modified":"2022-12-31T15:12:13","modified_gmt":"2022-12-31T15:12:13","slug":"conduccion-de-grupos-especializada-en-tecnicas-ludico-expresivas","status":"publish","type":"page","link":"https:\/\/estudioinesmoreno.com.ar\/estudio\/cursos\/conduccion-de-grupos-especializada-en-tecnicas-ludico-expresivas\/","title":{"rendered":"Conducci\u00f3n de Grupos especializada en T\u00e9cnicas  L\u00fadico &#8211; Expresivas"},"content":{"rendered":"\t\t<div data-elementor-type=\"wp-page\" data-elementor-id=\"3084\" class=\"elementor elementor-3084\" data-elementor-post-type=\"page\">\n\t\t\t\t\t\t<section class=\"elementor-section elementor-top-section elementor-element elementor-element-71d8e7d5 elementor-section-content-middle elementor-section-stretched elementor-section-boxed elementor-section-height-default elementor-section-height-default\" data-id=\"71d8e7d5\" data-element_type=\"section\" data-e-type=\"section\" data-settings=\"{&quot;stretch_section&quot;:&quot;section-stretched&quot;}\">\n\t\t\t\t\t\t<div class=\"elementor-container elementor-column-gap-wider\">\n\t\t\t\t\t<div class=\"elementor-column elementor-col-100 elementor-top-column elementor-element elementor-element-33c70bce\" data-id=\"33c70bce\" data-element_type=\"column\" data-e-type=\"column\">\n\t\t\t<div class=\"elementor-widget-wrap elementor-element-populated\">\n\t\t\t\t\t\t<div class=\"elementor-element elementor-element-7ffbeb6b elementor-widget elementor-widget-text-editor\" data-id=\"7ffbeb6b\" data-element_type=\"widget\" data-e-type=\"widget\" data-widget_type=\"text-editor.default\">\n\t\t\t\t<div class=\"elementor-widget-container\">\n\t\t\t\t\t\t\t\t\t<p>Curso Anual que \u00a0brinda un s\u00f3lido marco te\u00f3rico y pr\u00e1ctico para adquirir-entrenar\u00a0estrategias y herramientas para la conducci\u00f3n de grupos desde los nuevos paradigmas de liderazgo. Est\u00e1 destinado a personas que trabajan en diferentes campos: empresarial, terap\u00e9utico, educativo formal y no formal, capacitaci\u00f3n, trabajo comunitario, servicios, recreaci\u00f3n, entre otros. Incluye:<\/p><ul><li>Conducci\u00f3n de grupos (te\u00f3rico-pr\u00e1ctico).<\/li><li>Talleres L\u00fadicos y Expresivos<\/li><\/ul><p>UNIDAD 1: <strong>El Liderazgo en la actualidad<\/strong>.<\/p><p>Nuevos paradigmas. Aportes de las neurociencias y neurolingu\u00edstica para la construcci\u00f3n del rol. El contexto: variaciones, condicionamientos y posibilidades. Caracter\u00edsticas del liderazgo. La dependencia versus la autonom\u00eda del grupo. La ideolog\u00eda del conductor. El pensar, el sentir, el hacer. El liderazgo \u201cpara\u201d y \u201ccon\u201d los otros. Operaciones del l\u00edder con relaci\u00f3n a la tarea y al v\u00ednculo. L\u00edmites y libertad. La contenci\u00f3n y la empat\u00eda. Los conflictos.<\/p><p>UNIDAD 2: <strong>El grupo<\/strong><\/p><p>Constituci\u00f3n y din\u00e1mica. Valores, normas y roles. Interacci\u00f3n.Matrices competitivas-cooperativas. Las necesidades individuales. La comunicaci\u00f3n. V\u00ednculo. Las etapas de la vida grupal. El papel de los objetivos en la caracterizaci\u00f3n de los grupos. Estructura y din\u00e1mica. Elementos para la lectura grupal. El diagn\u00f3stico. Los nuevos en el grupo. Significado y valor de las t\u00e9cnicas grupales. La elecci\u00f3n de t\u00e9cnicas.<\/p><p>UNIDAD 3: <strong>La conducci\u00f3n en acci\u00f3n<\/strong>.<\/p><p>El diagn\u00f3stico. Significado y valor de las t\u00e9cnicas grupales. La elecci\u00f3n de t\u00e9cnicas.T\u00e9cnicas grupales: l\u00fadicas y expresivas. Planeamiento, ejecuci\u00f3n y evaluaci\u00f3n. Aspectos metodol\u00f3gicos y estrat\u00e9gicos. El encuadre. La consigna. El espacio. El tiempo. El cuerpo. Uso de la voz. El papel de los recursos.Armado y sostenimiento de los grupos.<\/p><p>UNIDAD 4: <strong>Juegos Grupales y T\u00e9cnicas Expresivas<\/strong><\/p><p>Abordaje de las 4 \u00abC\u00bb. Metodolog\u00eda y t\u00e9cnicas para la aplicaci\u00f3n del Juego. Diversos objetivos y juegos : conflicto, simulaci\u00f3n, etc. Diagn\u00f3stico grupal . Progresi\u00f3n del juego. La creaci\u00f3n de juegos a medida. Juegos Individuales, juegos de mesa, espacios.<\/p><h4>Trabajos Pr\u00e1cticos<\/h4><ol type=\"a\"><li>Estudio de casos.<\/li><li>Observaci\u00f3n de un grupo.<\/li><li>Entrevista a un conductor de grupo.<\/li><li>Microense\u00f1anza.<\/li><\/ol><h4>\u00bfC\u00f3mo se ense\u00f1a?<\/h4><p><u><strong>De la vivencia a la reflexi\u00f3n te\u00f3rica<\/strong><\/u><strong>.<\/strong> Privilegiamos el juego como generador de aprendizaje, construyendo el conocimiento desde la vivencia a la elaboraci\u00f3n de un marco te\u00f3rico que sustente cada experiencia. Creando situaciones de an\u00e1lisis a trav\u00e9s del juego, estudio de casos y t\u00e9cnicas no convencionales, para entrenarse en todas las habilidades y actitudes que posibilitan un liderazgo capaz de actuar de acuerdo con las demandas de esta realidad. Nos proponemos en cada situaci\u00f3n la b\u00fasqueda de la coherencia entre el sentir, el pensar y el hacer.<\/p><p><u><strong>Concebimos al Hombre como un ser total<\/strong><\/u>, por ello cada una de nuestras alternativas contiene el abordaje integral de cada participante como persona y como profesional. Entendemos que el aprender puede darse en un clima de libertad, cooperaci\u00f3n, compromiso, b\u00fasqueda de s\u00ed mismo y con los otros.<\/p><h4>T\u00e9cnicas de trabajo<\/h4><p>En cada Curso se implementar\u00e1n actividades vivenciales y reflexivas para cada contenido. cada alumno tendr\u00e1 una gu\u00eda de estudio para orientar la elaboraci\u00f3n personal y la lectura bibliogr\u00e1fica.<\/p><p>Se solicitar\u00e1n trabajos pr\u00e1cticos de acuerdo con la tem\u00e1tica espec\u00edfica:<\/p><ol type=\"a\"><li>elaboraci\u00f3n de un producto que exprese el proceso creativo personal.<\/li><li>observaci\u00f3n de actividades.<\/li><li>Microense\u00f1anza.<\/li><\/ol><h4>Evaluaci\u00f3n<\/h4><p>La evaluaci\u00f3n de cada Curso consta de un trabajo (te\u00f3rico-pr\u00e1ctico) que debe ser presentado y defendido en un Coloquio.<\/p><h4>Modalidad de la Cursada<\/h4><ol type=\"a\"><li>Presencial en d\u00eda de semana (solicitar horarios)<\/li><li>Semipresencial: en d\u00eda s\u00e1bado de 10.00 a 16.00 hs (solicitar cronograma)<\/li><\/ol><h4>Calendario<\/h4><p>Las clases inician a principio\u00a0de Abril y culminan a finales\u00a0de Noviembre. Los Coloquios se desarrollan en Diciembre.<\/p><h4>Certificado<\/h4><p>Al finalizar el Curso y aprobar el Coloquio se entregar\u00e1 una constancia de car\u00e1cter institucional.<\/p>\t\t\t\t\t\t\t\t<\/div>\n\t\t\t\t<\/div>\n\t\t\t\t\t<\/div>\n\t\t<\/div>\n\t\t\t\t\t<\/div>\n\t\t<\/section>\n\t\t\t\t<\/div>\n\t\t","protected":false},"excerpt":{"rendered":"<p>Curso Anual que \u00a0brinda un s\u00f3lido marco te\u00f3rico y pr\u00e1ctico para adquirir-entrenar\u00a0estrategias y herramientas para la conducci\u00f3n de grupos desde los nuevos paradigmas de liderazgo. Est\u00e1 destinado a personas que trabajan en diferentes campos: empresarial, terap\u00e9utico, educativo formal y no formal, capacitaci\u00f3n, trabajo comunitario, servicios, recreaci\u00f3n, entre otros. Incluye: Conducci\u00f3n de grupos (te\u00f3rico-pr\u00e1ctico). Talleres L\u00fadicos&hellip;<\/p>\n","protected":false},"author":1,"featured_media":0,"parent":3080,"menu_order":0,"comment_status":"closed","ping_status":"closed","template":"","meta":{"_joinchat":[],"footnotes":""},"class_list":["post-3084","page","type-page","status-publish","hentry"],"_links":{"self":[{"href":"https:\/\/estudioinesmoreno.com.ar\/estudio\/wp-json\/wp\/v2\/pages\/3084","targetHints":{"allow":["GET"]}}],"collection":[{"href":"https:\/\/estudioinesmoreno.com.ar\/estudio\/wp-json\/wp\/v2\/pages"}],"about":[{"href":"https:\/\/estudioinesmoreno.com.ar\/estudio\/wp-json\/wp\/v2\/types\/page"}],"author":[{"embeddable":true,"href":"https:\/\/estudioinesmoreno.com.ar\/estudio\/wp-json\/wp\/v2\/users\/1"}],"replies":[{"embeddable":true,"href":"https:\/\/estudioinesmoreno.com.ar\/estudio\/wp-json\/wp\/v2\/comments?post=3084"}],"version-history":[{"count":4,"href":"https:\/\/estudioinesmoreno.com.ar\/estudio\/wp-json\/wp\/v2\/pages\/3084\/revisions"}],"predecessor-version":[{"id":6080,"href":"https:\/\/estudioinesmoreno.com.ar\/estudio\/wp-json\/wp\/v2\/pages\/3084\/revisions\/6080"}],"up":[{"embeddable":true,"href":"https:\/\/estudioinesmoreno.com.ar\/estudio\/wp-json\/wp\/v2\/pages\/3080"}],"wp:attachment":[{"href":"https:\/\/estudioinesmoreno.com.ar\/estudio\/wp-json\/wp\/v2\/media?parent=3084"}],"curies":[{"name":"wp","href":"https:\/\/api.w.org\/{rel}","templated":true}]}}

Conducción de Grupos especializada en Técnicas  Lúdico &#8211; Expresivas

<div data-elementor-type="wp-page" data-elementor-id="3084" class="elementor elementor-3084" data-elementor-post-type="page">
						<section class="elementor-section elementor-top-section elementor-element elementor-element-71d8e7d5 elementor-section-content-middle elementor-section-stretched elementor-section-boxed elementor-section-height-default elementor-section-height-default" data-id="71d8e7d5" data-element_type="section" data-e-type="section" data-settings="{&quot;stretch_section&quot;:&quot;section-stretched&quot;}">
						<div class="elementor-container elementor-column-gap-wider">
					<div class="elementor-column elementor-col-100 elementor-top-column elementor-element elementor-element-33c70bce" data-id="33c70bce" data-element_type="column" data-e-type="column">
			<div class="elementor-widget-wrap elementor-element-populated">
						<div class="elementor-element elementor-element-7ffbeb6b elementor-widget elementor-widget-text-editor" data-id="7ffbeb6b" data-element_type="widget" data-e-type="widget" data-widget_type="text-editor.default">
				<div class="elementor-widget-container">
									<p>Curso Anual que  brinda un sólido marco teórico y práctico para adquirir-entrenar estrategias y herramientas para la conducción de grupos desde los nuevos paradigmas de liderazgo. Está destinado a personas que trabajan en diferentes campos: empresarial, terapéutico, educativo formal y no formal, capacitación, trabajo comunitario, servicios, recreación, entre otros. Incluye:</p><ul><li>Conducción de grupos (teórico-práctico).</li><li>Talleres Lúdicos y Expresivos</li></ul><p>UNIDAD 1: <strong>El Liderazgo en la actualidad</strong>.</p><p>Nuevos paradigmas. Aportes de las neurociencias y neurolinguística para la construcción del rol. El contexto: variaciones, condicionamientos y posibilidades. Características del liderazgo. La dependencia versus la autonomía del grupo. La ideología del conductor. El pensar, el sentir, el hacer. El liderazgo “para” y “con” los otros. Operaciones del líder con relación a la tarea y al vínculo. Límites y libertad. La contención y la empatía. Los conflictos.</p><p>UNIDAD 2: <strong>El grupo</strong></p><p>Constitución y dinámica. Valores, normas y roles. Interacción.Matrices competitivas-cooperativas. Las necesidades individuales. La comunicación. Vínculo. Las etapas de la vida grupal. El papel de los objetivos en la caracterización de los grupos. Estructura y dinámica. Elementos para la lectura grupal. El diagnóstico. Los nuevos en el grupo. Significado y valor de las técnicas grupales. La elección de técnicas.</p><p>UNIDAD 3: <strong>La conducción en acción</strong>.</p><p>El diagnóstico. Significado y valor de las técnicas grupales. La elección de técnicas.Técnicas grupales: lúdicas y expresivas. Planeamiento, ejecución y evaluación. Aspectos metodológicos y estratégicos. El encuadre. La consigna. El espacio. El tiempo. El cuerpo. Uso de la voz. El papel de los recursos.Armado y sostenimiento de los grupos.</p><p>UNIDAD 4: <strong>Juegos Grupales y Técnicas Expresivas</strong></p><p>Abordaje de las 4 «C». Metodología y técnicas para la aplicación del Juego. Diversos objetivos y juegos : conflicto, simulación, etc. Diagnóstico grupal . Progresión del juego. La creación de juegos a medida. Juegos Individuales, juegos de mesa, espacios.</p><h4>Trabajos Prácticos</h4><ol type="a"><li>Estudio de casos.</li><li>Observación de un grupo.</li><li>Entrevista a un conductor de grupo.</li><li>Microenseñanza.</li></ol><h4>¿Cómo se enseña?</h4><p><u><strong>De la vivencia a la reflexión teórica</strong></u><strong>.</strong> Privilegiamos el juego como generador de aprendizaje, construyendo el conocimiento desde la vivencia a la elaboración de un marco teórico que sustente cada experiencia. Creando situaciones de análisis a través del juego, estudio de casos y técnicas no convencionales, para entrenarse en todas las habilidades y actitudes que posibilitan un liderazgo capaz de actuar de acuerdo con las demandas de esta realidad. Nos proponemos en cada situación la búsqueda de la coherencia entre el sentir, el pensar y el hacer.</p><p><u><strong>Concebimos al Hombre como un ser total</strong></u>, por ello cada una de nuestras alternativas contiene el abordaje integral de cada participante como persona y como profesional. Entendemos que el aprender puede darse en un clima de libertad, cooperación, compromiso, búsqueda de sí mismo y con los otros.</p><h4>Técnicas de trabajo</h4><p>En cada Curso se implementarán actividades vivenciales y reflexivas para cada contenido. cada alumno tendrá una guía de estudio para orientar la elaboración personal y la lectura bibliográfica.</p><p>Se solicitarán trabajos prácticos de acuerdo con la temática específica:</p><ol type="a"><li>elaboración de un producto que exprese el proceso creativo personal.</li><li>observación de actividades.</li><li>Microenseñanza.</li></ol><h4>Evaluación</h4><p>La evaluación de cada Curso consta de un trabajo (teórico-práctico) que debe ser presentado y defendido en un Coloquio.</p><h4>Modalidad de la Cursada</h4><ol type="a"><li>Presencial en día de semana (solicitar horarios)</li><li>Semipresencial: en día sábado de 10.00 a 16.00 hs (solicitar cronograma)</li></ol><h4>Calendario</h4><p>Las clases inician a principio de Abril y culminan a finales de Noviembre. Los Coloquios se desarrollan en Diciembre.</p><h4>Certificado</h4><p>Al finalizar el Curso y aprobar el Coloquio se entregará una constancia de carácter institucional.</p>								</div>
				</div>
					</div>
		</div>
					</div>
		</section>
				</div>

<p>Curso Anual que  brinda un sólido marco teórico y práctico para adquirir-entrenar estrategias y herramientas para la conducción de grupos desde los nuevos paradigmas de liderazgo. Está destinado a personas que trabajan en diferentes campos: empresarial, terapéutico, educativo formal y no formal, capacitación, trabajo comunitario, servicios, recreación, entre otros. Incluye: Conducción de grupos (teórico-práctico). Talleres Lúdicos&hellip;</p>
