{"id":3080,"date":"2016-03-31T20:42:09","date_gmt":"2016-03-31T20:42:09","guid":{"rendered":"http:\/\/www.inesmoreno.com.ar\/estudio\/?page_id=2984"},"modified":"2023-03-26T00:08:32","modified_gmt":"2023-03-26T03:08:32","slug":"cursos","status":"publish","type":"page","link":"https:\/\/estudioinesmoreno.com.ar\/estudio\/cursos\/","title":{"rendered":"Cursos"},"content":{"rendered":"\t\t<div data-elementor-type=\"wp-page\" data-elementor-id=\"3080\" class=\"elementor elementor-3080\" data-elementor-post-type=\"page\">\n\t\t\t\t\t\t<section class=\"elementor-section elementor-top-section elementor-element elementor-element-3b14471e elementor-section-content-middle elementor-section-stretched elementor-section-boxed elementor-section-height-default elementor-section-height-default\" data-id=\"3b14471e\" data-element_type=\"section\" data-e-type=\"section\" data-settings=\"{&quot;stretch_section&quot;:&quot;section-stretched&quot;}\">\n\t\t\t\t\t\t<div class=\"elementor-container elementor-column-gap-wider\">\n\t\t\t\t\t<div class=\"elementor-column elementor-col-100 elementor-top-column elementor-element elementor-element-6517d2b\" data-id=\"6517d2b\" data-element_type=\"column\" data-e-type=\"column\">\n\t\t\t<div class=\"elementor-widget-wrap elementor-element-populated\">\n\t\t\t\t\t\t<div class=\"elementor-element elementor-element-2fd79bc9 elementor-widget elementor-widget-text-editor\" data-id=\"2fd79bc9\" data-element_type=\"widget\" data-e-type=\"widget\" data-widget_type=\"text-editor.default\">\n\t\t\t\t<div class=\"elementor-widget-container\">\n\t\t\t\t\t\t\t\t\t<p>Formaci\u00f3n destinada a quienes\u00a0 conducen (o desean hacerlo)<\/p><p style=\"text-align: center;\"><strong>PERSONAS \u2013GRUPOS- ORGANIZACIONES<\/strong><\/p><p>Personal Directivo y adjunto.\u00a0 Responsables o Jefes de sectores y \u00e1reas. Supervisores. Analistas y coordinadores de RRHH. Formador de formadores. \u00a0Aspirantes a cargos directivos, entre otros.<\/p><p>La formaci\u00f3n se realiza de abril a noviembre\u00a0 e <strong>integra los nuevos aportes<\/strong> que generan la ciencia y disciplinas anexas: neurociencia, neurolingu\u00edstica, ontolog\u00eda del lenguaje, pensamiento complejo, PNL, creatividad,\u00a0entre otras muchas que se encuentran alineadas en la <strong>construcci\u00f3n de un nuevo paradigma de la conducci\u00f3n<\/strong>, incluyendo\u00a0 nociones transdisciplinarias que brindan teor\u00eda, estrategias y t\u00e1cticas\u00a0 para intervenciones pertinentes<\/p><p>Se trata de un <strong>entrenamiento\u00a0 distintivo<\/strong> que articula pensamiento y emoci\u00f3n. La <strong>teor\u00eda <\/strong>se <strong>vivencia y elabora<\/strong> a trav\u00e9s de <strong>t\u00e9cnicas no convencionales<\/strong> para que pueda ser\u00a0 <strong>transferida<\/strong> a la pr\u00e1ctica cotidiana.<\/p><p>Se busca la adquisici\u00f3n de\u00a0 una visi\u00f3n totalizadora de la gesti\u00f3n en la din\u00e1mica organizacional, tomando conciencia que toda tarea debe ser emprendida en funci\u00f3n del conjunto de sus variables y componentes, con competencias para agudizar la percepci\u00f3n y realizar diferentes lecturas de la \u201crealidad\u201d grupal. Ser capaces de vislumbrar los cambios, prevenir y abordar el conflicto, favorecer procesos de articulaci\u00f3n que construyan salud dentro de la vida organizacional; conocer y profundizar los fen\u00f3menos y procesos que hacen a la vida de los grupos, tomando conciencia de las actitudes b\u00e1sicas y condiciones que\u00a0 genera el liderazgo. Estar <strong>dos pasos adelante<\/strong> de procesos, fen\u00f3menos, coyunturas, anticipando en forma asertiva las decisiones.<\/p><p>El entrenamiento apunta a <strong>elaborar el propio modelo de gesti\u00f3n<\/strong> con el requisito de la coherencia entre\u00a0 ideas, emociones y actitudes para\u00a0 la \u00a0acci\u00f3n<\/p><p>Cada curso tiene contenidos espec\u00edficos y una <strong>metodolog\u00eda com\u00fan<\/strong> que <strong>nos caracteriza: <em>de la vivencia a la elaboraci\u00f3n<\/em> <\/strong>a trav\u00e9s de t\u00e9cnicas no convencionales y <strong>marco te\u00f3rico que integra saberes<\/strong> provenientes tambi\u00e9n de la <strong>praxis y experiencia<\/strong> construida en la tarea de\u00a0 liderazgo, conducci\u00f3n y formaci\u00f3n.<\/p><ul><li><a href=\"https:\/\/estudioinesmoreno.com.ar\/estudio\/cursos\/entrenamiento-de-roles-directivos-nivel-1\/\"><strong>Entrenamiento de Roles Directivos \u2013 Nivel 1<\/strong><\/a><\/li><li><a href=\"https:\/\/estudioinesmoreno.com.ar\/estudio\/cursos\/entrenamiento-de-roles-directivos-nivel-2\/\"><strong>Entrenamiento de Roles Directivos \u2013 Nivel 2<\/strong><\/a><\/li><li><a href=\"https:\/\/estudioinesmoreno.com.ar\/estudio\/cursos\/armado-y-conduccion-de-proyectos\/\"><strong>Armado y Conducci\u00f3n de Proyectos<\/strong><\/a><\/li><li><a href=\"https:\/\/estudioinesmoreno.com.ar\/estudio\/cursos\/conduccion-de-grupos-especializada-en-tecnicas-ludico-expresivas\/\"><strong>Conducci\u00f3n de Grupos especializada en T\u00e9cnicas L\u00fadico &#8211; Expresivas<\/strong><\/a><\/li><li><a href=\"https:\/\/estudioinesmoreno.com.ar\/estudio\/cursos\/formacion-formadores\/\"><strong>Formaci\u00f3n de Capacitadores especializada en t\u00e9cnicas no convencionales y l\u00fadicas<\/strong><\/a><\/li><li><a href=\"https:\/\/estudioinesmoreno.com.ar\/estudio\/inteligencia-emocional-practica-y-accion\/\"><strong>Inteligencia Emocional: Pr\u00e1ctica y Acci\u00f3n<\/strong><\/a><\/li><\/ul>\t\t\t\t\t\t\t\t<\/div>\n\t\t\t\t<\/div>\n\t\t\t\t\t<\/div>\n\t\t<\/div>\n\t\t\t\t\t<\/div>\n\t\t<\/section>\n\t\t\t\t<\/div>\n\t\t","protected":false},"excerpt":{"rendered":"<p>Formaci\u00f3n destinada a quienes\u00a0 conducen (o desean hacerlo) PERSONAS \u2013GRUPOS- ORGANIZACIONES Personal Directivo y adjunto.\u00a0 Responsables o Jefes de sectores y \u00e1reas. Supervisores. Analistas y coordinadores de RRHH. Formador de formadores. \u00a0Aspirantes a cargos directivos, entre otros. La formaci\u00f3n se realiza de abril a noviembre\u00a0 e integra los nuevos aportes que generan la ciencia y&hellip;<\/p>\n","protected":false},"author":1,"featured_media":0,"parent":0,"menu_order":0,"comment_status":"closed","ping_status":"closed","template":"","meta":{"_joinchat":[],"footnotes":""},"class_list":["post-3080","page","type-page","status-publish","hentry"],"_links":{"self":[{"href":"https:\/\/estudioinesmoreno.com.ar\/estudio\/wp-json\/wp\/v2\/pages\/3080","targetHints":{"allow":["GET"]}}],"collection":[{"href":"https:\/\/estudioinesmoreno.com.ar\/estudio\/wp-json\/wp\/v2\/pages"}],"about":[{"href":"https:\/\/estudioinesmoreno.com.ar\/estudio\/wp-json\/wp\/v2\/types\/page"}],"author":[{"embeddable":true,"href":"https:\/\/estudioinesmoreno.com.ar\/estudio\/wp-json\/wp\/v2\/users\/1"}],"replies":[{"embeddable":true,"href":"https:\/\/estudioinesmoreno.com.ar\/estudio\/wp-json\/wp\/v2\/comments?post=3080"}],"version-history":[{"count":24,"href":"https:\/\/estudioinesmoreno.com.ar\/estudio\/wp-json\/wp\/v2\/pages\/3080\/revisions"}],"predecessor-version":[{"id":10299,"href":"https:\/\/estudioinesmoreno.com.ar\/estudio\/wp-json\/wp\/v2\/pages\/3080\/revisions\/10299"}],"wp:attachment":[{"href":"https:\/\/estudioinesmoreno.com.ar\/estudio\/wp-json\/wp\/v2\/media?parent=3080"}],"curies":[{"name":"wp","href":"https:\/\/api.w.org\/{rel}","templated":true}]}}

<div data-elementor-type="wp-page" data-elementor-id="3080" class="elementor elementor-3080" data-elementor-post-type="page">
						<section class="elementor-section elementor-top-section elementor-element elementor-element-3b14471e elementor-section-content-middle elementor-section-stretched elementor-section-boxed elementor-section-height-default elementor-section-height-default" data-id="3b14471e" data-element_type="section" data-e-type="section" data-settings="{&quot;stretch_section&quot;:&quot;section-stretched&quot;}">
						<div class="elementor-container elementor-column-gap-wider">
					<div class="elementor-column elementor-col-100 elementor-top-column elementor-element elementor-element-6517d2b" data-id="6517d2b" data-element_type="column" data-e-type="column">
			<div class="elementor-widget-wrap elementor-element-populated">
						<div class="elementor-element elementor-element-2fd79bc9 elementor-widget elementor-widget-text-editor" data-id="2fd79bc9" data-element_type="widget" data-e-type="widget" data-widget_type="text-editor.default">
				<div class="elementor-widget-container">
									<p>Formación destinada a quienes  conducen (o desean hacerlo)</p><p style="text-align: center;"><strong>PERSONAS –GRUPOS- ORGANIZACIONES</strong></p><p>Personal Directivo y adjunto.  Responsables o Jefes de sectores y áreas. Supervisores. Analistas y coordinadores de RRHH. Formador de formadores.  Aspirantes a cargos directivos, entre otros.</p><p>La formación se realiza de abril a noviembre  e <strong>integra los nuevos aportes</strong> que generan la ciencia y disciplinas anexas: neurociencia, neurolinguística, ontología del lenguaje, pensamiento complejo, PNL, creatividad, entre otras muchas que se encuentran alineadas en la <strong>construcción de un nuevo paradigma de la conducción</strong>, incluyendo  nociones transdisciplinarias que brindan teoría, estrategias y tácticas  para intervenciones pertinentes</p><p>Se trata de un <strong>entrenamiento  distintivo</strong> que articula pensamiento y emoción. La <strong>teoría </strong>se <strong>vivencia y elabora</strong> a través de <strong>técnicas no convencionales</strong> para que pueda ser  <strong>transferida</strong> a la práctica cotidiana.</p><p>Se busca la adquisición de  una visión totalizadora de la gestión en la dinámica organizacional, tomando conciencia que toda tarea debe ser emprendida en función del conjunto de sus variables y componentes, con competencias para agudizar la percepción y realizar diferentes lecturas de la “realidad” grupal. Ser capaces de vislumbrar los cambios, prevenir y abordar el conflicto, favorecer procesos de articulación que construyan salud dentro de la vida organizacional; conocer y profundizar los fenómenos y procesos que hacen a la vida de los grupos, tomando conciencia de las actitudes básicas y condiciones que  genera el liderazgo. Estar <strong>dos pasos adelante</strong> de procesos, fenómenos, coyunturas, anticipando en forma asertiva las decisiones.</p><p>El entrenamiento apunta a <strong>elaborar el propio modelo de gestión</strong> con el requisito de la coherencia entre  ideas, emociones y actitudes para  la  acción</p><p>Cada curso tiene contenidos específicos y una <strong>metodología común</strong> que <strong>nos caracteriza: <em>de la vivencia a la elaboración</em> </strong>a través de técnicas no convencionales y <strong>marco teórico que integra saberes</strong> provenientes también de la <strong>praxis y experiencia</strong> construida en la tarea de  liderazgo, conducción y formación.</p><ul><li><a href="https://estudioinesmoreno.com.ar/estudio/cursos/entrenamiento-de-roles-directivos-nivel-1/"><strong>Entrenamiento de Roles Directivos – Nivel 1</strong></a></li><li><a href="https://estudioinesmoreno.com.ar/estudio/cursos/entrenamiento-de-roles-directivos-nivel-2/"><strong>Entrenamiento de Roles Directivos – Nivel 2</strong></a></li><li><a href="https://estudioinesmoreno.com.ar/estudio/cursos/armado-y-conduccion-de-proyectos/"><strong>Armado y Conducción de Proyectos</strong></a></li><li><a href="https://estudioinesmoreno.com.ar/estudio/cursos/conduccion-de-grupos-especializada-en-tecnicas-ludico-expresivas/"><strong>Conducción de Grupos especializada en Técnicas Lúdico &#8211; Expresivas</strong></a></li><li><a href="https://estudioinesmoreno.com.ar/estudio/cursos/formacion-formadores/"><strong>Formación de Capacitadores especializada en técnicas no convencionales y lúdicas</strong></a></li><li><a href="https://estudioinesmoreno.com.ar/estudio/inteligencia-emocional-practica-y-accion/"><strong>Inteligencia Emocional: Práctica y Acción</strong></a></li></ul>								</div>
				</div>
					</div>
		</div>
					</div>
		</section>
				</div>

<p>Formación destinada a quienes  conducen (o desean hacerlo) PERSONAS –GRUPOS- ORGANIZACIONES Personal Directivo y adjunto.  Responsables o Jefes de sectores y áreas. Supervisores. Analistas y coordinadores de RRHH. Formador de formadores.  Aspirantes a cargos directivos, entre otros. La formación se realiza de abril a noviembre  e integra los nuevos aportes que generan la ciencia y&hellip;</p>
