{"id":12712,"date":"2023-11-24T12:57:58","date_gmt":"2023-11-24T15:57:58","guid":{"rendered":"https:\/\/estudioinesmoreno.com.ar\/estudio\/?page_id=12712"},"modified":"2023-12-05T18:37:59","modified_gmt":"2023-12-05T21:37:59","slug":"conduccion-de-grupos-especializada-en-tecnicas-expresivas","status":"publish","type":"page","link":"https:\/\/estudioinesmoreno.com.ar\/estudio\/conduccion-de-grupos-especializada-en-tecnicas-expresivas\/","title":{"rendered":"CONDUCCI\u00d3N de GRUPOS"},"content":{"rendered":"\n<h2 class=\"wp-block-heading\">CONDUCCI\u00d3N DE GRUPOS<br>especializado en T\u00e9cnicas L\u00fadicas.<\/h2>\n\n\n\n<p><strong>Curso Anual que\u00a0 brinda un s\u00f3lido marco te\u00f3rico y pr\u00e1ctico para adquirir-entrenar estrategias y herramientas para la conducci\u00f3n de grupos desde los nuevos paradigmas de liderazgo. Est\u00e1 destinado a personas que trabajan en diferentes campos: empresarial, terap\u00e9utico, educativo formal y no formal, capacitaci\u00f3n, trabajo comunitario, servicios, recreaci\u00f3n, entre otros.<\/strong><\/p>\n\n\n\n<p><strong><u>CONTENIDOS DE TRABAJO<\/u><\/strong><\/p>\n\n\n\n<p><strong><u>UNIDAD N\u00b01: EL GRUPO<br>UNIDAD N\u00b0 2: LA CONDUCCI\u00d3N EN ACCI\u00d3N.\u00a0<\/u><\/strong><br><strong><u>UNIDAD N\u00b03: EL LIDERAZGO EN LA ACTUALIDAD.<\/u><\/strong><br><strong><u>UNIDAD 4:  T\u00e9cnicas y Juegos  GRUPALES\u00a0<\/u><\/strong><\/p>\n\n\n\n<p><strong>TRABAJOS PR\u00c1CTICOS:<\/strong>\u00a0\u00a0\u00a0\u00a0\u00a0\u00a0\u00a0\u00a0\u00a0\u00a0\u00a0\u00a0\u00a0\u00a0\u00a0\u00a0\u00a0\u00a0\u00a0\u00a0\u00a0\u00a0\u00a0\u00a0\u00a0\u00a0\u00a0\u00a0\u00a0\u00a0\u00a0\u00a0\u00a0\u00a0\u00a0\u00a0\u00a0\u00a0\u00a0\u00a0\u00a0\u00a0\u00a0\u00a0\u00a0\u00a0\u00a0\u00a0\u00a0\u00a0\u00a0\u00a0 <\/p>\n\n\n\n<ul class=\"wp-block-list\">\n<li><strong>Estudios de casos, videos<\/strong><\/li>\n\n\n\n<li><strong>Observaci\u00f3n de grupos<\/strong><\/li>\n\n\n\n<li><strong>Entrevistas a conductores<\/strong><\/li>\n<\/ul>\n\n\n\n<p><strong><u>\u00bfC\u00d3MO SE ENSE\u00d1A?<\/u><\/strong><\/p>\n\n\n\n<p><strong><u>De la vivencia a la reflexi\u00f3n te\u00f3rica:<\/u><\/strong> Privilegiando el juego como generador de aprendizaje, construyendo el conocimiento desde la vivencia a la elaboraci\u00f3n de un marco te\u00f3rico que sustente cada experiencia. Creando situaciones de an\u00e1lisis a trav\u00e9s del juego, estudios de casos y t\u00e9cnicas no convencionales, para entrenarse en todas las habilidades y actitudes que posibilitan un liderazgo capaz de actuar de acuerdo con las demandas de esta realizad. Nos proponemos en cada situaci\u00f3n la b\u00fasqueda de la coherencia entre el sentir, el pensar y el hacer.<\/p>\n\n\n\n<p>Concebimos al Hombre como un ser total: por ello cada una de nuestras alternativas contiene el abordaje integral de cada participante como persona y como profesional. Entendemos que el aprender puede darse en un clima de libertad, cooperaci\u00f3n, compromiso, b\u00fasqueda de s\u00ed mismo y con los otros.<\/p>\n\n\n\n<p><strong><u>EVALUACI\u00d3N <\/u><\/strong>La evaluaci\u00f3n del curso consta de un trabajo (te\u00f3rico-pr\u00e1ctico) que debe ser presentado y defendido en un Coloquio final. Para aprobar el curso, es condici\u00f3n la presentaci\u00f3n del trabajo final y su defensa en el coloquio del mes de DICIEMBRE.<strong>MODALIDAD DE CURSADA <\/strong>Virtual,<\/p>\n","protected":false},"excerpt":{"rendered":"<p>CONDUCCI\u00d3N DE GRUPOSespecializado en T\u00e9cnicas L\u00fadicas. Curso Anual que\u00a0 brinda un s\u00f3lido marco te\u00f3rico y pr\u00e1ctico para adquirir-entrenar estrategias y herramientas para la conducci\u00f3n de grupos desde los nuevos paradigmas de liderazgo. Est\u00e1 destinado a personas que trabajan en diferentes campos: empresarial, terap\u00e9utico, educativo formal y no formal, capacitaci\u00f3n, trabajo comunitario, servicios, recreaci\u00f3n, entre otros.&hellip;<\/p>\n","protected":false},"author":1,"featured_media":0,"parent":0,"menu_order":0,"comment_status":"closed","ping_status":"closed","template":"","meta":{"_joinchat":[],"footnotes":""},"class_list":["post-12712","page","type-page","status-publish","hentry","description-off"],"_links":{"self":[{"href":"https:\/\/estudioinesmoreno.com.ar\/estudio\/wp-json\/wp\/v2\/pages\/12712","targetHints":{"allow":["GET"]}}],"collection":[{"href":"https:\/\/estudioinesmoreno.com.ar\/estudio\/wp-json\/wp\/v2\/pages"}],"about":[{"href":"https:\/\/estudioinesmoreno.com.ar\/estudio\/wp-json\/wp\/v2\/types\/page"}],"author":[{"embeddable":true,"href":"https:\/\/estudioinesmoreno.com.ar\/estudio\/wp-json\/wp\/v2\/users\/1"}],"replies":[{"embeddable":true,"href":"https:\/\/estudioinesmoreno.com.ar\/estudio\/wp-json\/wp\/v2\/comments?post=12712"}],"version-history":[{"count":2,"href":"https:\/\/estudioinesmoreno.com.ar\/estudio\/wp-json\/wp\/v2\/pages\/12712\/revisions"}],"predecessor-version":[{"id":13009,"href":"https:\/\/estudioinesmoreno.com.ar\/estudio\/wp-json\/wp\/v2\/pages\/12712\/revisions\/13009"}],"wp:attachment":[{"href":"https:\/\/estudioinesmoreno.com.ar\/estudio\/wp-json\/wp\/v2\/media?parent=12712"}],"curies":[{"name":"wp","href":"https:\/\/api.w.org\/{rel}","templated":true}]}}

CONDUCCIÓN de GRUPOS

<h2 class="wp-block-heading">CONDUCCIÓN DE GRUPOS<br>especializado en Técnicas Lúdicas.</h2>



<p><strong>Curso Anual que  brinda un sólido marco teórico y práctico para adquirir-entrenar estrategias y herramientas para la conducción de grupos desde los nuevos paradigmas de liderazgo. Está destinado a personas que trabajan en diferentes campos: empresarial, terapéutico, educativo formal y no formal, capacitación, trabajo comunitario, servicios, recreación, entre otros.</strong></p>



<p><strong><u>CONTENIDOS DE TRABAJO</u></strong></p>



<p><strong><u>UNIDAD N°1: EL GRUPO<br>UNIDAD N° 2: LA CONDUCCIÓN EN ACCIÓN. </u></strong><br><strong><u>UNIDAD N°3: EL LIDERAZGO EN LA ACTUALIDAD.</u></strong><br><strong><u>UNIDAD 4:  Técnicas y Juegos  GRUPALES </u></strong></p>



<p><strong>TRABAJOS PRÁCTICOS:</strong>                                                     </p>



<ul class="wp-block-list">
<li><strong>Estudios de casos, videos</strong></li>



<li><strong>Observación de grupos</strong></li>



<li><strong>Entrevistas a conductores</strong></li>
</ul>



<p><strong><u>¿CÓMO SE ENSEÑA?</u></strong></p>



<p><strong><u>De la vivencia a la reflexión teórica:</u></strong> Privilegiando el juego como generador de aprendizaje, construyendo el conocimiento desde la vivencia a la elaboración de un marco teórico que sustente cada experiencia. Creando situaciones de análisis a través del juego, estudios de casos y técnicas no convencionales, para entrenarse en todas las habilidades y actitudes que posibilitan un liderazgo capaz de actuar de acuerdo con las demandas de esta realizad. Nos proponemos en cada situación la búsqueda de la coherencia entre el sentir, el pensar y el hacer.</p>



<p>Concebimos al Hombre como un ser total: por ello cada una de nuestras alternativas contiene el abordaje integral de cada participante como persona y como profesional. Entendemos que el aprender puede darse en un clima de libertad, cooperación, compromiso, búsqueda de sí mismo y con los otros.</p>



<p><strong><u>EVALUACIÓN </u></strong>La evaluación del curso consta de un trabajo (teórico-práctico) que debe ser presentado y defendido en un Coloquio final. Para aprobar el curso, es condición la presentación del trabajo final y su defensa en el coloquio del mes de DICIEMBRE.<strong>MODALIDAD DE CURSADA </strong>Virtual,</p>

<p>CONDUCCIÓN DE GRUPOSespecializado en Técnicas Lúdicas. Curso Anual que  brinda un sólido marco teórico y práctico para adquirir-entrenar estrategias y herramientas para la conducción de grupos desde los nuevos paradigmas de liderazgo. Está destinado a personas que trabajan en diferentes campos: empresarial, terapéutico, educativo formal y no formal, capacitación, trabajo comunitario, servicios, recreación, entre otros.&hellip;</p>
