{"id":12710,"date":"2023-11-24T12:57:19","date_gmt":"2023-11-24T15:57:19","guid":{"rendered":"https:\/\/estudioinesmoreno.com.ar\/estudio\/?page_id=12710"},"modified":"2026-03-27T09:52:06","modified_gmt":"2026-03-27T12:52:06","slug":"entrenamiento-de-roles-directivos","status":"publish","type":"page","link":"https:\/\/estudioinesmoreno.com.ar\/estudio\/entrenamiento-de-roles-directivos\/","title":{"rendered":"ENTRENAMIENTO de ROLES DIRECTIVOS"},"content":{"rendered":"\t\t<div data-elementor-type=\"wp-page\" data-elementor-id=\"12710\" class=\"elementor elementor-12710\" data-elementor-post-type=\"page\">\n\t\t\t\t\t\t<section class=\"elementor-section elementor-top-section elementor-element elementor-element-d74c06c elementor-section-boxed elementor-section-height-default elementor-section-height-default\" data-id=\"d74c06c\" data-element_type=\"section\" data-e-type=\"section\">\n\t\t\t\t\t\t<div class=\"elementor-container elementor-column-gap-default\">\n\t\t\t\t\t<div class=\"elementor-column elementor-col-100 elementor-top-column elementor-element elementor-element-6b4dbc8\" data-id=\"6b4dbc8\" data-element_type=\"column\" data-e-type=\"column\">\n\t\t\t<div class=\"elementor-widget-wrap elementor-element-populated\">\n\t\t\t\t\t\t<div class=\"elementor-element elementor-element-1846438 elementor-widget elementor-widget-heading\" data-id=\"1846438\" data-element_type=\"widget\" data-e-type=\"widget\" data-widget_type=\"heading.default\">\n\t\t\t\t<div class=\"elementor-widget-container\">\n\t\t\t\t\t<h2 class=\"elementor-heading-title elementor-size-default\">ENTRENAMIENTO de ROLES DIRECTIVOS - Nivel I<\/h2>\t\t\t\t<\/div>\n\t\t\t\t<\/div>\n\t\t\t\t\t<\/div>\n\t\t<\/div>\n\t\t\t\t\t<\/div>\n\t\t<\/section>\n\t\t\t\t<section class=\"elementor-section elementor-top-section elementor-element elementor-element-641f826 elementor-section-boxed elementor-section-height-default elementor-section-height-default\" data-id=\"641f826\" data-element_type=\"section\" data-e-type=\"section\">\n\t\t\t\t\t\t<div class=\"elementor-container elementor-column-gap-default\">\n\t\t\t\t\t<div class=\"elementor-column elementor-col-100 elementor-top-column elementor-element elementor-element-9c39e0d\" data-id=\"9c39e0d\" data-element_type=\"column\" data-e-type=\"column\">\n\t\t\t<div class=\"elementor-widget-wrap elementor-element-populated\">\n\t\t\t\t\t\t<div class=\"elementor-element elementor-element-f118875 elementor-widget elementor-widget-heading\" data-id=\"f118875\" data-element_type=\"widget\" data-e-type=\"widget\" data-widget_type=\"heading.default\">\n\t\t\t\t<div class=\"elementor-widget-container\">\n\t\t\t\t\t<h4 class=\"elementor-heading-title elementor-size-default\">INICIA en ABRIL<\/h4>\t\t\t\t<\/div>\n\t\t\t\t<\/div>\n\t\t\t\t\t<\/div>\n\t\t<\/div>\n\t\t\t\t\t<\/div>\n\t\t<\/section>\n\t\t\t\t<section class=\"elementor-section elementor-top-section elementor-element elementor-element-931e82d elementor-section-boxed elementor-section-height-default elementor-section-height-default\" data-id=\"931e82d\" data-element_type=\"section\" data-e-type=\"section\">\n\t\t\t\t\t\t<div class=\"elementor-container elementor-column-gap-default\">\n\t\t\t\t\t<div class=\"elementor-column elementor-col-100 elementor-top-column elementor-element elementor-element-a880a61\" data-id=\"a880a61\" data-element_type=\"column\" data-e-type=\"column\">\n\t\t\t<div class=\"elementor-widget-wrap elementor-element-populated\">\n\t\t\t\t\t\t<div class=\"elementor-element elementor-element-1dcdcd1 elementor-widget elementor-widget-text-editor\" data-id=\"1dcdcd1\" data-element_type=\"widget\" data-e-type=\"widget\" data-widget_type=\"text-editor.default\">\n\t\t\t\t<div class=\"elementor-widget-container\">\n\t\t\t\t\t\t\t\t\t<p style=\"font-weight: 400;\">Destinado a quienes desean obtener los aportes que brindan las neurociencia, psicolog\u00eda organizacional, neurolingu\u00edstica, ontolog\u00eda del lenguaje, creatividad e innovaci\u00f3n, nuevos paradigmas en el management, entre otros junto con la praxis de 44 a\u00f1os en el trabajo directo asesorando empresas, instituciones educativas , de servicios y realizando coaching\u00a0\u00a0a personas que lideran,\u00a0 para lograr una mejora en los modos de gesti\u00f3n adecu\u00e1ndose a las necesidades de una realidad cambiante modificando aquellos aspectos que no funcionan para construir ORGANIZACIONES INTELIGENTES.<\/p><p style=\"font-weight: 400;\"><strong><u>Por qu\u00e9 es un entrenamiento?<\/u><\/strong><strong>:<\/strong>\u00a0Porque NO es un curso tradicional.<\/p><p style=\"font-weight: 400;\">La palabra\u00a0<strong>ENTRENAMIENTO <\/strong>hace referencia a la metodolog\u00eda que utilizamos\u00a0\u00a0y la b\u00fasqueda de transferencia a la realidad de cada participante. Se busca la adquisici\u00f3n de herramientas a partir de cada encuentro y no memorizaci\u00f3n de ideas o teor\u00edas.<\/p><p style=\"font-weight: 400;\"><strong><u>Metodolog\u00eda<\/u>:<\/strong> El abordaje de cada contenido se realiza a trav\u00e9s de t\u00e9cnicas no convencionales y l\u00fadicas para permitir un aprendizaje significativo, capaz de ser transferido en forma inmediata al contexto cotidiano de cada participante. Las gu\u00edas de estudio permiten profundizar los temas que se desarrollan en la clase de acuerdo al inter\u00e9s y disponibilidad de cada persona.<\/p><p style=\"font-weight: 400;\">Brindamos:<br \/><strong>HERRAMIENTAS, AN\u00c1LISIS con MARCO TE\u00d3RICO, APLICACI\u00d3N y TRANSFERENCIA.<\/strong><\/p><p style=\"font-weight: 400;\">El <strong>estudio in\u00e9s moreno<\/strong>, se ha caracterizado desde 1977, por ESTAR dos pasos adelante para lograr en sus entrenamientos el posicionamiento de los profesionales con herramientas y fundamentos\u00a0 para obtener nuevas respuestas a nuevas preguntas; nuevas soluciones a viejos y nuevos problemas<strong>:<\/strong><\/p><p style=\"font-weight: 400;\"><strong>Nuevas formas de operar m\u00e1s potentes y efectivas!<\/strong><\/p><p style=\"font-weight: 400;\"><strong><u>TEMAS<\/u><\/strong><strong>:<\/strong><\/p><p style=\"font-weight: 400;\"><strong>LA ORGANIZACI\u00d3N INTELIGENTE requiere L\u00cdDERES INTELIGENTES<\/strong><\/p><p style=\"font-weight: 400;\"><strong>VALORES &#8211; PAUTAS &#8211; ROLES<\/strong><\/p><p style=\"font-weight: 400;\"><strong>VISI\u00d3N COMPARTIDA &#8211; PASAJE de un GRUPO de TRABAJO a un EQUIPO<\/strong><\/p><p style=\"font-weight: 400;\"><strong>DIFICULTADES y HERRAMIENTAS para lograr COMUNICACI\u00d3N ASERTIVA<\/strong><\/p><p style=\"font-weight: 400;\"><strong>CONFLICTOS: Fuentes y abordaje<\/strong><\/p><p style=\"font-weight: 400;\"><strong>DOMINIO PERSONAL<\/strong><\/p>\t\t\t\t\t\t\t\t<\/div>\n\t\t\t\t<\/div>\n\t\t\t\t\t<\/div>\n\t\t<\/div>\n\t\t\t\t\t<\/div>\n\t\t<\/section>\n\t\t\t\t<\/div>\n\t\t","protected":false},"excerpt":{"rendered":"<p>ENTRENAMIENTO de ROLES DIRECTIVOS &#8211; Nivel I INICIA en ABRIL Destinado a quienes desean obtener los aportes que brindan las neurociencia, psicolog\u00eda organizacional, neurolingu\u00edstica, ontolog\u00eda del lenguaje, creatividad e innovaci\u00f3n, nuevos paradigmas en el management, entre otros junto con la praxis de 44 a\u00f1os en el trabajo directo asesorando empresas, instituciones educativas , de servicios&hellip;<\/p>\n","protected":false},"author":1,"featured_media":0,"parent":0,"menu_order":0,"comment_status":"closed","ping_status":"closed","template":"","meta":{"_joinchat":[],"footnotes":""},"class_list":["post-12710","page","type-page","status-publish","hentry"],"_links":{"self":[{"href":"https:\/\/estudioinesmoreno.com.ar\/estudio\/wp-json\/wp\/v2\/pages\/12710","targetHints":{"allow":["GET"]}}],"collection":[{"href":"https:\/\/estudioinesmoreno.com.ar\/estudio\/wp-json\/wp\/v2\/pages"}],"about":[{"href":"https:\/\/estudioinesmoreno.com.ar\/estudio\/wp-json\/wp\/v2\/types\/page"}],"author":[{"embeddable":true,"href":"https:\/\/estudioinesmoreno.com.ar\/estudio\/wp-json\/wp\/v2\/users\/1"}],"replies":[{"embeddable":true,"href":"https:\/\/estudioinesmoreno.com.ar\/estudio\/wp-json\/wp\/v2\/comments?post=12710"}],"version-history":[{"count":4,"href":"https:\/\/estudioinesmoreno.com.ar\/estudio\/wp-json\/wp\/v2\/pages\/12710\/revisions"}],"predecessor-version":[{"id":13840,"href":"https:\/\/estudioinesmoreno.com.ar\/estudio\/wp-json\/wp\/v2\/pages\/12710\/revisions\/13840"}],"wp:attachment":[{"href":"https:\/\/estudioinesmoreno.com.ar\/estudio\/wp-json\/wp\/v2\/media?parent=12710"}],"curies":[{"name":"wp","href":"https:\/\/api.w.org\/{rel}","templated":true}]}}

<div data-elementor-type="wp-page" data-elementor-id="12710" class="elementor elementor-12710" data-elementor-post-type="page">
						<section class="elementor-section elementor-top-section elementor-element elementor-element-d74c06c elementor-section-boxed elementor-section-height-default elementor-section-height-default" data-id="d74c06c" data-element_type="section" data-e-type="section">
						<div class="elementor-container elementor-column-gap-default">
					<div class="elementor-column elementor-col-100 elementor-top-column elementor-element elementor-element-6b4dbc8" data-id="6b4dbc8" data-element_type="column" data-e-type="column">
			<div class="elementor-widget-wrap elementor-element-populated">
						<div class="elementor-element elementor-element-1846438 elementor-widget elementor-widget-heading" data-id="1846438" data-element_type="widget" data-e-type="widget" data-widget_type="heading.default">
				<div class="elementor-widget-container">
					<h2 class="elementor-heading-title elementor-size-default">ENTRENAMIENTO de ROLES DIRECTIVOS - Nivel I</h2>				</div>
				</div>
					</div>
		</div>
					</div>
		</section>
				<section class="elementor-section elementor-top-section elementor-element elementor-element-641f826 elementor-section-boxed elementor-section-height-default elementor-section-height-default" data-id="641f826" data-element_type="section" data-e-type="section">
						<div class="elementor-container elementor-column-gap-default">
					<div class="elementor-column elementor-col-100 elementor-top-column elementor-element elementor-element-9c39e0d" data-id="9c39e0d" data-element_type="column" data-e-type="column">
			<div class="elementor-widget-wrap elementor-element-populated">
						<div class="elementor-element elementor-element-f118875 elementor-widget elementor-widget-heading" data-id="f118875" data-element_type="widget" data-e-type="widget" data-widget_type="heading.default">
				<div class="elementor-widget-container">
					<h4 class="elementor-heading-title elementor-size-default">INICIA en ABRIL</h4>				</div>
				</div>
					</div>
		</div>
					</div>
		</section>
				<section class="elementor-section elementor-top-section elementor-element elementor-element-931e82d elementor-section-boxed elementor-section-height-default elementor-section-height-default" data-id="931e82d" data-element_type="section" data-e-type="section">
						<div class="elementor-container elementor-column-gap-default">
					<div class="elementor-column elementor-col-100 elementor-top-column elementor-element elementor-element-a880a61" data-id="a880a61" data-element_type="column" data-e-type="column">
			<div class="elementor-widget-wrap elementor-element-populated">
						<div class="elementor-element elementor-element-1dcdcd1 elementor-widget elementor-widget-text-editor" data-id="1dcdcd1" data-element_type="widget" data-e-type="widget" data-widget_type="text-editor.default">
				<div class="elementor-widget-container">
									<p style="font-weight: 400;">Destinado a quienes desean obtener los aportes que brindan las neurociencia, psicología organizacional, neurolinguística, ontología del lenguaje, creatividad e innovación, nuevos paradigmas en el management, entre otros junto con la praxis de 44 años en el trabajo directo asesorando empresas, instituciones educativas , de servicios y realizando coaching  a personas que lideran,  para lograr una mejora en los modos de gestión adecuándose a las necesidades de una realidad cambiante modificando aquellos aspectos que no funcionan para construir ORGANIZACIONES INTELIGENTES.</p><p style="font-weight: 400;"><strong><u>Por qué es un entrenamiento?</u></strong><strong>:</strong> Porque NO es un curso tradicional.</p><p style="font-weight: 400;">La palabra <strong>ENTRENAMIENTO </strong>hace referencia a la metodología que utilizamos  y la búsqueda de transferencia a la realidad de cada participante. Se busca la adquisición de herramientas a partir de cada encuentro y no memorización de ideas o teorías.</p><p style="font-weight: 400;"><strong><u>Metodología</u>:</strong> El abordaje de cada contenido se realiza a través de técnicas no convencionales y lúdicas para permitir un aprendizaje significativo, capaz de ser transferido en forma inmediata al contexto cotidiano de cada participante. Las guías de estudio permiten profundizar los temas que se desarrollan en la clase de acuerdo al interés y disponibilidad de cada persona.</p><p style="font-weight: 400;">Brindamos:<br /><strong>HERRAMIENTAS, ANÁLISIS con MARCO TEÓRICO, APLICACIÓN y TRANSFERENCIA.</strong></p><p style="font-weight: 400;">El <strong>estudio inés moreno</strong>, se ha caracterizado desde 1977, por ESTAR dos pasos adelante para lograr en sus entrenamientos el posicionamiento de los profesionales con herramientas y fundamentos  para obtener nuevas respuestas a nuevas preguntas; nuevas soluciones a viejos y nuevos problemas<strong>:</strong></p><p style="font-weight: 400;"><strong>Nuevas formas de operar más potentes y efectivas!</strong></p><p style="font-weight: 400;"><strong><u>TEMAS</u></strong><strong>:</strong></p><p style="font-weight: 400;"><strong>LA ORGANIZACIÓN INTELIGENTE requiere LÍDERES INTELIGENTES</strong></p><p style="font-weight: 400;"><strong>VALORES &#8211; PAUTAS &#8211; ROLES</strong></p><p style="font-weight: 400;"><strong>VISIÓN COMPARTIDA &#8211; PASAJE de un GRUPO de TRABAJO a un EQUIPO</strong></p><p style="font-weight: 400;"><strong>DIFICULTADES y HERRAMIENTAS para lograr COMUNICACIÓN ASERTIVA</strong></p><p style="font-weight: 400;"><strong>CONFLICTOS: Fuentes y abordaje</strong></p><p style="font-weight: 400;"><strong>DOMINIO PERSONAL</strong></p>								</div>
				</div>
					</div>
		</div>
					</div>
		</section>
				</div>

<p>ENTRENAMIENTO de ROLES DIRECTIVOS &#8211; Nivel I INICIA en ABRIL Destinado a quienes desean obtener los aportes que brindan las neurociencia, psicología organizacional, neurolinguística, ontología del lenguaje, creatividad e innovación, nuevos paradigmas en el management, entre otros junto con la praxis de 44 años en el trabajo directo asesorando empresas, instituciones educativas , de servicios&hellip;</p>
