{"id":12697,"date":"2023-11-24T12:39:08","date_gmt":"2023-11-24T15:39:08","guid":{"rendered":"https:\/\/estudioinesmoreno.com.ar\/estudio\/?page_id=12697"},"modified":"2023-12-05T18:21:55","modified_gmt":"2023-12-05T21:21:55","slug":"creatividad-y-desarrollo-personal-nivel-1-nivel-2","status":"publish","type":"page","link":"https:\/\/estudioinesmoreno.com.ar\/estudio\/creatividad-y-desarrollo-personal-nivel-1-nivel-2\/","title":{"rendered":"CREATIVIDAD y DESARROLLO PERSONAL"},"content":{"rendered":"\t\t<div data-elementor-type=\"wp-page\" data-elementor-id=\"12697\" class=\"elementor elementor-12697\" data-elementor-post-type=\"page\">\n\t\t\t\t\t\t<section class=\"elementor-section elementor-top-section elementor-element elementor-element-73c2f03 elementor-section-boxed elementor-section-height-default elementor-section-height-default\" data-id=\"73c2f03\" data-element_type=\"section\" data-e-type=\"section\">\n\t\t\t\t\t\t<div class=\"elementor-container elementor-column-gap-default\">\n\t\t\t\t\t<div class=\"elementor-column elementor-col-100 elementor-top-column elementor-element elementor-element-7f5e7d3\" data-id=\"7f5e7d3\" data-element_type=\"column\" data-e-type=\"column\">\n\t\t\t<div class=\"elementor-widget-wrap elementor-element-populated\">\n\t\t\t\t\t\t<div class=\"elementor-element elementor-element-79f7d7a elementor-widget elementor-widget-heading\" data-id=\"79f7d7a\" data-element_type=\"widget\" data-e-type=\"widget\" data-widget_type=\"heading.default\">\n\t\t\t\t<div class=\"elementor-widget-container\">\n\t\t\t\t\t<h2 class=\"elementor-heading-title elementor-size-default\">Formaci\u00f3n Anual en Creatividad e Innovaci\u00f3n Virtual<\/h2>\t\t\t\t<\/div>\n\t\t\t\t<\/div>\n\t\t\t\t\t<\/div>\n\t\t<\/div>\n\t\t\t\t\t<\/div>\n\t\t<\/section>\n\t\t\t\t<section class=\"elementor-section elementor-top-section elementor-element elementor-element-1abced70 elementor-section-boxed elementor-section-height-default elementor-section-height-default\" data-id=\"1abced70\" data-element_type=\"section\" data-e-type=\"section\">\n\t\t\t\t\t\t<div class=\"elementor-container elementor-column-gap-default\">\n\t\t\t\t\t<div class=\"elementor-column elementor-col-100 elementor-top-column elementor-element elementor-element-7e21ecd8\" data-id=\"7e21ecd8\" data-element_type=\"column\" data-e-type=\"column\">\n\t\t\t<div class=\"elementor-widget-wrap elementor-element-populated\">\n\t\t\t\t\t\t<div class=\"elementor-element elementor-element-3d25e80e elementor-widget elementor-widget-text-editor\" data-id=\"3d25e80e\" data-element_type=\"widget\" data-e-type=\"widget\" data-widget_type=\"text-editor.default\">\n\t\t\t\t<div class=\"elementor-widget-container\">\n\t\t\t\t\t\t\t\t\t\n<p><strong><u>I.-Objetivos Generales:<\/u><\/strong><\/p>\n\n\n\n<p><em>Se buscar\u00e1 que al finalizar el curso, los participantes logren<\/em><strong><u><\/u><\/strong><\/p>\n\n\n\n<ul class=\"wp-block-list\">\n<li>Descubrir el propio potencial creativo y los instrumentos para su implementaci\u00f3n en la vida cotidiana.<\/li>\n\n\n\n<li>Identificar los bloqueos cognitivos, emocionales y culturales que traban el proceso creativo.<strong><u><\/u><\/strong><\/li>\n\n\n\n<li>Comprender y diferenciar las aptitudes y actitudes que favorecen y obstaculizan el proceso creativo.<strong><u><\/u><\/strong><\/li>\n\n\n\n<li>Conocer las variables intervinientes en el proceso y el producto.<\/li>\n\n\n\n<li>Manifestar compromiso en el registro personal del propio proceso creativo y en la resoluci\u00f3n de situaciones problem\u00e1ticas<\/li>\n<\/ul>\n\n\n\n<p><strong><u>II.-<\/u><\/strong><strong><u>Contenidos<\/u><\/strong><strong><u><\/u><\/strong><\/p>\n\n\n\n<p><strong><u>UNIDAD N\u00ba 1:<\/u><\/strong>&nbsp; <strong><em>CREATIVIDAD: mito y realidad<\/em><\/strong><strong>.<\/strong><\/p>\n\n\n\n<p><\/p>\n\n\n\n<p><strong><u>UNIDAD N\u00ba 2:<\/u><\/strong>&nbsp; <strong><em>\u00bfCREATIVO YO?<\/em><\/strong><strong><\/strong><\/p>\n\n\n\n<p>Los bloqueos que intervienen en el Proceso y en el Producto Creativo.<\/p>\n\n\n\n<p><strong><u>UNIDAD N\u00ba3:<\/u><\/strong> <strong><em>ACTITUDES Y APTITUDES del Proceso Creativo<\/em><\/strong> <\/p>\n\n\n\n<p><\/p>\n\n\n\n<p><strong>&nbsp;III.<\/strong><strong><u>T\u00e9cnicas de Ense\u00f1anza<\/u><\/strong><\/p>\n\n\n\n<p>Las clases ser\u00e1n vivenciales con est\u00edmulos destinados a promover las conductas buscadas. Se solicitar\u00e1 a cada alumno el \u201cregistro de Vivencias\u201d al culminar cada clase a trav\u00e9s de una gu\u00eda preparada para tal fin. Los contenidos cognitivos se trabajaran al cierre de cada unidad.<\/p>\n\n\n\n<p><strong><u>IV.-Evaluaci\u00f3n<\/u><\/strong><\/p>\n\n\n\n<p>El participante del curso deber\u00e1 cumplimentar las gu\u00edas dadas para cada unidad.<\/p>\n\n\n\n<p>El trabajo final de integraci\u00f3n a presentar en el coloquio.<\/p>\n\t\t\t\t\t\t\t\t<\/div>\n\t\t\t\t<\/div>\n\t\t\t\t\t<\/div>\n\t\t<\/div>\n\t\t\t\t\t<\/div>\n\t\t<\/section>\n\t\t\t\t<\/div>\n\t\t","protected":false},"excerpt":{"rendered":"<p>Formaci\u00f3n Anual en Creatividad e Innovaci\u00f3n Virtual I.-Objetivos Generales: Se buscar\u00e1 que al finalizar el curso, los participantes logren II.-Contenidos UNIDAD N\u00ba 1:&nbsp; CREATIVIDAD: mito y realidad. UNIDAD N\u00ba 2:&nbsp; \u00bfCREATIVO YO? Los bloqueos que intervienen en el Proceso y en el Producto Creativo. UNIDAD N\u00ba3: ACTITUDES Y APTITUDES del Proceso Creativo &nbsp;III.T\u00e9cnicas de Ense\u00f1anza&hellip;<\/p>\n","protected":false},"author":1,"featured_media":0,"parent":0,"menu_order":0,"comment_status":"closed","ping_status":"closed","template":"","meta":{"_joinchat":[],"footnotes":""},"class_list":["post-12697","page","type-page","status-publish","hentry"],"_links":{"self":[{"href":"https:\/\/estudioinesmoreno.com.ar\/estudio\/wp-json\/wp\/v2\/pages\/12697","targetHints":{"allow":["GET"]}}],"collection":[{"href":"https:\/\/estudioinesmoreno.com.ar\/estudio\/wp-json\/wp\/v2\/pages"}],"about":[{"href":"https:\/\/estudioinesmoreno.com.ar\/estudio\/wp-json\/wp\/v2\/types\/page"}],"author":[{"embeddable":true,"href":"https:\/\/estudioinesmoreno.com.ar\/estudio\/wp-json\/wp\/v2\/users\/1"}],"replies":[{"embeddable":true,"href":"https:\/\/estudioinesmoreno.com.ar\/estudio\/wp-json\/wp\/v2\/comments?post=12697"}],"version-history":[{"count":6,"href":"https:\/\/estudioinesmoreno.com.ar\/estudio\/wp-json\/wp\/v2\/pages\/12697\/revisions"}],"predecessor-version":[{"id":12999,"href":"https:\/\/estudioinesmoreno.com.ar\/estudio\/wp-json\/wp\/v2\/pages\/12697\/revisions\/12999"}],"wp:attachment":[{"href":"https:\/\/estudioinesmoreno.com.ar\/estudio\/wp-json\/wp\/v2\/media?parent=12697"}],"curies":[{"name":"wp","href":"https:\/\/api.w.org\/{rel}","templated":true}]}}

<div data-elementor-type="wp-page" data-elementor-id="12697" class="elementor elementor-12697" data-elementor-post-type="page">
						<section class="elementor-section elementor-top-section elementor-element elementor-element-73c2f03 elementor-section-boxed elementor-section-height-default elementor-section-height-default" data-id="73c2f03" data-element_type="section" data-e-type="section">
						<div class="elementor-container elementor-column-gap-default">
					<div class="elementor-column elementor-col-100 elementor-top-column elementor-element elementor-element-7f5e7d3" data-id="7f5e7d3" data-element_type="column" data-e-type="column">
			<div class="elementor-widget-wrap elementor-element-populated">
						<div class="elementor-element elementor-element-79f7d7a elementor-widget elementor-widget-heading" data-id="79f7d7a" data-element_type="widget" data-e-type="widget" data-widget_type="heading.default">
				<div class="elementor-widget-container">
					<h2 class="elementor-heading-title elementor-size-default">Formación Anual en Creatividad e Innovación Virtual</h2>				</div>
				</div>
					</div>
		</div>
					</div>
		</section>
				<section class="elementor-section elementor-top-section elementor-element elementor-element-1abced70 elementor-section-boxed elementor-section-height-default elementor-section-height-default" data-id="1abced70" data-element_type="section" data-e-type="section">
						<div class="elementor-container elementor-column-gap-default">
					<div class="elementor-column elementor-col-100 elementor-top-column elementor-element elementor-element-7e21ecd8" data-id="7e21ecd8" data-element_type="column" data-e-type="column">
			<div class="elementor-widget-wrap elementor-element-populated">
						<div class="elementor-element elementor-element-3d25e80e elementor-widget elementor-widget-text-editor" data-id="3d25e80e" data-element_type="widget" data-e-type="widget" data-widget_type="text-editor.default">
				<div class="elementor-widget-container">
									
<p><strong><u>I.-Objetivos Generales:</u></strong></p>



<p><em>Se buscará que al finalizar el curso, los participantes logren</em><strong><u></u></strong></p>



<ul class="wp-block-list">
<li>Descubrir el propio potencial creativo y los instrumentos para su implementación en la vida cotidiana.</li>



<li>Identificar los bloqueos cognitivos, emocionales y culturales que traban el proceso creativo.<strong><u></u></strong></li>



<li>Comprender y diferenciar las aptitudes y actitudes que favorecen y obstaculizan el proceso creativo.<strong><u></u></strong></li>



<li>Conocer las variables intervinientes en el proceso y el producto.</li>



<li>Manifestar compromiso en el registro personal del propio proceso creativo y en la resolución de situaciones problemáticas</li>
</ul>



<p><strong><u>II.-</u></strong><strong><u>Contenidos</u></strong><strong><u></u></strong></p>



<p><strong><u>UNIDAD Nº 1:</u></strong>&nbsp; <strong><em>CREATIVIDAD: mito y realidad</em></strong><strong>.</strong></p>



<p></p>



<p><strong><u>UNIDAD Nº 2:</u></strong>&nbsp; <strong><em>¿CREATIVO YO?</em></strong><strong></strong></p>



<p>Los bloqueos que intervienen en el Proceso y en el Producto Creativo.</p>



<p><strong><u>UNIDAD Nº3:</u></strong> <strong><em>ACTITUDES Y APTITUDES del Proceso Creativo</em></strong> </p>



<p></p>



<p><strong>&nbsp;III.</strong><strong><u>Técnicas de Enseñanza</u></strong></p>



<p>Las clases serán vivenciales con estímulos destinados a promover las conductas buscadas. Se solicitará a cada alumno el “registro de Vivencias” al culminar cada clase a través de una guía preparada para tal fin. Los contenidos cognitivos se trabajaran al cierre de cada unidad.</p>



<p><strong><u>IV.-Evaluación</u></strong></p>



<p>El participante del curso deberá cumplimentar las guías dadas para cada unidad.</p>



<p>El trabajo final de integración a presentar en el coloquio.</p>
								</div>
				</div>
					</div>
		</div>
					</div>
		</section>
				</div>

<p>Formación Anual en Creatividad e Innovación Virtual I.-Objetivos Generales: Se buscará que al finalizar el curso, los participantes logren II.-Contenidos UNIDAD Nº 1:&nbsp; CREATIVIDAD: mito y realidad. UNIDAD Nº 2:&nbsp; ¿CREATIVO YO? Los bloqueos que intervienen en el Proceso y en el Producto Creativo. UNIDAD Nº3: ACTITUDES Y APTITUDES del Proceso Creativo &nbsp;III.Técnicas de Enseñanza&hellip;</p>
