{"id":12683,"date":"2023-11-24T12:25:02","date_gmt":"2023-11-24T15:25:02","guid":{"rendered":"https:\/\/estudioinesmoreno.com.ar\/estudio\/?page_id=12683"},"modified":"2023-12-05T18:17:38","modified_gmt":"2023-12-05T21:17:38","slug":"creacion-de-espacios-de-juego","status":"publish","type":"page","link":"https:\/\/estudioinesmoreno.com.ar\/estudio\/capacitacion-entrenamiento\/capacitacion-y-entrenamiento-juego\/creacion-de-espacios-de-juego\/","title":{"rendered":"Creaci\u00f3n de Espacios de Juego"},"content":{"rendered":"\t\t<div data-elementor-type=\"wp-page\" data-elementor-id=\"12683\" class=\"elementor elementor-12683\" data-elementor-post-type=\"page\">\n\t\t\t\t\t\t<section class=\"elementor-section elementor-top-section elementor-element elementor-element-d5bcb2e elementor-section-boxed elementor-section-height-default elementor-section-height-default\" data-id=\"d5bcb2e\" data-element_type=\"section\" data-e-type=\"section\">\n\t\t\t\t\t\t<div class=\"elementor-container elementor-column-gap-default\">\n\t\t\t\t\t<div class=\"elementor-column elementor-col-100 elementor-top-column elementor-element elementor-element-3f3bcc4\" data-id=\"3f3bcc4\" data-element_type=\"column\" data-e-type=\"column\">\n\t\t\t<div class=\"elementor-widget-wrap elementor-element-populated\">\n\t\t\t\t\t\t<div class=\"elementor-element elementor-element-4257b62 elementor-widget elementor-widget-heading\" data-id=\"4257b62\" data-element_type=\"widget\" data-e-type=\"widget\" data-widget_type=\"heading.default\">\n\t\t\t\t<div class=\"elementor-widget-container\">\n\t\t\t\t\t<h2 class=\"elementor-heading-title elementor-size-default\">CURSO DE FORMACI\u00d3N ANUAL PARA CREAR ESPACIOS DE JUEGO.<\/h2>\t\t\t\t<\/div>\n\t\t\t\t<\/div>\n\t\t\t\t\t<\/div>\n\t\t<\/div>\n\t\t\t\t\t<\/div>\n\t\t<\/section>\n\t\t\t\t<section class=\"elementor-section elementor-top-section elementor-element elementor-element-7432e84 elementor-section-boxed elementor-section-height-default elementor-section-height-default\" data-id=\"7432e84\" data-element_type=\"section\" data-e-type=\"section\">\n\t\t\t\t\t\t<div class=\"elementor-container elementor-column-gap-default\">\n\t\t\t\t\t<div class=\"elementor-column elementor-col-100 elementor-top-column elementor-element elementor-element-ae065bc\" data-id=\"ae065bc\" data-element_type=\"column\" data-e-type=\"column\">\n\t\t\t<div class=\"elementor-widget-wrap elementor-element-populated\">\n\t\t\t\t\t\t<div class=\"elementor-element elementor-element-824a0ed elementor-widget elementor-widget-text-editor\" data-id=\"824a0ed\" data-element_type=\"widget\" data-e-type=\"widget\" data-widget_type=\"text-editor.default\">\n\t\t\t\t<div class=\"elementor-widget-container\">\n\t\t\t\t\t\t\t\t\t<h1><span lang=\"ES-TRAD\" style=\"font-size: 10.0pt; font-family: 'Times New Roman',serif; mso-fareast-font-family: 'Times New Roman'; mso-ansi-language: ES-TRAD; mso-fareast-language: ES; mso-bidi-language: AR-SA;\"><b>Este curso brinda <u>la experiencia concreta<\/u> de crear, dise\u00f1ar, mantener, evaluar y transformar un espacio en un lugar de juego.\u00a0<\/b><\/span><\/h1>\t\t\t\t\t\t\t\t<\/div>\n\t\t\t\t<\/div>\n\t\t\t\t\t<\/div>\n\t\t<\/div>\n\t\t\t\t\t<\/div>\n\t\t<\/section>\n\t\t\t\t<section class=\"elementor-section elementor-top-section elementor-element elementor-element-0b4ed98 elementor-section-boxed elementor-section-height-default elementor-section-height-default\" data-id=\"0b4ed98\" data-element_type=\"section\" data-e-type=\"section\">\n\t\t\t\t\t\t<div class=\"elementor-container elementor-column-gap-default\">\n\t\t\t\t\t<div class=\"elementor-column elementor-col-100 elementor-top-column elementor-element elementor-element-33baef8\" data-id=\"33baef8\" data-element_type=\"column\" data-e-type=\"column\">\n\t\t\t<div class=\"elementor-widget-wrap elementor-element-populated\">\n\t\t\t\t\t\t<div class=\"elementor-element elementor-element-c2c0a45 elementor-widget elementor-widget-text-editor\" data-id=\"c2c0a45\" data-element_type=\"widget\" data-e-type=\"widget\" data-widget_type=\"text-editor.default\">\n\t\t\t\t<div class=\"elementor-widget-container\">\n\t\t\t\t\t\t\t\t\t<p style=\"text-align: justify;\"><u><span lang=\"ES-TRAD\" style=\"font-size: 9.0pt; color: windowtext;\">Objetivos:<\/span><\/u><i><span lang=\"ES-TRAD\" style=\"font-size: 9.0pt; color: windowtext;\"> \u00a0<\/span><\/i><\/p><p style=\"text-align: justify; tab-stops: 18.0pt;\"><i><span lang=\"ES-TRAD\" style=\"font-size: 9.0pt; color: windowtext;\">1- Conocer y comprender los fundamentos te\u00f3ricos que subyacen en el armado de\u00a0 espacios de juego\u00a0 con diversos objetivos\u00a0<\/span><\/i><i style=\"background-color: rgba(255, 255, 255, 0); color: var(--the7-base-color); letter-spacing: var(--the7-base-letter-spacing); text-transform: var(--the7-base-text-transform); word-spacing: normal;\"><span lang=\"ES-TRAD\" style=\"font-size: 9.0pt; color: windowtext;\">y para m\u00faltiples \u00e1reas<\/span><\/i><\/p><p style=\"text-align: justify;\"><i><span lang=\"ES-TRAD\" style=\"font-size: 9.0pt; color: windowtext;\">2- Analizar las variables que interjuegan en la implementaci\u00f3n de espacios l\u00fadicos \u00a0y los resultados obtenidos en diversos\u00a0<\/span><\/i><i style=\"background-color: rgba(255, 255, 255, 0); color: var(--the7-base-color); letter-spacing: var(--the7-base-letter-spacing); text-transform: var(--the7-base-text-transform); word-spacing: normal;\"><span lang=\"ES-TRAD\" style=\"font-size: 9.0pt; color: windowtext;\">pa\u00edses<\/span><\/i><\/p><p style=\"text-align: justify;\"><i><span lang=\"ES-TRAD\" style=\"font-size: 9.0pt; color: windowtext;\">3- Entrenar el proceso de dise\u00f1o, construcci\u00f3n, testeo y presentaci\u00f3n de espacios l\u00fadicos<\/span><\/i><\/p><p style=\"text-align: justify;\"><i><span lang=\"ES-TRAD\" style=\"font-size: 9.0pt; color: windowtext;\">4- Tomar conciencia del rol del facilitador en\u00a0 intervenciones l\u00fadicas en educaci\u00f3n, <b>\u00a0<\/b>salud, empresa y \u00e1reas p\u00fablicas<\/span><\/i><\/p><p style=\"text-align: justify; text-indent: -14.2pt; margin: 0cm 0cm 6.0pt 14.2pt;\">\u00a0<\/p><p style=\"text-align: justify; text-indent: -14.2pt; margin: 0cm 0cm 6.0pt 14.2pt;\"><u><span lang=\"ES-TRAD\" style=\"font-size: 10.0pt; color: windowtext;\">Contenidos:<i><\/i><\/span><\/u><\/p><p style=\"text-align: justify;\"><span lang=\"ES-TRAD\" style=\"background-color: rgba(255, 255, 255, 0); letter-spacing: var(--the7-base-letter-spacing); text-transform: var(--the7-base-text-transform); word-spacing: normal; font-size: 10pt; color: windowtext;\">UNIDAD 1:<\/span><i style=\"background-color: rgba(255, 255, 255, 0); color: var(--the7-base-color); letter-spacing: var(--the7-base-letter-spacing); text-transform: var(--the7-base-text-transform); word-spacing: normal;\"><span lang=\"ES-TRAD\" style=\"font-size: 10.0pt; color: windowtext;\"> <b><u>El Juego<\/u><\/b><b><u> dentro del espacio<\/u>: <\/b>El espacio interno y externo para jugar. Del espacio espont\u00e1neo al<\/span><\/i><i style=\"background-color: rgba(255, 255, 255, 0); color: var(--the7-base-color); letter-spacing: var(--the7-base-letter-spacing); text-transform: var(--the7-base-text-transform); word-spacing: normal;\"><span lang=\"ES-TRAD\" style=\"font-size: 10.0pt; color: windowtext;\">\u00a0espacio intencional.\u00a0<\/span><\/i><\/p><p style=\"text-align: justify;\"><i><span lang=\"ES-TRAD\" style=\"font-size: 10.0pt; color: windowtext;\">\u00a0<\/span><\/i><span style=\"color: windowtext; font-size: 10pt; background-color: rgba(255, 255, 255, 0); letter-spacing: var(--the7-base-letter-spacing); text-transform: var(--the7-base-text-transform); word-spacing: normal;\">UNIDAD 2: <\/span><b style=\"color: windowtext; font-size: 10pt; background-color: rgba(255, 255, 255, 0); letter-spacing: var(--the7-base-letter-spacing); text-transform: var(--the7-base-text-transform); word-spacing: normal;\"><i><u>El espacio de juego<\/u><\/i><\/b><span style=\"color: windowtext; font-size: 10pt; background-color: rgba(255, 255, 255, 0); letter-spacing: var(--the7-base-letter-spacing); text-transform: var(--the7-base-text-transform); word-spacing: normal;\">: <\/span><i style=\"color: windowtext; font-size: 10pt; background-color: rgba(255, 255, 255, 0); letter-spacing: var(--the7-base-letter-spacing); text-transform: var(--the7-base-text-transform); word-spacing: normal;\">Conceptos de espacio y de lugar.\u00a0<\/i><\/p><p style=\"text-align: justify;\"><i><span lang=\"ES-TRAD\" style=\"font-size: 10.0pt; color: windowtext;\">\u00a0<\/span><\/i><span style=\"color: windowtext; font-size: 10pt; background-color: rgba(255, 255, 255, 0); letter-spacing: var(--the7-base-letter-spacing); text-transform: var(--the7-base-text-transform); word-spacing: normal;\">UNIDAD 3: <\/span><b style=\"color: windowtext; font-size: 10pt; background-color: rgba(255, 255, 255, 0); letter-spacing: var(--the7-base-letter-spacing); text-transform: var(--the7-base-text-transform); word-spacing: normal;\"><i><u>Espacios naturales y \u00e1reas p\u00fablicas urbanas: <\/u><\/i><\/b><i style=\"color: windowtext; font-size: 10pt; background-color: rgba(255, 255, 255, 0); letter-spacing: var(--the7-base-letter-spacing); text-transform: var(--the7-base-text-transform); word-spacing: normal;\">Espacios al aire libre: naturales y urbanos. Espacios\u00a0<\/i><i style=\"background-color: rgba(255, 255, 255, 0); color: var(--the7-base-color); letter-spacing: var(--the7-base-letter-spacing); text-transform: var(--the7-base-text-transform); word-spacing: normal;\"><span lang=\"ES-TRAD\" style=\"font-size: 10.0pt; color: windowtext;\">para la diversidad:<\/span><\/i><\/p><p style=\"text-align: justify;\"><i><span lang=\"ES-TRAD\" style=\"font-size: 10.0pt; color: windowtext;\">\u00a0<\/span><\/i><span lang=\"ES-TRAD\" style=\"background-color: rgba(255, 255, 255, 0); letter-spacing: var(--the7-base-letter-spacing); text-transform: var(--the7-base-text-transform); word-spacing: normal; font-size: 10pt; color: windowtext;\">UNIDAD 4:<\/span><i style=\"background-color: rgba(255, 255, 255, 0); color: var(--the7-base-color); letter-spacing: var(--the7-base-letter-spacing); text-transform: var(--the7-base-text-transform); word-spacing: normal;\"><span lang=\"ES-TRAD\" style=\"font-size: 10.0pt; color: windowtext;\">\u00a0<\/span><\/i><b style=\"color: windowtext; font-size: 10pt; background-color: rgba(255, 255, 255, 0); letter-spacing: var(--the7-base-letter-spacing); text-transform: var(--the7-base-text-transform); word-spacing: normal;\"><i><u>La construcci\u00f3n del espacio:<\/u><\/i><\/b><i style=\"color: windowtext; font-size: 10pt; background-color: rgba(255, 255, 255, 0); letter-spacing: var(--the7-base-letter-spacing); text-transform: var(--the7-base-text-transform); word-spacing: normal;\">\u00a0 El proyecto: del diagn\u00f3stico a la implementaci\u00f3n.<\/i><\/p><p style=\"text-align: justify;\"><u style=\"color: var(--the7-base-color); letter-spacing: var(--the7-base-letter-spacing); text-transform: var(--the7-base-text-transform); word-spacing: normal; background-color: rgba(255, 255, 255, 0);\"><span lang=\"ES-TRAD\" style=\"font-size: 10.0pt; color: windowtext;\">T\u00e9cnicas de ense\u00f1anza:<\/span><\/u><\/p><p style=\"text-align: justify;\"><span lang=\"ES-TRAD\" style=\"font-size: 9.0pt; color: windowtext;\">Las clases se desarrollar\u00e1n incorporando t\u00e9cnicas de <u>taller<\/u><u> y seminario<\/u>. Las clases pr\u00e1cticas incluir\u00e1n an\u00e1lisis de casos, juegos grupales, exposici\u00f3n del profesor,. Los alumnos recibir\u00e1n gu\u00edas de estudio para orientar la lectura bibliogr\u00e1fica previa a cada clase.<br \/><\/span><u style=\"color: var(--the7-base-color); letter-spacing: var(--the7-base-letter-spacing); text-transform: var(--the7-base-text-transform); word-spacing: normal; background-color: rgba(255, 255, 255, 0);\"><span lang=\"ES-TRAD\" style=\"font-size: 10.0pt; color: windowtext;\">Trabajos pr\u00e1cticos:<\/span><\/u><span lang=\"ES-TRAD\" style=\"letter-spacing: var(--the7-base-letter-spacing); text-transform: var(--the7-base-text-transform); word-spacing: normal; background-color: rgba(255, 255, 255, 0); font-size: 10pt; color: windowtext;\"> Construcci\u00f3n de maquetas- rincones y espacios de experimentaci\u00f3n.<br \/><\/span><u style=\"color: var(--the7-base-color); letter-spacing: var(--the7-base-letter-spacing); text-transform: var(--the7-base-text-transform); word-spacing: normal; background-color: rgba(255, 255, 255, 0);\"><span lang=\"ES-TRAD\" style=\"font-size: 10.0pt; color: windowtext;\">Evaluaci\u00f3n:<\/span><\/u><span lang=\"ES-TRAD\" style=\"letter-spacing: var(--the7-base-letter-spacing); text-transform: var(--the7-base-text-transform); word-spacing: normal; background-color: rgba(255, 255, 255, 0); font-size: 10pt; color: windowtext;\"> Creaci\u00f3n de un espacio l\u00fadico y elaboraci\u00f3n de todo el proceso<\/span><span lang=\"ES-TRAD\" style=\"letter-spacing: var(--the7-base-letter-spacing); text-transform: var(--the7-base-text-transform); word-spacing: normal; background-color: rgba(255, 255, 255, 0); color: windowtext;\">.<\/span><\/p>\t\t\t\t\t\t\t\t<\/div>\n\t\t\t\t<\/div>\n\t\t\t\t\t<\/div>\n\t\t<\/div>\n\t\t\t\t\t<\/div>\n\t\t<\/section>\n\t\t\t\t<\/div>\n\t\t","protected":false},"excerpt":{"rendered":"<p>CURSO DE FORMACI\u00d3N ANUAL PARA CREAR ESPACIOS DE JUEGO. Este curso brinda la experiencia concreta de crear, dise\u00f1ar, mantener, evaluar y transformar un espacio en un lugar de juego.\u00a0 Objetivos: \u00a0 1- Conocer y comprender los fundamentos te\u00f3ricos que subyacen en el armado de\u00a0 espacios de juego\u00a0 con diversos objetivos\u00a0y para m\u00faltiples \u00e1reas 2- Analizar&hellip;<\/p>\n","protected":false},"author":1,"featured_media":0,"parent":12172,"menu_order":0,"comment_status":"closed","ping_status":"closed","template":"","meta":{"_joinchat":[],"footnotes":""},"class_list":["post-12683","page","type-page","status-publish","hentry"],"_links":{"self":[{"href":"https:\/\/estudioinesmoreno.com.ar\/estudio\/wp-json\/wp\/v2\/pages\/12683","targetHints":{"allow":["GET"]}}],"collection":[{"href":"https:\/\/estudioinesmoreno.com.ar\/estudio\/wp-json\/wp\/v2\/pages"}],"about":[{"href":"https:\/\/estudioinesmoreno.com.ar\/estudio\/wp-json\/wp\/v2\/types\/page"}],"author":[{"embeddable":true,"href":"https:\/\/estudioinesmoreno.com.ar\/estudio\/wp-json\/wp\/v2\/users\/1"}],"replies":[{"embeddable":true,"href":"https:\/\/estudioinesmoreno.com.ar\/estudio\/wp-json\/wp\/v2\/comments?post=12683"}],"version-history":[{"count":7,"href":"https:\/\/estudioinesmoreno.com.ar\/estudio\/wp-json\/wp\/v2\/pages\/12683\/revisions"}],"predecessor-version":[{"id":12993,"href":"https:\/\/estudioinesmoreno.com.ar\/estudio\/wp-json\/wp\/v2\/pages\/12683\/revisions\/12993"}],"up":[{"embeddable":true,"href":"https:\/\/estudioinesmoreno.com.ar\/estudio\/wp-json\/wp\/v2\/pages\/12172"}],"wp:attachment":[{"href":"https:\/\/estudioinesmoreno.com.ar\/estudio\/wp-json\/wp\/v2\/media?parent=12683"}],"curies":[{"name":"wp","href":"https:\/\/api.w.org\/{rel}","templated":true}]}}