{"id":12678,"date":"2023-11-24T12:23:35","date_gmt":"2023-11-24T15:23:35","guid":{"rendered":"https:\/\/estudioinesmoreno.com.ar\/estudio\/?page_id=12678"},"modified":"2023-12-04T21:04:04","modified_gmt":"2023-12-05T00:04:04","slug":"el-juego-y-los-juegos-nivel-1-nivel-2","status":"publish","type":"page","link":"https:\/\/estudioinesmoreno.com.ar\/estudio\/capacitacion-entrenamiento\/capacitacion-y-entrenamiento-juego\/el-juego-y-los-juegos-nivel-1-nivel-2\/","title":{"rendered":"El Juego y Los Juegos &#8211;"},"content":{"rendered":"\t\t<div data-elementor-type=\"wp-page\" data-elementor-id=\"12678\" class=\"elementor elementor-12678\" data-elementor-post-type=\"page\">\n\t\t\t\t\t\t<section class=\"elementor-section elementor-top-section elementor-element elementor-element-85d2048 elementor-section-boxed elementor-section-height-default elementor-section-height-default\" data-id=\"85d2048\" data-element_type=\"section\" data-e-type=\"section\">\n\t\t\t\t\t\t<div class=\"elementor-container elementor-column-gap-default\">\n\t\t\t\t\t<div class=\"elementor-column elementor-col-100 elementor-top-column elementor-element elementor-element-a72ac4d\" data-id=\"a72ac4d\" data-element_type=\"column\" data-e-type=\"column\">\n\t\t\t<div class=\"elementor-widget-wrap elementor-element-populated\">\n\t\t\t\t\t\t<div class=\"elementor-element elementor-element-82d9a68 elementor-widget elementor-widget-text-editor\" data-id=\"82d9a68\" data-element_type=\"widget\" data-e-type=\"widget\" data-widget_type=\"text-editor.default\">\n\t\t\t\t<div class=\"elementor-widget-container\">\n\t\t\t\t\t\t\t\t\t<h1>Curso de formacion Anual en JUEGO.<\/h1>\t\t\t\t\t\t\t\t<\/div>\n\t\t\t\t<\/div>\n\t\t\t\t\t<\/div>\n\t\t<\/div>\n\t\t\t\t\t<\/div>\n\t\t<\/section>\n\t\t\t\t<section class=\"elementor-section elementor-top-section elementor-element elementor-element-d069b94 elementor-section-boxed elementor-section-height-default elementor-section-height-default\" data-id=\"d069b94\" data-element_type=\"section\" data-e-type=\"section\">\n\t\t\t\t\t\t<div class=\"elementor-container elementor-column-gap-default\">\n\t\t\t\t\t<div class=\"elementor-column elementor-col-100 elementor-top-column elementor-element elementor-element-80b85cd\" data-id=\"80b85cd\" data-element_type=\"column\" data-e-type=\"column\">\n\t\t\t<div class=\"elementor-widget-wrap elementor-element-populated\">\n\t\t\t\t\t\t<div class=\"elementor-element elementor-element-0925dc1 elementor-widget elementor-widget-text-editor\" data-id=\"0925dc1\" data-element_type=\"widget\" data-e-type=\"widget\" data-widget_type=\"text-editor.default\">\n\t\t\t\t<div class=\"elementor-widget-container\">\n\t\t\t\t\t\t\t\t\t<p><strong><u>I.- Objetivos Generales de la cursada<br><\/u><\/strong>Se buscar\u00e1 que al finalizar el curso, los participantes logren:<\/p>\n<ul>\n<li>Tomar conciencia de los aspectos personales que comprometen individual y grupalmente la acci\u00f3n de jugar.<\/li>\n<li>Desarrollar y entender al jugador interno como base del futuro Facilitar.<\/li>\n<li>Conocer las variables que intervienen en el proceso global del juego.<\/li>\n<\/ul>\n<p><strong><u>II.- Contenidos:<\/u><\/strong><\/p>\n<p><strong>E<\/strong>L JUGADOR.<br><span style=\"background-color: rgba(255, 255, 255, 0); letter-spacing: var(--the7-base-letter-spacing); text-transform: var(--the7-base-text-transform); word-spacing: normal;\">EL JUGAR Y EL DESARROLLO DEL JUEGO<\/span><strong style=\"background-color: rgba(255, 255, 255, 0); letter-spacing: var(--the7-base-letter-spacing); text-transform: var(--the7-base-text-transform); word-spacing: normal;\">.<br><\/strong><strong style=\"letter-spacing: var(--the7-base-letter-spacing); text-transform: var(--the7-base-text-transform); word-spacing: normal; color: var(--the7-base-color); background-color: rgba(255, 255, 255, 0);\">LOS JUEGOS GRUPALES.<\/strong><\/p>\n<p><strong style=\"color: var(--the7-base-color); letter-spacing: var(--the7-base-letter-spacing); text-transform: var(--the7-base-text-transform); word-spacing: normal; background-color: rgba(255, 255, 255, 0);\">YO Y LOS OTROS EN EL JUEGO.<br><\/strong><strong style=\"color: var(--the7-base-color); letter-spacing: var(--the7-base-letter-spacing); text-transform: var(--the7-base-text-transform); word-spacing: normal; background-color: rgba(255, 255, 255, 0);\">LOS PERMISOS PARA JUGAR.<br><\/strong><strong style=\"color: var(--the7-base-color); letter-spacing: var(--the7-base-letter-spacing); text-transform: var(--the7-base-text-transform); word-spacing: normal; background-color: rgba(255, 255, 255, 0);\">SECUENCIA L\u00daDICA.<br> <\/strong><strong style=\"color: var(--the7-base-color); letter-spacing: var(--the7-base-letter-spacing); text-transform: var(--the7-base-text-transform); word-spacing: normal; background-color: rgba(255, 255, 255, 0);\">L<\/strong><span style=\"color: var(--the7-base-color); letter-spacing: var(--the7-base-letter-spacing); text-transform: var(--the7-base-text-transform); word-spacing: normal; background-color: rgba(255, 255, 255, 0);\"><b>A CREACI\u00d3N DE JUEGOS. EL JUEGO EN DIFERENTES CONTEXTOS.<\/b><\/span><\/p>\n<p><\/p>\n<p class=\"MsoNormal\"><b><u><span style=\"font-size: 14.0pt; line-height: 115%; font-family: 'Arial Narrow',sans-serif; color: red;\">\u00bfC\u00d3MO SE ENSE\u00d1A?<\/span><\/u><\/b><\/p>\n<p class=\"MsoNormal\"><b><u><span style=\"font-size: 14.0pt; line-height: 115%; font-family: 'Arial Narrow',sans-serif; color: black; mso-themecolor: text1;\">De la vivencia a la reflexi\u00f3n te\u00f3rica:<\/span><\/u><\/b><span style=\"font-size: 14.0pt; line-height: 115%; font-family: 'Arial Narrow',sans-serif; color: black; mso-themecolor: text1;\"> Privilegiando el juego como generador de aprendizaje, construyendo el conocimiento desde la vivencia a la elaboraci\u00f3n de un marco te\u00f3rico que sustente cada experiencia. Creando situaciones de an\u00e1lisis a trav\u00e9s del juego, estudios de casos y t\u00e9cnicas no convencionales, para entrenarse en todas las habilidades y actitudes que posibilitan un liderazgo capaz de actuar de acuerdo con las demandas de esta realizad. Nos proponemos en cada situaci\u00f3n la b\u00fasqueda de la coherencia entre el sentir, el pensar y el hacer.<\/span><\/p>\n<p><\/p>\n<p class=\"MsoNormal\"><span style=\"font-size: 14.0pt; line-height: 115%; font-family: 'Arial Narrow',sans-serif; color: black; mso-themecolor: text1;\">Concebimos al Hombre como un ser total: por ello cada una de nuestras alternativas contiene el abordaje integral de cada participante como persona y como profesional. Entendemos que el aprender puede darse en un clima de libertad, cooperaci\u00f3n,<br>compromiso, b\u00fasqueda de s\u00ed mismo y con los otros.<\/span><\/p>\n<p class=\"MsoNormal\"><b><u><span style=\"font-size: 14.0pt; line-height: 115%; font-family: 'Arial Narrow',sans-serif; color: red;\">T\u00c9CNICAS DE TRABAJO<\/span><\/u><\/b><\/p>\n<p class=\"MsoNormal\"><span style=\"font-size: 14.0pt; line-height: 115%; font-family: 'Arial Narrow',sans-serif; color: black; mso-themecolor: text1;\">En cada caso se implementar\u00e1n actividades vivenciales y reflexivas para contenido. Cada alumno tendr\u00e1 una gu\u00eda de estudio para orientar la elaboraci\u00f3n personal y la lectura bibliogr\u00e1fica, en caso de ser necesaria. Se solicitar\u00e1n trabajos pr\u00e1cticos de acuerdo con la tem\u00e1tica y al grupo.<\/span><\/p>\n<p class=\"MsoListParagraphCxSpFirst\" style=\"text-indent: -18.0pt; mso-list: l0 level1 lfo1;\"><!-- [if !supportLists]--><span style=\"font-size: 14.0pt; line-height: 115%; font-family: Symbol; mso-fareast-font-family: Symbol; mso-bidi-font-family: Symbol; color: black; mso-themecolor: text1;\">\u00b7<span style=\"font-variant-numeric: normal; font-variant-east-asian: normal; font-variant-alternates: normal; font-kerning: auto; font-optical-sizing: auto; font-feature-settings: normal; font-variation-settings: normal; font-variant-position: normal; font-stretch: normal; font-size: 7pt; line-height: normal; font-family: 'Times New Roman';\">&nbsp;&nbsp;&nbsp;&nbsp;&nbsp;&nbsp;&nbsp; <\/span><\/span><!--[endif]--><b><span style=\"font-size: 14.0pt; line-height: 115%; font-family: 'Arial Narrow',sans-serif; color: black; mso-themecolor: text1;\">Elaboraci\u00f3n de juegos, a partir de los vistos.<\/span><\/b><\/p>\n<p class=\"MsoListParagraphCxSpMiddle\" style=\"text-indent: -18.0pt; mso-list: l0 level1 lfo1;\"><!-- [if !supportLists]--><span style=\"font-size: 14.0pt; line-height: 115%; font-family: Symbol; mso-fareast-font-family: Symbol; mso-bidi-font-family: Symbol; color: black; mso-themecolor: text1;\">\u00b7<span style=\"font-variant-numeric: normal; font-variant-east-asian: normal; font-variant-alternates: normal; font-kerning: auto; font-optical-sizing: auto; font-feature-settings: normal; font-variation-settings: normal; font-variant-position: normal; font-stretch: normal; font-size: 7pt; line-height: normal; font-family: 'Times New Roman';\">&nbsp;&nbsp;&nbsp;&nbsp;&nbsp;&nbsp;&nbsp; <\/span><\/span><!--[endif]--><b><span style=\"font-size: 14.0pt; line-height: 115%; font-family: 'Arial Narrow',sans-serif; color: black; mso-themecolor: text1;\">Creaci\u00f3n de Secuencias L\u00fadicas a partir de un tema, buscando objetivos espec\u00edficos.<\/span><\/b><\/p>\n<p class=\"MsoListParagraphCxSpMiddle\" style=\"text-indent: -18.0pt; mso-list: l0 level1 lfo1;\"><!-- [if !supportLists]--><span style=\"font-size: 14.0pt; line-height: 115%; font-family: Symbol; mso-fareast-font-family: Symbol; mso-bidi-font-family: Symbol; color: black; mso-themecolor: text1;\">\u00b7<span style=\"font-variant-numeric: normal; font-variant-east-asian: normal; font-variant-alternates: normal; font-kerning: auto; font-optical-sizing: auto; font-feature-settings: normal; font-variation-settings: normal; font-variant-position: normal; font-stretch: normal; font-size: 7pt; line-height: normal; font-family: 'Times New Roman';\">&nbsp;&nbsp;&nbsp;&nbsp;&nbsp;&nbsp;&nbsp; <\/span><\/span><!--[endif]--><b><span style=\"font-size: 14.0pt; line-height: 115%; font-family: 'Arial Narrow',sans-serif; color: black; mso-themecolor: text1;\">Observaci\u00f3n de actividades, grupos, coordinadores.<\/span><\/b><\/p>\n<p class=\"MsoListParagraphCxSpLast\" style=\"text-indent: -18.0pt; mso-list: l0 level1 lfo1;\"><!-- [if !supportLists]--><span style=\"font-size: 14.0pt; line-height: 115%; font-family: Symbol; mso-fareast-font-family: Symbol; mso-bidi-font-family: Symbol; color: black; mso-themecolor: text1;\">\u00b7<span style=\"font-variant-numeric: normal; font-variant-east-asian: normal; font-variant-alternates: normal; font-kerning: auto; font-optical-sizing: auto; font-feature-settings: normal; font-variation-settings: normal; font-variant-position: normal; font-stretch: normal; font-size: 7pt; line-height: normal; font-family: 'Times New Roman';\">&nbsp;&nbsp;&nbsp;&nbsp;&nbsp;&nbsp;&nbsp; <\/span><\/span><!--[endif]--><b><span style=\"font-size: 14.0pt; line-height: 115%; font-family: 'Arial Narrow',sans-serif; color: black; mso-themecolor: text1;\">Microense\u00f1anza.<\/span><\/b><\/p>\n<p class=\"MsoNormal\"><b><u><span style=\"font-size: 14.0pt; line-height: 115%; font-family: 'Arial Narrow',sans-serif; color: black; mso-themecolor: text1;\">EVALUACI\u00d3N <\/span><\/u><\/b><span style=\"font-size: 14.0pt; line-height: 115%; font-family: 'Arial Narrow',sans-serif; color: black; mso-themecolor: text1;\">La evaluaci\u00f3n del curso consta de un trabajo PR\u00c1CTICO que debe ser presentado ante el grupo, y \u201cjugado\u201d por \u00e9l, as\u00ed como tambi\u00e9n defendido en un Coloquio final.<br>&nbsp;Para aprobar el curso, es condici\u00f3n la presentaci\u00f3n del trabajo final y su defensa en el coloquio del mes de DICIEMBRE.<b><\/b><\/span><\/p>\n<p class=\"MsoNormal\"><span style=\"font-size: 14.0pt; line-height: 115%; font-family: 'Arial Narrow',sans-serif; color: black; mso-themecolor: text1;\"> <b><u><span style=\"font-size: 14pt; line-height: 115%;\">MODALIDAD DE CURSADA <br>PRESENCIAL<\/span><\/u><\/b><span style=\"font-size: 14pt; line-height: 115%;\"> Segundo s\u00e1bado de cada mes de 10 a 14hs<\/span><br><\/span><\/p>\t\t\t\t\t\t\t\t<\/div>\n\t\t\t\t<\/div>\n\t\t\t\t\t<\/div>\n\t\t<\/div>\n\t\t\t\t\t<\/div>\n\t\t<\/section>\n\t\t\t\t<\/div>\n\t\t","protected":false},"excerpt":{"rendered":"<p>Curso de formacion Anual en JUEGO. I.- Objetivos Generales de la cursadaSe buscar\u00e1 que al finalizar el curso, los participantes logren: Tomar conciencia de los aspectos personales que comprometen individual y grupalmente la acci\u00f3n de jugar. Desarrollar y entender al jugador interno como base del futuro Facilitar. Conocer las variables que intervienen en el proceso&hellip;<\/p>\n","protected":false},"author":1,"featured_media":0,"parent":12172,"menu_order":0,"comment_status":"closed","ping_status":"closed","template":"","meta":{"_joinchat":[],"footnotes":""},"class_list":["post-12678","page","type-page","status-publish","hentry"],"_links":{"self":[{"href":"https:\/\/estudioinesmoreno.com.ar\/estudio\/wp-json\/wp\/v2\/pages\/12678","targetHints":{"allow":["GET"]}}],"collection":[{"href":"https:\/\/estudioinesmoreno.com.ar\/estudio\/wp-json\/wp\/v2\/pages"}],"about":[{"href":"https:\/\/estudioinesmoreno.com.ar\/estudio\/wp-json\/wp\/v2\/types\/page"}],"author":[{"embeddable":true,"href":"https:\/\/estudioinesmoreno.com.ar\/estudio\/wp-json\/wp\/v2\/users\/1"}],"replies":[{"embeddable":true,"href":"https:\/\/estudioinesmoreno.com.ar\/estudio\/wp-json\/wp\/v2\/comments?post=12678"}],"version-history":[{"count":5,"href":"https:\/\/estudioinesmoreno.com.ar\/estudio\/wp-json\/wp\/v2\/pages\/12678\/revisions"}],"predecessor-version":[{"id":12905,"href":"https:\/\/estudioinesmoreno.com.ar\/estudio\/wp-json\/wp\/v2\/pages\/12678\/revisions\/12905"}],"up":[{"embeddable":true,"href":"https:\/\/estudioinesmoreno.com.ar\/estudio\/wp-json\/wp\/v2\/pages\/12172"}],"wp:attachment":[{"href":"https:\/\/estudioinesmoreno.com.ar\/estudio\/wp-json\/wp\/v2\/media?parent=12678"}],"curies":[{"name":"wp","href":"https:\/\/api.w.org\/{rel}","templated":true}]}}