{"id":11526,"date":"2023-08-23T11:15:17","date_gmt":"2023-08-23T14:15:17","guid":{"rendered":"https:\/\/estudioinesmoreno.com.ar\/estudio\/?page_id=11526"},"modified":"2023-11-28T10:38:40","modified_gmt":"2023-11-28T13:38:40","slug":"que-nos-distingue","status":"publish","type":"page","link":"https:\/\/estudioinesmoreno.com.ar\/estudio\/nosotros\/que-nos-distingue\/","title":{"rendered":"\u00bfQu\u00e9 Nos Distingue?"},"content":{"rendered":"\t\t<div data-elementor-type=\"wp-page\" data-elementor-id=\"11526\" class=\"elementor elementor-11526\" data-elementor-post-type=\"page\">\n\t\t\t\t\t\t<section class=\"elementor-section elementor-top-section elementor-element elementor-element-2495cabd elementor-section-boxed elementor-section-height-default elementor-section-height-default\" data-id=\"2495cabd\" data-element_type=\"section\" data-e-type=\"section\">\n\t\t\t\t\t\t<div class=\"elementor-container elementor-column-gap-default\">\n\t\t\t\t\t<div class=\"elementor-column elementor-col-100 elementor-top-column elementor-element elementor-element-47ce0444\" data-id=\"47ce0444\" data-element_type=\"column\" data-e-type=\"column\">\n\t\t\t<div class=\"elementor-widget-wrap elementor-element-populated\">\n\t\t\t\t\t\t<div class=\"elementor-element elementor-element-541e1b7e elementor-widget elementor-widget-text-editor\" data-id=\"541e1b7e\" data-element_type=\"widget\" data-e-type=\"widget\" data-widget_type=\"text-editor.default\">\n\t\t\t\t<div class=\"elementor-widget-container\">\n\t\t\t\t\t\t\t\t\t<p><\/p>\n<h4 style=\"margin-bottom: var(--the7-h4-spacing); font-style: normal; font-variant-ligatures: normal; font-variant-caps: normal; font-family: Poppins, sans-serif; text-transform: none; letter-spacing: normal; word-spacing: 0px; text-decoration-thickness: initial; text-decoration-style: initial; text-decoration-color: initial;\">Nos distinguen:<\/h4>\n<blockquote>\n<p>Nuestros <b>objetivos<\/b> pues buscamos, cualquiera sea la propuesta, aportar al desarrollo pleno de las personas que participan.<\/p>\n<p>Nuestros <b>contenidos<\/b> pues trabajamos con temas que permiten resolver los problemas del nuevo siglo.<\/p>\n<p>Nuestra <b>permanente b\u00fasqueda<\/b>. Que requiere una actualizaci\u00f3n e indagaci\u00f3n de ideas nuevas.<\/p>\n<p>Nuestra <b>metodolog\u00eda<\/b> pues utilizamos t\u00e9cnicas l\u00fadicas y no convencionales que permiten partir de la vivencia para llegar a la teor\u00eda. Aplicamos en cada tema la construcci\u00f3n del conocimiento y del rol integrando simult\u00e1neamente el: <b>Pensar &#8211; Sentir &#8211; Hacer\u00a0<\/b><\/p>\n<div style=\"font-family: Poppins, sans-serif; font-style: normal; font-variant-ligatures: normal; font-variant-caps: normal; text-transform: none;\">\u00a0<\/div>\n<\/blockquote>\n<h4>Nos distingue:<\/h4>\n<blockquote>\n<p><b>Compromiso, Creatividad, Pasi\u00f3n, en todo aquello que pensamos, sentimos, hacemos.<\/b>\u00a0<\/p>\n<p>Sabemos que los adultos y profesionales pueden aprender de un modo diferente, por ello aplicamos\u00a0 t\u00e9cnicas no convencionales y l\u00fadicas para la construcci\u00f3n del conocimiento, la adquisici\u00f3n de habilidades y el fortalecimiento de actitudes que permitan la coherencia entre lo que se piensa, siente y hace.<\/p>\n<p>Todas las actividades de la instituci\u00f3n tienen una metodolog\u00eda que articula la vivencia con la fundamentaci\u00f3n te\u00f3rica. El abordaje es personalizado y se establecen v\u00ednculos de ense\u00f1aje entre todos los involucrados: participantes y docentes.<\/p>\n<p>Consideramos que el proceso no se realiza \u00fanicamente a trav\u00e9s de los contenidos que se brindan, sino tambi\u00e9n, en el intercambio de experiencias y diferentes puntos de vista\u00a0 de quienes comparten el espacio del grupo y de la instituci\u00f3n.\u00a0<\/p>\n<\/blockquote>\n<p><\/p>\t\t\t\t\t\t\t\t<\/div>\n\t\t\t\t<\/div>\n\t\t\t\t\t<\/div>\n\t\t<\/div>\n\t\t\t\t\t<\/div>\n\t\t<\/section>\n\t\t\t\t<\/div>\n\t\t","protected":false},"excerpt":{"rendered":"<p>Nos distinguen: Nuestros objetivos pues buscamos, cualquiera sea la propuesta, aportar al desarrollo pleno de las personas que participan. Nuestros contenidos pues trabajamos con temas que permiten resolver los problemas del nuevo siglo. Nuestra permanente b\u00fasqueda. Que requiere una actualizaci\u00f3n e indagaci\u00f3n de ideas nuevas. Nuestra metodolog\u00eda pues utilizamos t\u00e9cnicas l\u00fadicas y no convencionales que&hellip;<\/p>\n","protected":false},"author":1,"featured_media":0,"parent":12009,"menu_order":0,"comment_status":"closed","ping_status":"closed","template":"","meta":{"_joinchat":[],"footnotes":""},"class_list":["post-11526","page","type-page","status-publish","hentry"],"_links":{"self":[{"href":"https:\/\/estudioinesmoreno.com.ar\/estudio\/wp-json\/wp\/v2\/pages\/11526","targetHints":{"allow":["GET"]}}],"collection":[{"href":"https:\/\/estudioinesmoreno.com.ar\/estudio\/wp-json\/wp\/v2\/pages"}],"about":[{"href":"https:\/\/estudioinesmoreno.com.ar\/estudio\/wp-json\/wp\/v2\/types\/page"}],"author":[{"embeddable":true,"href":"https:\/\/estudioinesmoreno.com.ar\/estudio\/wp-json\/wp\/v2\/users\/1"}],"replies":[{"embeddable":true,"href":"https:\/\/estudioinesmoreno.com.ar\/estudio\/wp-json\/wp\/v2\/comments?post=11526"}],"version-history":[{"count":16,"href":"https:\/\/estudioinesmoreno.com.ar\/estudio\/wp-json\/wp\/v2\/pages\/11526\/revisions"}],"predecessor-version":[{"id":12766,"href":"https:\/\/estudioinesmoreno.com.ar\/estudio\/wp-json\/wp\/v2\/pages\/11526\/revisions\/12766"}],"up":[{"embeddable":true,"href":"https:\/\/estudioinesmoreno.com.ar\/estudio\/wp-json\/wp\/v2\/pages\/12009"}],"wp:attachment":[{"href":"https:\/\/estudioinesmoreno.com.ar\/estudio\/wp-json\/wp\/v2\/media?parent=11526"}],"curies":[{"name":"wp","href":"https:\/\/api.w.org\/{rel}","templated":true}]}}

¿Qué Nos Distingue?

<div data-elementor-type="wp-page" data-elementor-id="11526" class="elementor elementor-11526" data-elementor-post-type="page">
						<section class="elementor-section elementor-top-section elementor-element elementor-element-2495cabd elementor-section-boxed elementor-section-height-default elementor-section-height-default" data-id="2495cabd" data-element_type="section" data-e-type="section">
						<div class="elementor-container elementor-column-gap-default">
					<div class="elementor-column elementor-col-100 elementor-top-column elementor-element elementor-element-47ce0444" data-id="47ce0444" data-element_type="column" data-e-type="column">
			<div class="elementor-widget-wrap elementor-element-populated">
						<div class="elementor-element elementor-element-541e1b7e elementor-widget elementor-widget-text-editor" data-id="541e1b7e" data-element_type="widget" data-e-type="widget" data-widget_type="text-editor.default">
				<div class="elementor-widget-container">
									<p></p>
<h4 style="margin-bottom: var(--the7-h4-spacing); font-style: normal; font-variant-ligatures: normal; font-variant-caps: normal; font-family: Poppins, sans-serif; text-transform: none; letter-spacing: normal; word-spacing: 0px; text-decoration-thickness: initial; text-decoration-style: initial; text-decoration-color: initial;">Nos distinguen:</h4>
<blockquote>
<p>Nuestros <b>objetivos</b> pues buscamos, cualquiera sea la propuesta, aportar al desarrollo pleno de las personas que participan.</p>
<p>Nuestros <b>contenidos</b> pues trabajamos con temas que permiten resolver los problemas del nuevo siglo.</p>
<p>Nuestra <b>permanente búsqueda</b>. Que requiere una actualización e indagación de ideas nuevas.</p>
<p>Nuestra <b>metodología</b> pues utilizamos técnicas lúdicas y no convencionales que permiten partir de la vivencia para llegar a la teoría. Aplicamos en cada tema la construcción del conocimiento y del rol integrando simultáneamente el: <b>Pensar &#8211; Sentir &#8211; Hacer </b></p>
<div style="font-family: Poppins, sans-serif; font-style: normal; font-variant-ligatures: normal; font-variant-caps: normal; text-transform: none;"> </div>
</blockquote>
<h4>Nos distingue:</h4>
<blockquote>
<p><b>Compromiso, Creatividad, Pasión, en todo aquello que pensamos, sentimos, hacemos.</b> </p>
<p>Sabemos que los adultos y profesionales pueden aprender de un modo diferente, por ello aplicamos  técnicas no convencionales y lúdicas para la construcción del conocimiento, la adquisición de habilidades y el fortalecimiento de actitudes que permitan la coherencia entre lo que se piensa, siente y hace.</p>
<p>Todas las actividades de la institución tienen una metodología que articula la vivencia con la fundamentación teórica. El abordaje es personalizado y se establecen vínculos de enseñaje entre todos los involucrados: participantes y docentes.</p>
<p>Consideramos que el proceso no se realiza únicamente a través de los contenidos que se brindan, sino también, en el intercambio de experiencias y diferentes puntos de vista  de quienes comparten el espacio del grupo y de la institución. </p>
</blockquote>
<p></p>								</div>
				</div>
					</div>
		</div>
					</div>
		</section>
				</div>

<p>Nos distinguen: Nuestros objetivos pues buscamos, cualquiera sea la propuesta, aportar al desarrollo pleno de las personas que participan. Nuestros contenidos pues trabajamos con temas que permiten resolver los problemas del nuevo siglo. Nuestra permanente búsqueda. Que requiere una actualización e indagación de ideas nuevas. Nuestra metodología pues utilizamos técnicas lúdicas y no convencionales que&hellip;</p>
