{"id":11463,"date":"2023-08-22T22:48:12","date_gmt":"2023-08-23T01:48:12","guid":{"rendered":"https:\/\/estudioinesmoreno.com.ar\/estudio\/?page_id=11463"},"modified":"2023-08-22T22:54:18","modified_gmt":"2023-08-23T01:54:18","slug":"las-llaves-del-juego","status":"publish","type":"page","link":"https:\/\/estudioinesmoreno.com.ar\/estudio\/libros\/las-llaves-del-juego\/","title":{"rendered":"LAS LLAVES del JUEGO"},"content":{"rendered":"\t\t<div data-elementor-type=\"wp-page\" data-elementor-id=\"11463\" class=\"elementor elementor-11463\" data-elementor-post-type=\"page\">\n\t\t\t\t\t\t<section class=\"elementor-section elementor-top-section elementor-element elementor-element-6536faae elementor-section-content-middle elementor-section-stretched elementor-section-boxed elementor-section-height-default elementor-section-height-default\" data-id=\"6536faae\" data-element_type=\"section\" data-e-type=\"section\" data-settings=\"{&quot;stretch_section&quot;:&quot;section-stretched&quot;}\">\n\t\t\t\t\t\t<div class=\"elementor-container elementor-column-gap-wider\">\n\t\t\t\t\t<div class=\"elementor-column elementor-col-100 elementor-top-column elementor-element elementor-element-169358f0\" data-id=\"169358f0\" data-element_type=\"column\" data-e-type=\"column\">\n\t\t\t<div class=\"elementor-widget-wrap elementor-element-populated\">\n\t\t\t\t\t\t<div class=\"elementor-element elementor-element-40108442 elementor-widget elementor-widget-text-editor\" data-id=\"40108442\" data-element_type=\"widget\" data-e-type=\"widget\" data-widget_type=\"text-editor.default\">\n\t\t\t\t<div class=\"elementor-widget-container\">\n\t\t\t\t\t\t\t\t\t<h3><img fetchpriority=\"high\" decoding=\"async\" class=\"alignleft wp-image-11458 size-large\" src=\"https:\/\/estudioinesmoreno.com.ar\/estudio\/wp-content\/uploads\/2023\/08\/las-llaves-del-juego-633x1024.jpg\" alt=\"\" width=\"633\" height=\"1024\" srcset=\"https:\/\/estudioinesmoreno.com.ar\/estudio\/wp-content\/uploads\/2023\/08\/las-llaves-del-juego-633x1024.jpg 633w, https:\/\/estudioinesmoreno.com.ar\/estudio\/wp-content\/uploads\/2023\/08\/las-llaves-del-juego-185x300.jpg 185w, https:\/\/estudioinesmoreno.com.ar\/estudio\/wp-content\/uploads\/2023\/08\/las-llaves-del-juego-768x1242.jpg 768w, https:\/\/estudioinesmoreno.com.ar\/estudio\/wp-content\/uploads\/2023\/08\/las-llaves-del-juego.jpg 900w\" sizes=\"(max-width: 633px) 100vw, 633px\" \/>LAS LLAVES del JUEGO<\/h3><p>Prof. In\u00e9s Moreno<br \/>Tamara Moreno<br \/>Editorial Bonum<br \/>(2021)<\/p><p style=\"font-weight: 400;\">Cu\u00e1nto nos queda por transitar en los caminos del JUEGO?<\/p><p style=\"font-weight: 400;\">Cu\u00e1nto m\u00e1s podemos conocer, comprender y aplicar?<\/p><p style=\"font-weight: 400;\">Las LLAVES del JUEGO, es una invitaci\u00f3n abrir nuevas puertas y dar cabida a la ampliaci\u00f3n y profundizaci\u00f3n de campos y \u00e1mbitos con y para el JUEGO.<\/p><p style=\"font-weight: 400;\">La\u00a0 gamificaci\u00f3n, tan ponderada en \u00e1mbitos empresariales como educativos, as\u00ed como los juegos de escape, de inclusi\u00f3n y\u00a0 aquellos que pueden transformar conductas de violencia-agresi\u00f3n y favorecen la con-vivencia, son abordados con igual rigurosidad\u00a0 para contribuir al desarrollo personal, grupal y organizacional.<\/p><p style=\"font-weight: 400;\">Las LLAVES del JUEGO\u00a0 incluye una mirada innovadora en los tradicionales \u00e1mbitos. Se hacen presentes las ludotecas y los juguetes, los espacios de juego, hospitales, escuelas.\u00a0 Experiencias concretas dan cuenta de intervenciones y acciones permiti\u00e9ndonos entrar en la b\u00fasqueda confiando en nuevos y poderosos\u00a0 resultados en empresas, salud, educaci\u00f3n, tiempo libre y recreaci\u00f3n.<\/p><p style=\"font-weight: 400;\">Merece un especial se\u00f1alamiento, el primer cap\u00edtulo destinado a la elaboraci\u00f3n de proyectos, dado que el contenido que incluye fundamentaci\u00f3n y metodolog\u00eda, trasciende los alcances del juego y puede ser transferido a toda idea que se desee transformar en acci\u00f3n y producto.<\/p><p style=\"font-weight: 400;\">Las llaves del Juego es un punto en el camino de b\u00fasqueda; brinda testimonios, fundamentaci\u00f3n, respuestas y fundamentalmente interpela al lector\u00a0 para\u00a0 centrarse en la esencia del juego: la ACCI\u00d3N<\/p><p style=\"font-weight: 400;\">Cada p\u00e1gina convoca a aceptar la llave para recorrer el propio camino y descubrir la potencia del JUEGO.<\/p>\t\t\t\t\t\t\t\t<\/div>\n\t\t\t\t<\/div>\n\t\t\t\t\t<\/div>\n\t\t<\/div>\n\t\t\t\t\t<\/div>\n\t\t<\/section>\n\t\t\t\t<\/div>\n\t\t","protected":false},"excerpt":{"rendered":"<p>LAS LLAVES del JUEGO Prof. In\u00e9s MorenoTamara MorenoEditorial Bonum(2021) Cu\u00e1nto nos queda por transitar en los caminos del JUEGO? Cu\u00e1nto m\u00e1s podemos conocer, comprender y aplicar? Las LLAVES del JUEGO, es una invitaci\u00f3n abrir nuevas puertas y dar cabida a la ampliaci\u00f3n y profundizaci\u00f3n de campos y \u00e1mbitos con y para el JUEGO. La\u00a0 gamificaci\u00f3n,&hellip;<\/p>\n","protected":false},"author":1,"featured_media":11458,"parent":2724,"menu_order":0,"comment_status":"closed","ping_status":"closed","template":"","meta":{"_joinchat":[],"footnotes":""},"class_list":["post-11463","page","type-page","status-publish","has-post-thumbnail","hentry"],"_links":{"self":[{"href":"https:\/\/estudioinesmoreno.com.ar\/estudio\/wp-json\/wp\/v2\/pages\/11463","targetHints":{"allow":["GET"]}}],"collection":[{"href":"https:\/\/estudioinesmoreno.com.ar\/estudio\/wp-json\/wp\/v2\/pages"}],"about":[{"href":"https:\/\/estudioinesmoreno.com.ar\/estudio\/wp-json\/wp\/v2\/types\/page"}],"author":[{"embeddable":true,"href":"https:\/\/estudioinesmoreno.com.ar\/estudio\/wp-json\/wp\/v2\/users\/1"}],"replies":[{"embeddable":true,"href":"https:\/\/estudioinesmoreno.com.ar\/estudio\/wp-json\/wp\/v2\/comments?post=11463"}],"version-history":[{"count":4,"href":"https:\/\/estudioinesmoreno.com.ar\/estudio\/wp-json\/wp\/v2\/pages\/11463\/revisions"}],"predecessor-version":[{"id":11467,"href":"https:\/\/estudioinesmoreno.com.ar\/estudio\/wp-json\/wp\/v2\/pages\/11463\/revisions\/11467"}],"up":[{"embeddable":true,"href":"https:\/\/estudioinesmoreno.com.ar\/estudio\/wp-json\/wp\/v2\/pages\/2724"}],"wp:featuredmedia":[{"embeddable":true,"href":"https:\/\/estudioinesmoreno.com.ar\/estudio\/wp-json\/wp\/v2\/media\/11458"}],"wp:attachment":[{"href":"https:\/\/estudioinesmoreno.com.ar\/estudio\/wp-json\/wp\/v2\/media?parent=11463"}],"curies":[{"name":"wp","href":"https:\/\/api.w.org\/{rel}","templated":true}]}}